NOAA-Style Climate Reports

Select a Year or Month report
2018: Jan Feb Mar Apr May Jun Jul Aug Sep Oct Nov Dec
2017: Jan Feb Mar Apr May Jun Jul Aug Sep Oct Nov Dec
2016: Jan Feb Mar Apr May Jun Jul Aug Sep Oct Nov Dec
2015: Jan Feb Mar Apr May Jun Jul Aug Sep Oct Nov Dec
2014: Jan Feb Mar Apr May Jun Jul Aug Sep Oct Nov Dec
2013: Jan Feb Mar Apr May Jun Jul Aug Sep Oct Nov Dec

Report for 2018 February
                   Monthly Climatological Summary for Feb 2018

Name: bhmsweather   City: Broomfield   State: Colorado
Elevation: 5420 ft  Lat: N 39° 59' 02"   Lon: W 105° 59' 04"

                  Temperature (°F), Rain (in), Wind Speed (mph)

                                      Heat  Cool        Avg
    Mean                              Deg   Deg         Wind                 Dom
Day Temp  High   Time   Low    Time   Days  Days  Rain  Speed High   Time    Dir
----------------------------------------------------------------------------------
 1  27.5  31.4   15:05  24.1   22:53  37.5   0.0  0.00   0.8   8.0   10:46   ENE
 2  34.3  53.5   12:55  24.4   00:00  30.7   0.0  0.00   0.8  10.0   13:56   NNE
 3  47.6  59.0   12:26  34.7   22:18  17.4   0.0  0.00   2.3  25.0   01:36   WNW
 4  26.5  49.3   01:56  14.5   09:40  38.5   0.0  0.00   1.8  19.0   01:51   NNE
 5  37.9  54.2   11:41  23.1   00:15  27.1   0.0  0.00   2.7  25.0   10:26   NNW
 6  32.5  49.6   13:11  21.1   05:21  32.4   0.0  0.00   0.8   9.0   14:07   NNE
 7  38.6  52.2   15:13  23.9   06:40  26.4   0.0  0.00   1.2  12.0   15:28    NW
 8  52.2  60.5   13:28  43.3   03:54  12.8   0.0  0.00   3.5  22.0   14:40     W
 9  28.7  53.9   00:04  13.9   23:59  36.4   0.0  0.01   1.7  15.0   15:57    NE
10  14.3  18.8   13:46  10.1   23:59  50.7   0.0  0.08   0.7   7.0   00:43     N
11  23.0  43.0   13:21   7.2   02:46  42.0   0.0  0.00   0.6   8.0   13:38   NNE
12  18.8  24.3   00:29  15.7   09:28  46.2   0.0  0.00   1.5  12.0   04:37   NNE
13  37.3  58.6   13:30  16.9   00:00  27.7   0.0  0.00   0.6  11.0   16:39     S
14  47.2  65.1   13:30  30.1   06:57  16.8   0.0  0.00   1.8  24.0   12:48   WSW
15  37.2  51.1   14:17  22.1   23:22  27.9   0.0  0.00   1.9  17.0   19:09     N
16  31.3  42.1   20:43  17.3   07:06  33.7   0.0  0.00   1.8  22.0   22:59   WNW
17  43.7  56.6   16:00  32.7   23:01  19.6   0.0  0.00   3.6  23.0   00:01     W
18  46.9  67.7   13:33  23.0   23:58  18.3   0.3  0.00   2.4  28.0   19:29   NNW
19  12.9  23.0   00:00   3.5   23:59  52.1   0.0  0.26   1.5  11.0   01:08    NE
20   7.0  17.1   13:39   0.2   06:03  58.0   0.0  0.00   0.7   9.0   11:55   NNE
21  11.3  24.1   11:33  -0.6   06:17  51.5   0.0  0.00   0.6  10.0   16:01     N
----------------------------------------------------------------------------------
    31.3  67.7    18    -0.6    21   703.7   0.3  0.35   1.5  28.0    18     NNW

Max >=  80.0:  0
Max <=  32.0:  6
Min <=  32.0: 18
Min <=   0.0:  1
Max Rain: 0.26 on day 19
Days of Rain: 3 (>= 0.01 in)  1 (>= 0.10 in)  0 (>= 1.00 in)
Heat Base: 65.0  Cool Base: 65.0  Method: Integration