NOAA-Style Climate Reports

Select a Year or Month report
2018: Jan Feb Mar Apr May Jun Jul Aug Sep Oct Nov Dec
2017: Jan Feb Mar Apr May Jun Jul Aug Sep Oct Nov Dec
2016: Jan Feb Mar Apr May Jun Jul Aug Sep Oct Nov Dec
2015: Jan Feb Mar Apr May Jun Jul Aug Sep Oct Nov Dec
2014: Jan Feb Mar Apr May Jun Jul Aug Sep Oct Nov Dec
2013: Jan Feb Mar Apr May Jun Jul Aug Sep Oct Nov Dec

Report for 2013
                   Annual Climatological Summary for 2013

Name: bhmsweather   City: Broomfield   State: Colorado
Elevation: 5420 ft  Lat: N 39° 59' 02"   Lon: W 105° 59' 04"

                  Temperature (°F), Heat Base: 65.0  Cool Base: 65.0
                          Dep.  Heat  Cool                       Max  Max  Min  Min
        Mean  Mean        From  Deg   Deg                        >=   <=   <=   <=
 YR MO  Max   Min   Mean  Norm  Days  Days  Hi  Date  Low  Date 80.0 32.0 32.0   0.0
------------------------------------------------------------------------------------
 13  1
 13  2  41.6  15.6  28.6   0.0   218     0  55.4  23   6.7   25    0    0    6    0
 13  3  54.8  26.7  40.6   0.0   758     1  76.4  15   3.5   24    0    2   22    0
 13  4  57.2  29.9  43.6   0.0   644     2  79.8  29   8.6   10    0    2   17    0
 13  5  73.5  44.2  58.6   0.0   237    39  90.5  25  19.1    2   12    0    3    0
 13  6  86.7  54.2  70.7   0.0    24   196  99.5  10  41.4    2   24    0    0    0
 13  7  88.1  59.6  72.7   0.0     2   242  99.0  11  52.8   27   28    0    0    0
 13  8  87.3  59.6  71.7   0.0     4   212  96.9  20  53.2   10   27    0    0    0
 13  9  76.7  54.2  64.6   0.0   102    89  94.7   6  35.0   28   11    0    0    0
 13 10  58.2  37.1  47.4   0.0   546     0  75.9   2  29.3   16    0    0    5    0
 13 11  55.7  29.7  41.7   0.0   699     0  69.6  13  15.8   21    0    1   21    0
 13 12  44.6  20.0  32.2   0.0  1015     0  66.0  18  -5.1    5    0    7   27    4
------------------------------------------------------------------------------------
        65.8  39.2  52.0   0.0  4254   782  99.5 Jun  -5.1  Dec  102   12  101    4

                                Precipitation (in)

              Dep.   Max        Days of Rain
              From   Obs.           >=
 YR MO Total  Norm   Day Date 0.01 0.10 1.00
---------------------------------------------
 13  1
 13  2  3.00   0.0  2.30  25     2    2    1
 13  3 11.40   0.0  4.10  10     9    9    3
 13  4  4.80   0.0  2.60   2    14    7    1
 13  5  2.19   0.0  0.51  29     9    6    0
 13  6  0.68   0.0  0.51  28     4    1    0
 13  7  1.42   0.0  0.54  25    12    5    0
 13  8  1.19   0.0  0.62   3    10    3    0
 13  9  6.73   0.0  1.54  15    13    9    3
 13 10  1.64   0.0  0.65   4    13    5    0
 13 11  0.15   0.0  0.05  23     5    0    0
 13 12  0.20   0.0  0.05  29     8    0    0
---------------------------------------------
       33.40   0.0  4.10  Mar   99   47    8

                                Wind Speed (mph)
                          Dom
 YR MO   Avg.  Hi   Date  Dir
------------------------------
 13  1
 13  2   1.0  19.0   26     N
 13  3   1.2  23.0   17    NW
 13  4   1.3  26.0   14   NNW
 13  5   0.9  25.0   30   NNW
 13  6   0.6  17.0   11   WNW
 13  7   0.6  26.0   18   WNW
 13  8   0.2  21.0   15   NNE
 13  9   0.4  26.0   23    NW
 13 10   0.7  35.0   11   WNW
 13 11   1.5  54.0    5   WNW
 13 12   2.3  52.0    3     W
------------------------------
         1.0  54.0  Nov    NW