NOAA-Style Climate Reports

Select a Year or Month report
2018: Jan Feb Mar Apr May Jun Jul Aug Sep Oct Nov Dec
2017: Jan Feb Mar Apr May Jun Jul Aug Sep Oct Nov Dec
2016: Jan Feb Mar Apr May Jun Jul Aug Sep Oct Nov Dec
2015: Jan Feb Mar Apr May Jun Jul Aug Sep Oct Nov Dec
2014: Jan Feb Mar Apr May Jun Jul Aug Sep Oct Nov Dec
2013: Jan Feb Mar Apr May Jun Jul Aug Sep Oct Nov Dec

Report for 2013 March
                   Monthly Climatological Summary for Mar 2013

Name: bhmsweather   City: Broomfield   State: Colorado
Elevation: 5420 ft  Lat: N 39° 59' 02"   Lon: W 105° 59' 04"

                  Temperature (°F), Rain (in), Wind Speed (mph)

                                      Heat  Cool        Avg
    Mean                              Deg   Deg         Wind                 Dom
Day Temp  High   Time   Low    Time   Days  Days  Rain  Speed High   Time    Dir
----------------------------------------------------------------------------------
 1  39.4  51.0   18:21  26.5   05:46  25.6   0.0  0.00   0.4  11.0   10:16    SE
 2  50.1  61.6   14:27  28.3   06:37  14.9   0.0  0.00   1.2  10.0   15:00     W
 3  53.1  63.9   14:53  41.7   02:23  11.9   0.0  0.00   2.3  17.0   10:52   WNW
 4  32.2  49.6   03:21  17.9   22:55  32.8   0.0  0.40   0.8  12.0   03:12    NE
 5  25.7  40.0   16:07  10.2   06:24  39.3   0.0  0.60   0.4   6.0   10:15     N
 6  37.4  61.3   15:45  19.3   06:35  27.6   0.0  0.00   0.4   8.0   15:02   ENE
 7  46.4  67.8   14:22  28.8   06:27  18.6   0.0  0.00   1.0  10.0   13:59   NNE
 8  38.2  47.9   15:54  30.1   03:57  26.8   0.0  0.00   0.5   6.0   10:14   NNW
 9  32.3  35.2   04:14  24.3   23:49  32.7   0.0  0.30   1.6  14.0   14:34   NNE
10  29.1  44.6   15:26  11.8   07:10  35.9   0.0  4.10   0.5  12.0   23:17   WSW
11  42.3  53.2   15:46  32.1   23:46  22.7   0.0  0.00   2.7  18.0   13:46   WNW
12  31.6  39.3   17:16  26.2   08:01  33.4   0.0  1.90   0.2   5.0   14:16   SSE
13  44.1  64.2   16:01  27.7   07:31  20.9   0.0  0.00   0.8  12.0   16:31   WNW
14  54.3  74.6   15:01  37.0   03:01  10.7   0.0  0.00   0.3   7.0   13:46     E
15  66.0  76.4   13:31  52.9   00:00   0.0   1.0  0.00   2.8  17.0   04:01     W
16  47.9  60.4   00:00  39.0   23:46  17.1   0.0  0.00   1.2  12.0   00:31    NW
17  44.5  60.9   12:46  30.1   05:46  20.5   0.0  0.00   2.5  23.0   16:31     W
18  41.6  50.1   14:31  33.3   07:16  23.4   0.0  0.00   3.7  19.0   11:16   WNW
19  44.2  55.7   16:16  28.0   23:46  20.8   0.0  0.00   2.5  20.0   05:01    NW
20  36.7  54.4   14:31  20.0   05:16  28.3   0.0  0.00   0.3   7.0   14:46   NNE
21  45.1  62.0   12:46  35.0   04:16  19.9   0.0  0.10   1.4  18.0   11:31    NW
22  35.4  50.7   13:01  27.1   05:46  29.6   0.0  0.00   1.7  17.0   00:31   NNE
23  21.6  28.7   00:00  11.3   23:46  43.4   0.0  0.00   1.6  11.0   09:01   NNE
24  18.8  29.8   12:46   3.5   05:46  46.2   0.0  3.00   0.3   7.0   11:16     N
25  24.9  36.1   18:31  10.5   05:01  40.1   0.0  0.90   0.4   9.0   13:16   SSW
26  32.4  48.7   13:31  15.7   04:46  32.6   0.0  0.10   0.4   9.0   14:01     N
27  41.2  54.7   15:01  28.0   04:16  23.8   0.0  0.00   0.5   8.0   14:16    NE
28  47.0  68.0   15:16  30.7   05:01  18.0   0.0  0.00   0.4   9.0   16:46   ENE
29  52.0  68.5   13:01  34.8   04:01  13.0   0.0  0.00   1.3  15.0   17:16   WNW
30  50.7  67.0   14:46  35.6   06:16  14.3   0.0  0.00   1.4  13.0   13:01    NW
31  51.6  72.1   14:31  31.2   07:01  13.4   0.0  0.00   0.8   8.0   09:46   ENE
----------------------------------------------------------------------------------
    40.6  76.4    15     3.5    24   758.2   1.0 11.40   1.2  23.0    17      NW

Max >=  80.0:  0
Max <=  32.0:  2
Min <=  32.0: 22
Min <=   0.0:  0
Max Rain: 4.10 on day 10
Days of Rain: 9 (>= 0.01 in)  9 (>= 0.10 in)  3 (>= 1.00 in)
Heat Base: 65.0  Cool Base: 65.0  Method: Integration