NOAA-Style Climate Reports

Select a Year or Month report
2018: Jan Feb Mar Apr May Jun Jul Aug Sep Oct Nov Dec
2017: Jan Feb Mar Apr May Jun Jul Aug Sep Oct Nov Dec
2016: Jan Feb Mar Apr May Jun Jul Aug Sep Oct Nov Dec
2015: Jan Feb Mar Apr May Jun Jul Aug Sep Oct Nov Dec
2014: Jan Feb Mar Apr May Jun Jul Aug Sep Oct Nov Dec
2013: Jan Feb Mar Apr May Jun Jul Aug Sep Oct Nov Dec

Report for 2013 April
                   Monthly Climatological Summary for Apr 2013

Name: bhmsweather   City: Broomfield   State: Colorado
Elevation: 5420 ft  Lat: N 39° 59' 02"   Lon: W 105° 59' 04"

                  Temperature (°F), Rain (in), Wind Speed (mph)

                                      Heat  Cool        Avg
    Mean                              Deg   Deg         Wind                 Dom
Day Temp  High   Time   Low    Time   Days  Days  Rain  Speed High   Time    Dir
----------------------------------------------------------------------------------
 1  41.8  53.5   15:16  30.5   06:46  23.2   0.0  0.20   1.4  13.0   17:46     N
 2  38.2  41.4   11:31  36.3   16:16  26.8   0.0  2.60   0.8   7.0   09:31   NNW
 3  47.4  62.5   15:16  36.9   00:00  17.6   0.0  0.40   0.3   7.0   13:01   ENE
 4  54.2  71.7   15:01  33.9   06:46  10.8   0.0  0.00   0.5   7.0   02:46   ESE
 5  59.8  74.2   14:46  47.0   07:16   5.2   0.0  0.00   1.2  18.0   20:31     W
 6  54.6  66.9   15:31  41.1   02:16  10.4   0.0  0.00   1.1  16.0   13:31   WNW
 7  54.6  65.2   13:11  39.2   05:46  10.4   0.0  0.00   2.3  22.0   19:58   WNW
 8  45.8  66.2   13:14  28.0   23:58  19.2   0.0  0.00   2.1  25.0   17:14     N
 9  20.2  27.9   00:00  11.0   23:53  44.8   0.0  0.00   2.1  15.0   05:36    NE
10  20.2  32.0   14:54   8.6   02:17  44.8   0.0  0.00   0.5   9.0   05:20   ESE
11  38.7  58.7   14:25  20.2   03:31  26.3   0.0  0.03   0.9  11.0   14:12   NNE
12  43.6  61.9   13:34  29.0   07:00  21.4   0.0  0.00   0.9  13.0   14:25    NE
13  49.7  70.2   13:56  30.5   02:22  15.3   0.0  0.03   1.2  16.0   13:20   WNW
14  42.7  48.7   16:04  36.9   22:47  22.3   0.0  0.18   4.0  26.0   09:12   WNW
15  29.9  39.4   01:41  24.0   21:45  35.1   0.0  0.00   0.7   8.0   03:20     N
16  28.8  33.0   18:14  24.0   00:00  36.2   0.0  0.04   1.5  11.0   18:39   NNW
17  28.6  36.4   12:39  21.1   23:56  36.4   0.0  0.09   2.0  15.0   20:19     N
18  27.4  41.8   18:09  10.5   06:09  37.6   0.0  0.59   0.6   8.0   20:32   WSW
19  43.1  53.2   17:12  26.4   05:21  21.9   0.0  0.02   1.9  13.0   15:38     W
20  47.7  62.2   15:40  33.5   06:59  17.3   0.0  0.00   0.5   8.0   16:21   NNE
21  49.3  66.4   14:46  31.5   06:40  15.7   0.0  0.00   0.8  10.0   15:07     N
22  35.2  52.6   09:33  24.8   23:45  29.8   0.0  0.08   0.9  13.0   09:54   NNE
23  28.5  36.5   13:57  22.3   06:09  36.5   0.0  0.36   0.2   5.0   00:03    NW
24  40.2  56.9   17:50  22.2   05:59  24.8   0.0  0.06   0.4   9.0   16:31    NW
25  48.7  68.0   17:06  28.5   06:32  16.3   0.0  0.00   0.5  10.0   18:58     E
26  54.7  69.9   14:54  37.4   04:19  10.3   0.0  0.00   1.0  11.0   09:53     N
27  60.1  76.8   15:26  36.8   04:13   4.9   0.0  0.00   0.7  20.0   15:11    NW
28  63.1  76.8   16:35  39.7   06:15   1.9   0.0  0.00   2.6  24.0   13:46   WNW
29  67.0  79.8   14:29  50.6   06:26   0.0   2.0  0.00   2.7  24.0   18:32   WSW
30  43.8  64.6   18:46  35.1   23:56  21.2   0.0  0.12   3.9  25.0   21:22     N
----------------------------------------------------------------------------------
    43.6  79.8    29     8.6    10   644.4   2.0  4.80   1.3  26.0    14     NNW

Max >=  80.0:  0
Max <=  32.0:  2
Min <=  32.0: 17
Min <=   0.0:  0
Max Rain: 2.60 on day 2
Days of Rain: 14 (>= 0.01 in)  7 (>= 0.10 in)  1 (>= 1.00 in)
Heat Base: 65.0  Cool Base: 65.0  Method: Integration