NOAA-Style Climate Reports

Select a Year or Month report
2018: Jan Feb Mar Apr May Jun Jul Aug Sep Oct Nov Dec
2017: Jan Feb Mar Apr May Jun Jul Aug Sep Oct Nov Dec
2016: Jan Feb Mar Apr May Jun Jul Aug Sep Oct Nov Dec
2015: Jan Feb Mar Apr May Jun Jul Aug Sep Oct Nov Dec
2014: Jan Feb Mar Apr May Jun Jul Aug Sep Oct Nov Dec
2013: Jan Feb Mar Apr May Jun Jul Aug Sep Oct Nov Dec

Report for 2013 May
                   Monthly Climatological Summary for May 2013

Name: bhmsweather   City: Broomfield   State: Colorado
Elevation: 5420 ft  Lat: N 39° 59' 02"   Lon: W 105° 59' 04"

                  Temperature (°F), Rain (in), Wind Speed (mph)

                                      Heat  Cool        Avg
    Mean                              Deg   Deg         Wind                 Dom
Day Temp  High   Time   Low    Time   Days  Days  Rain  Speed High   Time    Dir
----------------------------------------------------------------------------------
 1  30.5  35.7   00:52  25.3   22:41  34.5   0.0  0.18   1.7  17.0   03:18     N
 2  34.3  46.0   15:31  19.1   06:39  30.7   0.0  0.42   0.3   7.0   14:17     N
 3  44.4  57.8   17:01  25.5   05:58  20.6   0.0  0.00   1.3  14.0   13:26    NE
 4  48.5  63.2   14:15  37.3   05:50  16.5   0.0  0.00   2.1  13.0   11:27     N
 5  47.1  56.6   17:37  35.6   05:40  17.9   0.0  0.00   0.7  10.0   19:07   NNW
 6  52.8  67.9   14:38  37.4   05:17  12.2   0.0  0.00   0.7  10.0   10:30     N
 7  55.9  73.7   14:49  43.3   03:16   9.1   0.0  0.06   0.7  16.0   17:55   NNE
 8  49.7  63.2   14:14  41.1   04:13  15.3   0.0  0.29   1.2  12.0   21:28   WNW
 9  50.6  61.7   13:29  44.2   23:57  14.4   0.0  0.25   0.8  14.0   14:33    NW
10  53.8  67.9   17:54  36.9   05:05  11.2   0.0  0.00   0.6  13.0   13:32     N
11  57.0  70.5   15:06  43.4   06:16   8.0   0.0  0.00   1.1  17.0   16:46   WSW
12  65.6  80.5   14:16  46.6   06:27   0.0   0.6  0.00   0.6  10.0   10:13   NNE
13  73.1  87.7   14:28  54.0   02:08   0.0   8.1  0.00   0.6   9.0   11:50    NW
14  71.2  88.6   11:55  52.5   06:08   0.0   6.2  0.00   1.4  20.0   14:57   WSW
15  65.5  85.6   14:22  51.7   05:54   0.0   0.5  0.39   0.8  16.0   16:33   NNE
16  66.4  84.0   14:25  51.7   05:54   0.0   1.4  0.00   0.5  10.0   15:30   NNE
17  71.0  90.2   14:53  49.8   05:25   0.0   6.0  0.00   0.9  12.0   15:35   WSW
18  65.1  81.0   15:50  51.6   03:29   0.0   0.1  0.00   1.0  19.0   21:00   NNW
19  60.2  72.4   14:46  49.4   02:48   4.8   0.0  0.00   1.1  15.0   13:31   WNW
20  55.9  69.5   13:54  48.5   03:01   9.1   0.0  0.06   0.7  11.0   09:18   ESE
21  58.0  74.1   15:55  41.5   05:45   7.0   0.0  0.00   0.7   8.0   11:21    NE
22  59.8  79.8   16:09  42.7   02:53   5.2   0.0  0.03   0.7  12.0   19:20    NE
23  59.9  76.1   14:57  48.5   04:41   5.1   0.0  0.00   0.6  11.0   15:03    NE
24  67.1  86.8   16:31  46.6   06:13   0.0   2.1  0.00   0.5  14.0   13:24    NE
25  72.1  90.5   15:33  52.4   05:52   0.0   7.1  0.00   0.5   9.0   12:19    NE
26  70.0  88.5   13:34  53.6   04:45   0.0   5.0  0.00   0.5  11.0   13:02   NNE
27  67.6  85.0   14:57  49.4   05:53   0.0   2.6  0.00   0.5  13.0   11:22    NW
28  65.1  83.5   14:56  47.9   05:52   0.0   0.1  0.00   0.7  12.0   18:07    SW
29  56.7  67.1   17:07  47.5   09:05   8.3   0.0  0.51   0.8  15.0   17:57    NW
30  59.9  69.7   15:16  46.9   02:06   5.1   0.0  0.00   2.7  25.0   15:25   WNW
31  62.1  72.9   13:34  49.0   23:27   2.9   0.0  0.00   2.4  17.0   15:56   WNW
----------------------------------------------------------------------------------
    58.6  90.5    25    19.1     2   237.9  39.8  2.19   0.9  25.0    30     NNW

Max >=  80.0: 12
Max <=  32.0:  0
Min <=  32.0:  3
Min <=   0.0:  0
Max Rain: 0.51 on day 29
Days of Rain: 9 (>= 0.01 in)  6 (>= 0.10 in)  0 (>= 1.00 in)
Heat Base: 65.0  Cool Base: 65.0  Method: Integration