NOAA-Style Climate Reports

Select a Year or Month report
2018: Jan Feb Mar Apr May Jun Jul Aug Sep Oct Nov Dec
2017: Jan Feb Mar Apr May Jun Jul Aug Sep Oct Nov Dec
2016: Jan Feb Mar Apr May Jun Jul Aug Sep Oct Nov Dec
2015: Jan Feb Mar Apr May Jun Jul Aug Sep Oct Nov Dec
2014: Jan Feb Mar Apr May Jun Jul Aug Sep Oct Nov Dec
2013: Jan Feb Mar Apr May Jun Jul Aug Sep Oct Nov Dec

Report for 2013 June
                   Monthly Climatological Summary for Jun 2013

Name: bhmsweather   City: Broomfield   State: Colorado
Elevation: 5420 ft  Lat: N 39° 59' 02"   Lon: W 105° 59' 04"

                  Temperature (°F), Rain (in), Wind Speed (mph)

                                      Heat  Cool        Avg
    Mean                              Deg   Deg         Wind                 Dom
Day Temp  High   Time   Low    Time   Days  Days  Rain  Speed High   Time    Dir
----------------------------------------------------------------------------------
 1  59.1  72.3   15:33  43.0   04:21   5.9   0.0  0.00   0.4  10.0   11:24    NE
 2  64.5  85.6   17:41  41.4   05:39   0.5   0.0  0.00   0.4   9.0   17:47   SSE
 3  72.5  90.3   14:49  50.1   05:32   0.0   7.5  0.00   1.4  15.0   16:30   WNW
 4  61.5  75.6   14:33  51.4   23:46   3.5   0.0  0.07   0.5  14.0   20:40     N
 5  53.1  60.3   18:26  47.9   07:10  11.9   0.0  0.02   0.2   6.0   10:42   ESE
 6  62.0  79.9   15:06  41.6   05:47   3.0   0.0  0.00   0.3  11.0   14:35   NNE
 7  66.9  82.4   16:13  52.0   04:10   0.0   1.9  0.00   0.5  14.0   15:34   SSW
 8  66.9  78.3   14:48  54.4   23:58   0.0   1.9  0.00   0.6  13.0   06:52   NNE
 9  70.4  91.2   15:49  48.1   04:49   0.0   5.4  0.00   0.4   9.0   11:03   ESE
10  80.4  99.5   14:47  59.6   06:09   0.0  15.4  0.00   0.5  12.0   15:54     S
11  80.7  99.1   15:10  57.9   06:16   0.0  15.7  0.00   1.4  17.0   17:27   WNW
12  76.3  94.5   15:53  53.9   05:48   0.0  11.3  0.00   0.7  13.0   22:59   SSE
13  68.5  83.5   17:11  56.7   05:03   0.0   3.5  0.00   0.5  10.0   00:07   NNW
14  77.0  92.0   13:48  63.3   03:51   0.0  12.0  0.00   1.1  14.0   15:43   SSE
15  68.3  80.7   13:22  52.9   05:45   0.0   3.3  0.00   0.3   7.0   12:05    NE
16  69.2  84.7   11:14  56.7   03:16   0.0   4.2  0.00   0.6  13.0   14:47     W
17  67.5  81.6   16:57  50.8   05:56   0.0   2.5  0.00   0.4  10.0   16:57    NE
18  68.3  84.0   16:44  55.6   06:00   0.0   3.3  0.00   0.6  14.0   19:19    SW
19  73.1  97.5   14:34  50.8   06:06   0.0   8.1  0.00   0.4  10.0   14:53     E
20  73.5  90.7   15:17  55.1   03:31   0.0   8.5  0.00   0.5  11.0   13:51    SE
21  75.7  93.7   13:27  56.9   06:10   0.0  10.7  0.00   0.5  15.0   15:46    NW
22  69.8  86.7   17:59  54.0   06:10   0.0   4.8  0.00   0.4   9.0   18:58   NNW
23  67.8  85.9   16:22  51.7   06:03   0.0   2.8  0.08   0.8  13.0   20:54    SE
24  74.4  90.0   15:10  58.7   06:27   0.0   9.4  0.00   0.8  14.0   09:30     S
25  77.4  91.9   16:01  61.0   06:42   0.0  12.4  0.00   1.6  17.0   10:58   WNW
26  78.1  97.8   15:52  56.3   04:23   0.0  13.1  0.00   0.3   7.0   11:43   ESE
27  81.7  98.3   14:03  60.4   06:00   0.0  16.7  0.00   0.4   9.0   11:56   NNE
28  76.2  93.0   15:20  60.2   22:00   0.0  11.2  0.51   0.8  17.0   21:37    NW
29  71.9  83.3   18:50  61.3   02:52   0.0   6.9  0.00   0.5  10.0   14:13     W
30  68.7  77.9   18:33  61.1   23:56   0.0   3.7  0.00   0.5   9.0   12:35   WNW
----------------------------------------------------------------------------------
    70.7  99.5    10    41.4     2    24.8 196.2  0.68   0.6  17.0    11     WNW

Max >=  80.0: 24
Max <=  32.0:  0
Min <=  32.0:  0
Min <=   0.0:  0
Max Rain: 0.51 on day 28
Days of Rain: 4 (>= 0.01 in)  1 (>= 0.10 in)  0 (>= 1.00 in)
Heat Base: 65.0  Cool Base: 65.0  Method: Integration