NOAA-Style Climate Reports

Select a Year or Month report
2018: Jan Feb Mar Apr May Jun Jul Aug Sep Oct Nov Dec
2017: Jan Feb Mar Apr May Jun Jul Aug Sep Oct Nov Dec
2016: Jan Feb Mar Apr May Jun Jul Aug Sep Oct Nov Dec
2015: Jan Feb Mar Apr May Jun Jul Aug Sep Oct Nov Dec
2014: Jan Feb Mar Apr May Jun Jul Aug Sep Oct Nov Dec
2013: Jan Feb Mar Apr May Jun Jul Aug Sep Oct Nov Dec

Report for 2013 July
                   Monthly Climatological Summary for Jul 2013

Name: bhmsweather   City: Broomfield   State: Colorado
Elevation: 5420 ft  Lat: N 39° 59' 02"   Lon: W 105° 59' 04"

                  Temperature (°F), Rain (in), Wind Speed (mph)

                                      Heat  Cool        Avg
    Mean                              Deg   Deg         Wind                 Dom
Day Temp  High   Time   Low    Time   Days  Days  Rain  Speed High   Time    Dir
----------------------------------------------------------------------------------
 1  68.3  81.1   13:57  58.0   05:49   0.0   3.3  0.07   0.9  13.0   08:57   NNW
 2  68.4  84.4   15:29  52.9   05:52   0.0   3.4  0.01   0.4   9.0   16:56     N
 3  72.2  89.9   15:18  53.3   05:32   0.0   7.2  0.00   0.4   9.0   19:50     N
 4  75.6  92.1   13:33  57.2   06:09   0.0  10.6  0.00   0.5  13.0   18:40   WNW
 5  74.3  89.1   13:45  64.7   03:17   0.0   9.3  0.00   0.5  12.0   14:22   NNW
 6  76.9  92.1   12:58  62.3   01:19   0.0  11.9  0.00   1.1  17.0   04:27   WSW
 7  75.8  90.2   15:27  62.8   05:59   0.0  10.8  0.00   0.6  11.0   15:53   SSE
 8  78.1  94.0   14:47  63.2   05:59   0.0  13.1  0.00   0.7  17.0   15:09    NW
 9  79.3  96.7   14:18  63.8   04:13   0.0  14.3  0.00   0.4  14.0   15:44   SSE
10  76.2  92.6   16:07  60.1   06:11   0.0  11.2  0.00   0.5  12.0   13:11   SSW
11  79.4  99.0   14:11  60.6   06:16   0.0  14.4  0.02   1.0  20.0   21:40   SSE
12  76.2  94.6   14:09  66.9   23:13   0.0  11.2  0.11   0.7  15.0   15:24   WNW
13  73.1  93.1   14:43  64.5   23:47   0.0   8.1  0.05   0.7  12.0   15:45    SW
14  70.3  81.5   16:17  59.3   04:08   0.0   5.3  0.01   0.7  11.0   13:18   WNW
15  70.4  80.4   11:55  64.3   05:56   0.0   5.4  0.37   0.5  11.0   15:27   SSE
16  70.8  86.6   15:31  53.8   05:15   0.0   5.8  0.00   0.7  12.0   19:54    SE
17  74.4  90.1   15:27  58.6   03:35   0.0   9.4  0.00   0.4   7.0   18:39     E
18  75.5  94.6   14:47  61.1   06:08   0.0  10.5  0.00   1.1  26.0   15:49    NW
19  74.0  84.8   14:46  64.9   04:51   0.0   9.0  0.00   0.5  10.0   13:07   NNE
20  72.8  93.9   15:12  58.9   05:14   0.0   7.8  0.00   0.6  15.0   16:17     N
21  73.5  88.5   18:35  58.1   05:49   0.0   8.5  0.00   0.5  10.0   09:33   NNW
22  78.4  95.2   15:00  59.3   05:34   0.0  13.4  0.00   0.4   8.0   14:17    NE
23  75.5  91.1   16:00  58.8   05:09   0.0  10.5  0.00   0.4  11.0   15:59   NNE
24  73.2  83.7   13:31  61.5   23:56   0.0   8.2  0.00   0.8  13.0   22:38     W
25  65.7  81.4   12:40  59.3   03:51   0.0   0.7  0.54   0.4  14.0   14:29   WNW
26  69.3  83.7   13:15  55.8   06:26   0.0   4.3  0.00   0.3  11.0   20:18   NNW
27  65.4  79.2   14:29  52.8   06:05   0.0   0.4  0.10   0.4   9.0   14:51   NNW
28  63.2  71.1   17:17  59.8   06:21   1.8   0.0  0.10   0.2   7.0   17:24   SSE
29  64.1  74.0   18:04  58.4   02:44   0.9   0.0  0.01   0.3  11.0   15:58   WNW
30  71.0  89.4   15:17  56.5   05:00   0.0   6.0  0.03   0.3   8.0   00:38   NNW
31  73.9  92.4   15:24  55.8   06:03   0.0   8.9  0.00   0.3   9.0   14:55   ESE
----------------------------------------------------------------------------------
    72.7  99.0    11    52.8    27     2.7 242.9  1.42   0.6  26.0    18     WNW

Max >=  80.0: 28
Max <=  32.0:  0
Min <=  32.0:  0
Min <=   0.0:  0
Max Rain: 0.54 on day 25
Days of Rain: 12 (>= 0.01 in)  5 (>= 0.10 in)  0 (>= 1.00 in)
Heat Base: 65.0  Cool Base: 65.0  Method: Integration