NOAA-Style Climate Reports

Select a Year or Month report
2018: Jan Feb Mar Apr May Jun Jul Aug Sep Oct Nov Dec
2017: Jan Feb Mar Apr May Jun Jul Aug Sep Oct Nov Dec
2016: Jan Feb Mar Apr May Jun Jul Aug Sep Oct Nov Dec
2015: Jan Feb Mar Apr May Jun Jul Aug Sep Oct Nov Dec
2014: Jan Feb Mar Apr May Jun Jul Aug Sep Oct Nov Dec
2013: Jan Feb Mar Apr May Jun Jul Aug Sep Oct Nov Dec

Report for 2013 August
                   Monthly Climatological Summary for Aug 2013

Name: bhmsweather   City: Broomfield   State: Colorado
Elevation: 5420 ft  Lat: N 39° 59' 02"   Lon: W 105° 59' 04"

                  Temperature (°F), Rain (in), Wind Speed (mph)

                                      Heat  Cool        Avg
    Mean                              Deg   Deg         Wind                 Dom
Day Temp  High   Time   Low    Time   Days  Days  Rain  Speed High   Time    Dir
----------------------------------------------------------------------------------
 1  74.2  94.2   12:53  59.5   05:02   0.0   9.2  0.00   0.5  13.0   14:34     S
 2  77.1  95.2   15:25  60.2   05:53   0.0  12.1  0.00   0.6   9.0   19:53    SE
 3  72.3  91.6   13:41  61.7   21:10   0.0   7.3  0.62   0.7  14.0   16:42   NNE
 4  60.4  65.6   09:09  56.0   04:49   4.6   0.0  0.00   0.1   6.0   05:30     W
 5  70.9  83.1   15:58  66.1   21:50   0.0   5.9  0.01   0.6  14.0   16:38     N
 6  71.6  89.2   14:09  59.1   06:22   0.0   6.6  0.03   0.2  11.0   18:49     E
 7  66.0  73.6   18:15  61.3   07:15   0.0   1.0  0.00   0.2   7.0   03:10   SSE
 8  66.1  78.5   15:51  59.6   05:26   0.0   1.1  0.00   0.2   9.0   03:15   NNE
 9  65.7  79.3   13:42  54.2   06:09   0.0   0.7  0.00   0.3   9.0   15:46     S
10  67.9  88.2   14:39  53.2   06:47   0.0   2.9  0.07   0.2  13.0   18:05    SE
11  70.1  82.9   13:17  59.7   07:04   0.0   5.1  0.01   0.2   9.0   16:43   NNE
12  67.7  80.9   16:54  57.2   06:40   0.0   2.7  0.11   0.3  11.0   14:53   NNE
13  66.1  80.5   14:29  55.3   06:51   0.0   1.1  0.01   0.2  10.0   15:01     N
14  67.7  84.1   15:22  55.1   06:33   0.0   2.7  0.00   0.1   9.0   16:35   NNE
15  68.4  86.1   16:06  53.8   06:57   0.0   3.4  0.00   0.2  21.0   19:04   NNE
16  72.2  91.4   14:59  55.2   06:49   0.0   7.2  0.00   0.0   5.0   14:37    NE
17  75.7  95.0   15:42  59.2   06:46   0.0  10.7  0.00   0.1   6.0   15:37   NNE
18  74.7  92.5   12:25  60.3   07:26   0.0   9.7  0.00   0.2   9.0   14:20   NNE
19  77.3  94.5   15:10  58.3   06:49   0.0  12.3  0.00   0.1   4.0   21:33     E
20  78.7  96.9   14:13  61.2   06:54   0.0  13.7  0.00   0.1   9.0   18:52   ENE
21  74.4  91.7   15:42  63.8   23:58   0.0   9.4  0.26   0.2   6.0   16:05   ESE
22  69.2  81.8   15:52  61.2   06:35   0.0   4.2  0.00   0.1   7.0   16:05     N
23  70.9  86.3   14:23  61.6   07:22   0.0   5.9  0.06   0.3   9.0   16:36   SSE
24  70.7  85.4   13:10  57.8   07:01   0.0   5.7  0.00   0.2  10.0   20:46    NW
25  73.5  89.0   15:53  60.8   07:05   0.0   8.5  0.00   0.1  12.0   18:00   NNW
26  74.0  91.6   14:27  60.9   06:51   0.0   9.0  0.01   0.2  10.0   17:34     N
27  76.1  90.8   14:39  61.6   06:55   0.0  11.1  0.00   0.1   4.0   14:08   ESE
28  75.9  91.9   14:08  61.3   06:55   0.0  10.9  0.00   0.1   9.0   21:33     N
29  77.0  93.1   14:13  61.6   07:10   0.0  12.0  0.00   0.1   9.0   17:44     N
30  75.4  90.5   13:34  67.4   05:22   0.0  10.4  0.00   0.1   6.0   15:45     S
31  74.6  89.5   13:07  64.6   07:04   0.0   9.6  0.00   0.3  12.0   16:14     N
----------------------------------------------------------------------------------
    71.7  96.9    20    53.2    10     4.6 212.1  1.19   0.2  21.0    15      NE

Max >=  80.0: 27
Max <=  32.0:  0
Min <=  32.0:  0
Min <=   0.0:  0
Max Rain: 0.62 on day 3
Days of Rain: 10 (>= 0.01 in)  3 (>= 0.10 in)  0 (>= 1.00 in)
Heat Base: 65.0  Cool Base: 65.0  Method: Integration