NOAA-Style Climate Reports

Select a Year or Month report
2018: Jan Feb Mar Apr May Jun Jul Aug Sep Oct Nov Dec
2017: Jan Feb Mar Apr May Jun Jul Aug Sep Oct Nov Dec
2016: Jan Feb Mar Apr May Jun Jul Aug Sep Oct Nov Dec
2015: Jan Feb Mar Apr May Jun Jul Aug Sep Oct Nov Dec
2014: Jan Feb Mar Apr May Jun Jul Aug Sep Oct Nov Dec
2013: Jan Feb Mar Apr May Jun Jul Aug Sep Oct Nov Dec

Report for 2013 September
                   Monthly Climatological Summary for Sep 2013

Name: bhmsweather   City: Broomfield   State: Colorado
Elevation: 5420 ft  Lat: N 39° 59' 02"   Lon: W 105° 59' 04"

                  Temperature (°F), Rain (in), Wind Speed (mph)

                                      Heat  Cool        Avg
    Mean                              Deg   Deg         Wind                 Dom
Day Temp  High   Time   Low    Time   Days  Days  Rain  Speed High   Time    Dir
----------------------------------------------------------------------------------
 1  70.2  77.2   17:32  63.1   07:00   0.0   5.2  0.01   0.1   4.0   13:25    NE
 2  73.1  87.9   16:10  58.9   06:49   0.0   8.1  0.00   0.0   3.0   13:44    SE
 3  78.7  93.7   14:21  66.1   07:39   0.0  13.7  0.01   0.2  12.0   22:05    SE
 4  76.1  91.5   13:56  64.6   05:53   0.0  11.1  0.00   0.1   7.0   16:14     N
 5  76.1  93.2   15:31  64.8   06:58   0.0  11.1  0.00   0.1   6.0   14:31     N
 6  77.3  94.7   14:47  62.0   07:16   0.0  12.3  0.00   0.2  11.0   16:20     N
 7  76.2  92.7   14:39  59.4   06:57   0.0  11.2  0.00   0.1   5.0   18:29    NE
 8  73.3  89.5   15:04  58.5   06:57   0.0   8.3  0.00   0.2   8.0   14:54   NNE
 9  67.8  83.0   13:50  59.0   23:56   0.0   2.8  0.57   0.3  12.0   17:33   ENE
10  61.2  65.2   16:27  59.0   00:00   3.8   0.0  0.35   0.1   5.0   15:39   NNE
11  62.8  70.0   13:37  60.6   07:41   2.2   0.0  1.41   0.1   5.0   01:17   NNE
12  61.7  65.3   12:20  59.4   03:40   3.3   0.0  1.26   0.1   6.0   03:30   NNE
13  64.3  75.4   15:46  59.0   06:49   0.7   0.0  0.22   0.0   4.0   15:43   NNE
14  65.2  74.2   13:15  56.8   07:16   0.0   0.2  0.30   0.1   8.0   16:07     N
15  58.3  60.2   09:54  55.6   22:54   6.7   0.0  1.54   0.4  11.0   12:28   NNE
16  61.4  71.6   17:12  55.2   06:12   3.6   0.0  0.02   0.1   5.0   15:09   NNW
17  66.1  82.3   14:15  51.3   06:52   0.0   1.1  0.00   0.1   8.0   13:32     S
18  67.8  83.1   14:14  56.0   05:20   0.0   2.8  0.00   1.2  23.0   16:02     W
19  59.3  66.5   14:18  52.2   23:58   5.7   0.0  0.00   0.4   9.0   09:00   NNE
20  57.6  70.0   14:05  48.3   07:26   7.4   0.0  0.00   0.3   7.0   05:57     N
21  63.2  80.9   14:01  47.5   06:53   1.8   0.0  0.00   0.1   7.0   23:54   NNW
22  63.9  76.5   13:04  53.1   07:09   1.1   0.0  0.03   0.5  16.0   18:22    NW
23  58.3  66.7   14:32  51.1   08:09   6.7   0.0  0.85   3.1  26.0   08:40    NW
24  58.2  73.3   16:26  42.9   07:10   6.8   0.0  0.00   0.2   7.0   01:14   WNW
25  60.1  77.0   14:22  44.1   07:16   4.9   0.0  0.00   0.4  11.0   15:19   NNW
26  56.7  65.7   17:26  46.8   07:42   8.3   0.0  0.00   0.3   9.0   00:48     N
27  48.8  53.4   04:41  40.6   23:55  16.2   0.0  0.16   0.6  10.0   06:28   NNE
28  50.1  66.9   14:05  35.0   07:01  14.9   0.0  0.00   0.9  19.0   13:32    NW
29  56.9  74.4   14:15  39.6   07:03   8.1   0.0  0.00   0.4  15.0   22:59   WNW
30  66.1  79.2   14:15  54.9   07:34   0.0   1.1  0.00   0.5  14.0   21:31    NW
----------------------------------------------------------------------------------
    64.6  94.7     6    35.0    28   102.2  89.0  6.73   0.4  26.0    23      NW

Max >=  80.0: 11
Max <=  32.0:  0
Min <=  32.0:  0
Min <=   0.0:  0
Max Rain: 1.54 on day 15
Days of Rain: 13 (>= 0.01 in)  9 (>= 0.10 in)  3 (>= 1.00 in)
Heat Base: 65.0  Cool Base: 65.0  Method: Integration