NOAA-Style Climate Reports

Select a Year or Month report
2018: Jan Feb Mar Apr May Jun Jul Aug Sep Oct Nov Dec
2017: Jan Feb Mar Apr May Jun Jul Aug Sep Oct Nov Dec
2016: Jan Feb Mar Apr May Jun Jul Aug Sep Oct Nov Dec
2015: Jan Feb Mar Apr May Jun Jul Aug Sep Oct Nov Dec
2014: Jan Feb Mar Apr May Jun Jul Aug Sep Oct Nov Dec
2013: Jan Feb Mar Apr May Jun Jul Aug Sep Oct Nov Dec

Report for 2013 October
                   Monthly Climatological Summary for Oct 2013

Name: bhmsweather   City: Broomfield   State: Colorado
Elevation: 5420 ft  Lat: N 39° 59' 02"   Lon: W 105° 59' 04"

                  Temperature (°F), Rain (in), Wind Speed (mph)

                                      Heat  Cool        Avg
    Mean                              Deg   Deg         Wind                 Dom
Day Temp  High   Time   Low    Time   Days  Days  Rain  Speed High   Time    Dir
----------------------------------------------------------------------------------
 1  61.2  71.1   15:08  48.3   07:20   3.8   0.0  0.00   0.5  12.0   01:06    NW
 2  59.6  75.9   14:29  45.2   06:50   5.4   0.0  0.00   0.2   7.0   15:42   ENE
 3  52.1  61.2   14:48  42.5   07:10  12.9   0.0  0.06   0.5  11.0   16:29     N
 4  39.7  50.1   00:00  33.7   23:55  25.3   0.0  0.65   1.3  18.0   05:04   NNE
 5  45.1  59.5   14:08  30.6   03:33  19.9   0.0  0.01   1.5  20.0   12:28   WNW
 6  52.7  66.2   14:15  37.5   07:44  12.3   0.0  0.00   0.2  12.0   00:06     W
 7  55.2  74.6   14:17  37.7   07:24   9.8   0.0  0.00   0.0   4.0   14:10    NW
 8  59.8  74.8   14:05  47.2   03:40   5.2   0.0  0.00   0.3   9.0   08:17   NNE
 9  54.1  62.8   14:07  45.4   07:12  10.9   0.0  0.00   0.5  10.0   10:23     N
10  50.8  58.3   15:28  44.9   07:08  14.2   0.0  0.06   0.6  23.0   18:10    NW
11  54.3  62.4   12:33  45.6   23:59  10.7   0.0  0.00   2.7  35.0   03:57     W
12  47.6  55.7   14:03  41.1   03:46  17.4   0.0  0.00   0.5  11.0   15:26   NNW
13  48.1  58.8   14:10  36.9   07:47  16.9   0.0  0.00   0.3   8.0   12:39   NNW
14  46.0  52.8   13:01  40.0   23:56  19.0   0.0  0.14   0.7  20.0   08:02   NNE
15  39.2  43.6   16:40  36.6   21:23  25.8   0.0  0.00   0.1   6.0   06:48     S
16  39.9  52.9   13:44  29.3   07:29  25.1   0.0  0.00   0.1   6.0   13:34   NNE
17  41.4  49.0   15:12  35.8   07:49  23.6   0.0  0.00   0.2   7.0   07:16    NE
18  37.7  43.8   15:49  32.8   06:19  27.3   0.0  0.20   0.3  10.0   02:39   NNE
19  47.4  63.8   13:56  30.9   01:27  17.6   0.0  0.06   1.4  20.0   15:17     W
20  42.7  49.3   13:02  35.0   23:59  22.3   0.0  0.20   0.3  11.0   15:02    NE
21  43.4  57.0   13:30  31.2   07:51  21.6   0.0  0.01   0.4  14.0   23:34   WNW
22  51.1  63.2   13:57  36.0   07:52  13.9   0.0  0.00   0.5  12.0   00:04   WNW
23  48.9  63.5   14:00  35.7   07:34  16.1   0.0  0.00   0.3   9.0   23:56   ENE
24  43.4  53.0   15:51  35.3   07:51  21.6   0.0  0.00   0.4   9.0   01:26   NNW
25  49.5  66.3   13:38  33.6   07:05  15.5   0.0  0.00   0.2   6.0   19:03     N
26  48.8  60.7   14:02  37.1   08:00  16.2   0.0  0.00   0.1   6.0   11:38    SE
27  51.5  69.5   13:45  34.4   07:30  13.5   0.0  0.00   0.9  16.0   14:07    NW
28  39.0  48.6   01:48  33.7   21:07  26.0   0.0  0.03   0.5  10.0   05:15     N
29  36.2  39.5   15:39  33.7   05:28  28.8   0.0  0.03   0.1   5.0   12:28   NNE
30  37.6  43.5   13:42  33.0   23:18  27.4   0.0  0.18   0.5  11.0   13:58    NW
31  44.5  54.2   13:45  30.2   03:11  20.5   0.0  0.01   5.0  27.0   19:36     W
----------------------------------------------------------------------------------
    47.4  75.9     2    29.3    16   546.5   0.0  1.64   0.7  35.0    11      NW

Max >=  80.0:  0
Max <=  32.0:  0
Min <=  32.0:  5
Min <=   0.0:  0
Max Rain: 0.65 on day 4
Days of Rain: 13 (>= 0.01 in)  5 (>= 0.10 in)  0 (>= 1.00 in)
Heat Base: 65.0  Cool Base: 65.0  Method: Integration