NOAA-Style Climate Reports

Select a Year or Month report
2018: Jan Feb Mar Apr May Jun Jul Aug Sep Oct Nov Dec
2017: Jan Feb Mar Apr May Jun Jul Aug Sep Oct Nov Dec
2016: Jan Feb Mar Apr May Jun Jul Aug Sep Oct Nov Dec
2015: Jan Feb Mar Apr May Jun Jul Aug Sep Oct Nov Dec
2014: Jan Feb Mar Apr May Jun Jul Aug Sep Oct Nov Dec
2013: Jan Feb Mar Apr May Jun Jul Aug Sep Oct Nov Dec

Report for 2013 November
                   Monthly Climatological Summary for Nov 2013

Name: bhmsweather   City: Broomfield   State: Colorado
Elevation: 5420 ft  Lat: N 39° 59' 02"   Lon: W 105° 59' 04"

                  Temperature (°F), Rain (in), Wind Speed (mph)

                                      Heat  Cool        Avg
    Mean                              Deg   Deg         Wind                 Dom
Day Temp  High   Time   Low    Time   Days  Days  Rain  Speed High   Time    Dir
----------------------------------------------------------------------------------
 1  42.7  50.5   16:48  33.4   23:55  22.3   0.0  0.00   0.5  12.0   02:27    NW
 2  42.5  62.3   14:05  27.9   07:58  22.5   0.0  0.00   0.2   9.0   14:38   NNW
 3  51.3  66.5   12:59  37.2   01:41  13.7   0.0  0.00   2.1  18.0   07:17    NW
 4  36.5  44.1   12:54  29.3   23:18  28.5   0.0  0.00   0.9  12.0   18:12   ESE
 5  35.0  45.4   12:50  29.5   22:04  30.0   0.0  0.00   3.0  54.0   05:58   NNW
 6  42.9  53.5   13:06  29.5   07:25  22.1   0.0  0.00   3.0  25.0   12:36     W
 7  42.9  56.1   15:12  29.6   07:00  22.1   0.0  0.00   0.5   9.0   00:41   NNW
 8  53.9  65.7   15:17  36.2   03:10  11.1   0.0  0.00   3.7  27.0   11:38     W
 9  47.1  64.8   12:52  37.0   07:16  17.9   0.0  0.00   0.9  11.0   13:44   NNW
10  46.8  66.4   13:23  31.0   07:09  18.2   0.0  0.00   0.2   8.0   16:53   NNW
11  42.0  67.0   11:39  32.9   18:10  23.0   0.0  0.00   0.8  16.0   12:48    NE
12  40.9  59.3   14:53  30.1   07:24  24.1   0.0  0.00   0.3   7.0   01:35   ESE
13  48.5  69.6   13:22  28.3   07:16  16.5   0.0  0.00   0.7  14.0   14:18     W
14  49.4  57.5   14:30  39.7   23:57  15.6   0.0  0.00   1.0  14.0   02:28    SW
15  49.0  65.8   12:44  33.3   05:01  16.0   0.0  0.00   2.2  20.0   06:24     W
16  48.9  61.6   12:43  41.8   20:58  16.1   0.0  0.00   5.6  30.0   07:47     W
17  44.5  56.3   14:04  33.4   23:58  20.5   0.0  0.00   4.6  30.0   09:58     W
18  44.4  64.7   14:44  27.7   07:17  20.6   0.0  0.00   0.8  12.0   12:19    SW
19  47.8  61.8   15:02  30.1   04:33  17.2   0.0  0.00   4.4  28.0   18:47     W
20  50.0  60.6   13:30  30.9   23:55  15.0   0.0  0.00   2.0  19.0   00:03   WNW
21  20.1  30.9   00:00  15.8   18:19  44.9   0.0  0.00   1.4  10.0   00:05    NE
22  27.9  36.9   12:47  18.6   00:00  37.1   0.0  0.04   0.6  12.0   22:47   NNW
23  29.0  34.8   14:04  24.9   22:46  36.0   0.0  0.05   0.3   7.0   01:38    NW
24  30.1  37.3   23:58  22.6   04:58  34.9   0.0  0.01   0.3  10.0   23:32    NW
25  36.1  43.4   14:24  27.7   23:56  28.9   0.0  0.04   0.9  10.0   07:46     N
26  35.9  52.2   12:16  24.8   07:27  29.1   0.0  0.01   0.4   8.0   08:44    NE
27  41.1  63.6   12:38  23.4   05:23  23.9   0.0  0.00   0.5   9.0   12:45     W
28  35.6  47.1   13:22  27.1   06:57  29.4   0.0  0.00   0.6   9.0   12:12   NNW
29  43.9  63.6   13:14  27.5   01:20  21.1   0.0  0.00   1.5  15.0   09:35     W
30  44.0  60.6   12:44  30.3   07:46  21.0   0.0  0.00   1.1  16.0   14:56     W
----------------------------------------------------------------------------------
    41.7  69.6    13    15.8    21   699.3   0.0  0.15   1.5  54.0     5     WNW

Max >=  80.0:  0
Max <=  32.0:  1
Min <=  32.0: 21
Min <=   0.0:  0
Max Rain: 0.05 on day 23
Days of Rain: 5 (>= 0.01 in)  0 (>= 0.10 in)  0 (>= 1.00 in)
Heat Base: 65.0  Cool Base: 65.0  Method: Integration