NOAA-Style Climate Reports

Select a Year or Month report
2018: Jan Feb Mar Apr May Jun Jul Aug Sep Oct Nov Dec
2017: Jan Feb Mar Apr May Jun Jul Aug Sep Oct Nov Dec
2016: Jan Feb Mar Apr May Jun Jul Aug Sep Oct Nov Dec
2015: Jan Feb Mar Apr May Jun Jul Aug Sep Oct Nov Dec
2014: Jan Feb Mar Apr May Jun Jul Aug Sep Oct Nov Dec
2013: Jan Feb Mar Apr May Jun Jul Aug Sep Oct Nov Dec

Report for 2013 December
                   Monthly Climatological Summary for Dec 2013

Name: bhmsweather   City: Broomfield   State: Colorado
Elevation: 5420 ft  Lat: N 39° 59' 02"   Lon: W 105° 59' 04"

                  Temperature (°F), Rain (in), Wind Speed (mph)

                                      Heat  Cool        Avg
    Mean                              Deg   Deg         Wind                 Dom
Day Temp  High   Time   Low    Time   Days  Days  Rain  Speed High   Time    Dir
----------------------------------------------------------------------------------
 1  46.0  56.8   12:51  28.8   02:02  19.0   0.0  0.00   3.6  31.0   17:34     W
 2  52.9  59.6   13:03  45.1   00:07  12.1   0.0  0.00   6.4  36.0   12:34   WNW
 3  37.6  56.8   11:57  14.4   23:58  27.4   0.0  0.00   2.9  52.0   18:36   NNE
 4  10.5  17.6   11:18   1.4   23:58  54.5   0.0  0.00   0.6   7.0   03:47    NE
 5   2.9  12.1   12:18  -5.1   05:45  62.1   0.0  0.00   1.1  10.0   11:54   NNW
 6   1.7   8.7   13:16  -4.6   07:31  63.3   0.0  0.00   0.4   8.0   03:55   NNW
 7   3.2  10.4   12:24  -3.4   04:00  61.8   0.0  0.00   0.3   8.0   14:56     N
 8  10.4  20.5   14:48   4.7   00:00  54.6   0.0  0.03   0.4   9.0   11:36   NNE
 9  14.8  27.1   23:59  -1.2   07:20  50.2   0.0  0.01   4.2  35.0   21:06     W
10  35.7  46.4   12:16  23.5   05:21  29.3   0.0  0.04   5.2  32.0   09:32     W
11  21.9  32.3   12:11  12.8   07:25  43.1   0.0  0.00   0.6   9.0   11:14   NNE
12  29.9  52.2   13:11  15.3   01:23  35.1   0.0  0.03   0.3   8.0   10:47    NW
13  33.4  51.3   12:44  19.0   06:27  31.6   0.0  0.00   0.8  13.0   13:46   ENE
14  35.8  46.4   14:25  22.4   06:10  29.2   0.0  0.00   2.3  21.0   22:58   WSW
15  47.9  57.4   13:23  36.1   02:26  17.1   0.0  0.00   6.1  34.0   15:52     W
16  53.7  64.7   11:54  41.4   23:42  11.3   0.0  0.00   5.0  29.0   00:06     W
17  49.5  64.2   12:23  30.4   05:50  15.5   0.0  0.00   2.8  21.0   20:40     W
18  59.1  66.0   15:24  52.1   00:22   5.9   0.0  0.00   5.8  31.0   11:13   WSW
19  36.5  52.2   00:00  18.8   23:56  28.5   0.0  0.00   2.0  13.0   17:20     N
20  21.7  25.5   16:20  17.8   01:42  43.3   0.0  0.00   0.2   6.0   01:26     E
21  24.9  36.4   13:17  15.6   03:17  40.1   0.0  0.00   1.0  13.0   12:49   NNW
22  29.2  40.2   14:51  19.1   07:29  35.8   0.0  0.02   0.9  13.0   21:49     N
23  30.7  47.9   13:40  18.3   04:48  34.3   0.0  0.01   1.2  23.0   21:43   WSW
24  43.2  55.1   10:18  24.8   23:59  21.8   0.0  0.00   4.5  30.0   10:49   WNW
25  32.7  46.1   15:36  19.0   07:53  32.3   0.0  0.00   1.4  21.0   23:26    SW
26  43.8  56.0   12:21  28.1   23:57  21.2   0.0  0.00   1.8  24.0   05:42   WSW
27  38.9  62.5   13:26  24.3   07:14  26.1   0.0  0.00   0.2   5.0   10:19    SE
28  36.5  61.6   12:28  22.7   23:57  28.5   0.0  0.00   1.7  14.0   14:34   NNE
29  27.4  39.3   23:54  14.6   05:09  37.6   0.0  0.05   1.3  24.0   23:32   WSW
30  40.4  49.5   12:50  31.7   23:36  24.6   0.0  0.01   3.0  20.0   03:48     W
31  46.8  58.4   12:27  31.6   00:13  18.2   0.0  0.00   4.0  22.0   13:25     W
----------------------------------------------------------------------------------
    32.2  66.0    18    -5.1     5  1015.4   0.0  0.20   2.3  52.0     3       W

Max >=  80.0:  0
Max <=  32.0:  7
Min <=  32.0: 27
Min <=   0.0:  4
Max Rain: 0.05 on day 29
Days of Rain: 8 (>= 0.01 in)  0 (>= 0.10 in)  0 (>= 1.00 in)
Heat Base: 65.0  Cool Base: 65.0  Method: Integration