NOAA-Style Climate Reports

Select a Year or Month report
2018: Jan Feb Mar Apr May Jun Jul Aug Sep Oct Nov Dec
2017: Jan Feb Mar Apr May Jun Jul Aug Sep Oct Nov Dec
2016: Jan Feb Mar Apr May Jun Jul Aug Sep Oct Nov Dec
2015: Jan Feb Mar Apr May Jun Jul Aug Sep Oct Nov Dec
2014: Jan Feb Mar Apr May Jun Jul Aug Sep Oct Nov Dec
2013: Jan Feb Mar Apr May Jun Jul Aug Sep Oct Nov Dec

Report for 2014
                   Annual Climatological Summary for 2014

Name: bhmsweather   City: Broomfield   State: Colorado
Elevation: 5420 ft  Lat: N 39° 59' 02"   Lon: W 105° 59' 04"

                  Temperature (°F), Heat Base: 65.0  Cool Base: 65.0
                          Dep.  Heat  Cool                       Max  Max  Min  Min
        Mean  Mean        From  Deg   Deg                        >=   <=   <=   <=
 YR MO  Max   Min   Mean  Norm  Days  Days  Hi  Date  Low  Date 80.0 32.0 32.0   0.0
------------------------------------------------------------------------------------
 14  1  48.5  20.0  35.0   0.0   930     0  65.4  19  -1.3    6    0    4   31    2
 14  2  40.6  15.0  26.3   0.0   618     0  64.5  16 -10.0    5    0    5   15    4
 14  3  59.4  29.0  43.2   0.0   674     0  75.1   9   7.1    2    0    2   21    0
 14  4  56.2  32.3  43.6   0.0   107     0  60.0   1  28.0    4    0    0    2    0
 14  5  71.6  44.7  57.6   0.0   247    19  88.3  28  31.4    1    8    0    2    0
 14  6  82.7  53.1  67.0   0.0    34    94  93.0  29  39.3    9   21    0    0    0
 14  7  86.2  59.9  72.0   0.0     7   223  97.6   7  54.9   18   23    0    0    0
 14  8  83.5  56.9  69.0   0.0    10   134  92.2  17  49.4   30   21    0    0    0
 14  9  76.9  50.8  63.1   0.0   104    48  92.3   3  33.9   13   14    0    0    0
 14 10  68.0  41.3  54.2   0.0   335     1  79.7  24  31.0   29    0    0    1    0
 14 11  51.3  25.0  37.7   0.0   819     0  72.9   9  -3.9   13    0    4   21    2
 14 12  47.2  20.7  32.3   0.0  1014     0  67.5  12  -9.7   31    0    3   30    2
------------------------------------------------------------------------------------
        64.4  37.4  50.1   0.0  4905   522  97.6 Jul -10.0  Feb   87   18  123   10

                                Precipitation (in)

              Dep.   Max        Days of Rain
              From   Obs.           >=
 YR MO Total  Norm   Day Date 0.01 0.10 1.00
---------------------------------------------
 14  1  0.60   0.0  0.14   7    11    2    0
 14  2  0.57   0.0  0.21   7     6    4    0
 14  3  1.49   0.0  0.45   5    11    4    0
 14  4  0.58   0.0  0.47   3     2    2    0
 14  5  2.51   0.0  0.89  11    14    5    0
 14  6  0.45   0.0  0.21   8     5    2    0
 14  7  2.24   0.0  1.20  30    12    4    1
 14  8  0.81   0.0  0.26  25    13    2    0
 14  9  2.02   0.0  0.86  29    10    6    0
 14 10  1.42   0.0  1.00   9     8    2    1
 14 11  0.34   0.0  0.16   7     9    1    0
 14 12  0.45   0.0  0.17  25     7    2    0
---------------------------------------------
       13.48   0.0  1.20  Jul  108   36    2

                                Wind Speed (mph)
                          Dom
 YR MO   Avg.  Hi   Date  Dir
------------------------------
 14  1   2.4  36.0   10     W
 14  2   1.7  38.0   15   WNW
 14  3   2.7  55.0   14   WNW
 14  4   1.9  16.0    2    NW
 14  5   1.1  29.0    9     N
 14  6   0.8  51.0    4   NNW
 14  7   0.6  51.0   16   NNW
 14  8   0.5  27.0   19   WNW
 14  9   0.4  19.0    7   NNW
 14 10   0.7  24.0   21   WNW
 14 11   1.8  35.0   10     W
 14 12   0.9  28.0   21    NW
------------------------------
         1.3  55.0  Mar   WNW