NOAA-Style Climate Reports

Select a Year or Month report
2018: Jan Feb Mar Apr May Jun Jul Aug Sep Oct Nov Dec
2017: Jan Feb Mar Apr May Jun Jul Aug Sep Oct Nov Dec
2016: Jan Feb Mar Apr May Jun Jul Aug Sep Oct Nov Dec
2015: Jan Feb Mar Apr May Jun Jul Aug Sep Oct Nov Dec
2014: Jan Feb Mar Apr May Jun Jul Aug Sep Oct Nov Dec
2013: Jan Feb Mar Apr May Jun Jul Aug Sep Oct Nov Dec

Report for 2014 January
                   Monthly Climatological Summary for Jan 2014

Name: bhmsweather   City: Broomfield   State: Colorado
Elevation: 5420 ft  Lat: N 39° 59' 02"   Lon: W 105° 59' 04"

                  Temperature (°F), Rain (in), Wind Speed (mph)

                                      Heat  Cool        Avg
    Mean                              Deg   Deg         Wind                 Dom
Day Temp  High   Time   Low    Time   Days  Days  Rain  Speed High   Time    Dir
----------------------------------------------------------------------------------
 1  34.2  42.5   14:42  24.7   23:49  30.8   0.0  0.00   1.2  16.0   15:35    NE
 2  30.2  47.0   13:19  18.9   07:45  34.8   0.0  0.01   0.6  10.0   03:30     W
 3  50.8  62.8   12:43  25.9   01:36  14.2   0.0  0.00   6.5  34.0   10:32     W
 4  23.8  46.2   00:00   8.5   23:55  41.2   0.0  0.00   1.2  19.0   01:09    NE
 5  10.2  17.1   12:47  -0.2   23:58  54.8   0.0  0.00   0.7  10.0   06:11     N
 6  14.1  38.2   23:33  -1.3   03:36  50.9   0.0  0.05   1.3  20.0   22:12     W
 7  39.9  46.1   14:20  29.8   23:57  25.1   0.0  0.14   2.4  28.0   02:04   WNW
 8  30.5  47.3   13:14  17.9   07:53  34.5   0.0  0.03   0.5   7.0   13:12    NW
 9  33.2  49.9   12:41  17.1   06:28  31.8   0.0  0.05   1.8  26.0   16:27     W
10  33.3  43.3   12:54  25.3   21:40  31.7   0.0  0.00   4.5  36.0   13:49   WNW
11  47.7  59.3   16:07  26.0   00:23  17.3   0.0  0.01   4.9  31.0   12:53     W
12  39.3  49.5   03:20  27.1   23:59  25.7   0.0  0.00   4.4  29.0   09:05   WNW
13  40.8  49.1   12:24  26.8   00:17  24.2   0.0  0.00   5.6  35.0   14:04     W
14  32.6  41.9   00:00  25.3   22:21  32.4   0.0  0.00   1.4  20.0   00:12   NNW
15  40.0  56.3   13:01  22.2   04:23  25.0   0.0  0.00   4.6  30.0   16:23     W
16  40.3  49.1   11:25  28.4   23:05  24.7   0.0  0.00   3.1  27.0   00:48   WNW
17  38.4  57.0   13:10  23.6   07:58  26.6   0.0  0.00   1.0  17.0   15:06     W
18  40.8  56.8   13:09  27.7   01:46  24.2   0.0  0.00   0.6   9.0   11:56   ESE
19  47.7  65.4   13:11  26.7   01:55  17.3   0.0  0.00   2.8  23.0   13:41     W
20  41.0  51.0   00:22  26.3   23:57  24.0   0.0  0.00   1.1  16.0   02:32     E
21  45.3  64.9   13:02  21.9   03:55  19.7   0.0  0.00   3.4  22.0   13:05     W
22  34.1  46.2   13:54  23.2   08:03  30.9   0.0  0.00   1.2  11.0   15:39    NE
23  18.7  31.5   13:14   9.2   07:03  46.3   0.0  0.08   0.6   9.0   00:07   NNE
24  43.4  60.5   13:21  14.5   02:04  21.6   0.0  0.05   4.1  20.0   22:58     W
25  47.4  64.3   13:47  30.5   07:14  17.6   0.0  0.00   2.1  21.0   22:33     W
26  41.1  60.0   13:38  20.1   23:58  23.9   0.0  0.00   3.8  31.0   10:10   WNW
27  19.5  26.7   14:03  12.2   23:00  45.5   0.0  0.00   0.6   8.0   15:25   NNE
28  18.4  37.4   15:19   5.4   03:49  46.6   0.0  0.12   0.4   9.0   15:51     W
29  42.2  54.7   12:30  15.1   00:00  22.8   0.0  0.05   5.6  29.0   08:18     W
30  41.9  51.6   00:00  23.8   23:54  23.1   0.0  0.01   2.8  24.0   01:41   WNW
31  23.4  31.2   13:22  18.2   06:34  41.6   0.0  0.00   0.0   0.0   00:00     E
----------------------------------------------------------------------------------
    35.0  65.4    19    -1.3     6   930.8   0.0  0.60   2.4  36.0    10     WNW

Max >=  80.0:  0
Max <=  32.0:  4
Min <=  32.0: 31
Min <=   0.0:  2
Max Rain: 0.14 on day 7
Days of Rain: 11 (>= 0.01 in)  2 (>= 0.10 in)  0 (>= 1.00 in)
Heat Base: 65.0  Cool Base: 65.0  Method: Integration