NOAA-Style Climate Reports

Select a Year or Month report
2018: Jan Feb Mar Apr May Jun Jul Aug Sep Oct Nov Dec
2017: Jan Feb Mar Apr May Jun Jul Aug Sep Oct Nov Dec
2016: Jan Feb Mar Apr May Jun Jul Aug Sep Oct Nov Dec
2015: Jan Feb Mar Apr May Jun Jul Aug Sep Oct Nov Dec
2014: Jan Feb Mar Apr May Jun Jul Aug Sep Oct Nov Dec
2013: Jan Feb Mar Apr May Jun Jul Aug Sep Oct Nov Dec

Report for 2014 February
                   Monthly Climatological Summary for Feb 2014

Name: bhmsweather   City: Broomfield   State: Colorado
Elevation: 5420 ft  Lat: N 39° 59' 02"   Lon: W 105° 59' 04"

                  Temperature (°F), Rain (in), Wind Speed (mph)

                                      Heat  Cool        Avg
    Mean                              Deg   Deg         Wind                 Dom
Day Temp  High   Time   Low    Time   Days  Days  Rain  Speed High   Time    Dir
----------------------------------------------------------------------------------
 1  22.7  27.1   10:41  14.3   22:52  42.3   0.0  0.00   0.0   1.0   10:36    NE
 2  16.4  34.9   13:02   9.8   21:24  48.6   0.0  0.11   0.0   2.0   13:16     N
 3  20.3  36.9   12:39   7.1   06:03  44.7   0.0  0.10   0.3   6.0   13:51     N
 4  14.7  25.1   12:10  -2.1   23:57  50.3   0.0  0.01   1.4  11.0   14:44   NNE
 5  -2.1  16.1   13:25 -10.0   07:22  67.1   0.0  0.00   0.5   8.0   13:43    NE
 6  -0.5  16.0   13:20  -8.5   01:39  65.5   0.0  0.00   0.4   7.0   15:13     N
 7  21.0  46.1   12:51  -4.0   00:16  44.0   0.0  0.21   1.4  19.0   18:09     W
 8  38.2  51.2   13:30  23.6   23:45  26.8   0.0  0.13   3.6  22.0   13:45   WNW
 9  22.2  25.1   11:10  17.9   21:14  42.8   0.0  0.00   0.8   9.0   23:42     N
10  24.5  38.3   13:38  15.9   03:35  40.5   0.0  0.00   0.4   8.0   16:18   NNW
11  33.5  48.1   16:00  18.1   07:14  31.5   0.0  0.01   2.4  23.0   13:47     W
12  38.2  51.0   15:48  25.8   03:19  26.8   0.0  0.00   2.9  33.0   21:57   WSW
13  50.0  59.1   13:08  43.0   20:55  15.0   0.0  0.00   5.6  34.0   20:38   WNW
14  41.3  50.7   15:48  30.1   07:40  23.7   0.0  0.00   2.1  23.0   23:43   NNW
15  44.7  59.1   08:11  30.6   23:52  20.3   0.0  0.00   4.2  38.0   05:12     W
16  36.5  64.5   12:11  29.1   01:37  28.5   0.0  0.00   1.1  19.0   11:58   WNW
----------------------------------------------------------------------------------
    26.3  64.5    16   -10.0     5   618.4   0.0  0.57   1.7  38.0    15     WNW

Max >=  80.0:  0
Max <=  32.0:  5
Min <=  32.0: 15
Min <=   0.0:  4
Max Rain: 0.21 on day 7
Days of Rain: 6 (>= 0.01 in)  4 (>= 0.10 in)  0 (>= 1.00 in)
Heat Base: 65.0  Cool Base: 65.0  Method: Integration