NOAA-Style Climate Reports

Select a Year or Month report
2018: Jan Feb Mar Apr May Jun Jul Aug Sep Oct Nov Dec
2017: Jan Feb Mar Apr May Jun Jul Aug Sep Oct Nov Dec
2016: Jan Feb Mar Apr May Jun Jul Aug Sep Oct Nov Dec
2015: Jan Feb Mar Apr May Jun Jul Aug Sep Oct Nov Dec
2014: Jan Feb Mar Apr May Jun Jul Aug Sep Oct Nov Dec
2013: Jan Feb Mar Apr May Jun Jul Aug Sep Oct Nov Dec

Report for 2014 March
                   Monthly Climatological Summary for Mar 2014

Name: bhmsweather   City: Broomfield   State: Colorado
Elevation: 5420 ft  Lat: N 39° 59' 02"   Lon: W 105° 59' 04"

                  Temperature (°F), Rain (in), Wind Speed (mph)

                                      Heat  Cool        Avg
    Mean                              Deg   Deg         Wind                 Dom
Day Temp  High   Time   Low    Time   Days  Days  Rain  Speed High   Time    Dir
----------------------------------------------------------------------------------
 1  19.7  28.9   00:00  10.2   23:53  45.3   0.0  0.01   1.5  13.0   06:26   NNE
 2  16.8  27.5   16:52   7.1   05:10  48.2   0.0  0.03   0.6   7.0   13:39   NNE
 3  42.5  61.5   13:55  18.5   00:00  22.5   0.0  0.06   1.9  20.0   13:53   WSW
 4  49.0  64.4   13:10  34.3   23:34  16.0   0.0  0.00   2.6  20.0   03:41   NNW
 5  42.1  56.0   13:38  27.9   06:49  22.9   0.0  0.45   0.5  14.0   23:29    SE
 6  53.5  64.6   15:21  38.5   07:11  11.5   0.0  0.00   3.3  26.0   22:11     W
 7  39.1  54.6   00:00  33.3   22:41  25.9   0.0  0.28   0.7  10.0   06:59     N
 8  41.2  57.2   13:50  30.7   07:27  23.8   0.0  0.45   0.6  14.0   12:46    SW
 9  50.7  75.1   14:39  28.6   07:56  14.3   0.0  0.00   2.7  19.0   16:06   WSW
10  58.6  72.8   17:18  48.7   00:55   6.4   0.0  0.00   2.3  23.0   23:33   WNW
11  40.3  59.8   00:00  23.4   23:58  24.7   0.0  0.03   4.2  22.0   05:50     N
12  35.9  55.7   17:11  20.6   03:22  29.1   0.0  0.00   1.0  11.0   09:55     S
13  44.0  66.9   14:42  24.5   07:41  21.0   0.0  0.00   2.6  28.0   17:42   WNW
14  42.4  66.3   14:50  27.7   06:53  22.6   0.0  0.00   1.1  55.0   08:11   WNW
15  43.5  50.3   14:27  28.8   23:58  21.5   0.0  0.00   4.6  24.0   13:24     N
16  44.1  68.5   14:49  22.7   07:33  20.9   0.0  0.00   2.0  18.0   18:42     W
17  55.9  72.5   14:40  38.5   23:58   9.1   0.0  0.00   5.1  36.0   16:41     W
18  37.2  47.5   14:52  29.4   23:57  27.8   0.0  0.00   5.6  30.0   12:58     N
19  42.7  61.1   14:34  24.3   06:25  22.3   0.0  0.00   3.0  24.0   18:26     W
20  55.3  71.6   14:29  41.6   05:58   9.7   0.0  0.00   6.3  28.0   15:39     W
21  40.9  53.2   00:00  27.6   07:48  24.1   0.0  0.00   1.6  16.0   02:16     E
22  31.6  39.1   00:00  26.1   23:08  33.4   0.0  0.04   3.8  16.0   04:17     N
23  41.5  63.5   14:40  26.0   06:41  23.5   0.0  0.01   3.2  27.0   14:56   WNW
24  34.4  46.2   16:58  26.2   07:00  30.6   0.0  0.00   0.9  13.0   00:05    NE
25  40.9  65.0   16:50  23.2   07:27  24.1   0.0  0.00   0.7  10.0   17:38   NNW
26  49.3  68.4   16:21  31.9   03:42  15.7   0.0  0.00   2.5  43.0   19:58   WSW
27  48.4  63.2   14:21  37.5   06:43  16.6   0.0  0.00   3.1  24.0   11:06   WNW
28  44.3  57.8   14:33  31.6   07:05  20.7   0.0  0.11   3.7  27.0   12:50   WNW
29  51.1  71.1   15:49  33.6   04:34  13.9   0.0  0.00   2.5  22.0   18:02     W
30  54.9  72.2   14:49  39.2   04:47  10.1   0.0  0.02   3.3  34.0   22:13   SSW
31  48.5  58.9   16:53  38.1   07:03  16.5   0.0  0.00   4.9  29.0   01:19   WNW
----------------------------------------------------------------------------------
    43.2  75.1     9     7.1     2   674.7   0.0  1.49   2.7  55.0    14     WNW

Max >=  80.0:  0
Max <=  32.0:  2
Min <=  32.0: 21
Min <=   0.0:  0
Max Rain: 0.45 on day 5
Days of Rain: 11 (>= 0.01 in)  4 (>= 0.10 in)  0 (>= 1.00 in)
Heat Base: 65.0  Cool Base: 65.0  Method: Integration