NOAA-Style Climate Reports

Select a Year or Month report
2018: Jan Feb Mar Apr May Jun Jul Aug Sep Oct Nov Dec
2017: Jan Feb Mar Apr May Jun Jul Aug Sep Oct Nov Dec
2016: Jan Feb Mar Apr May Jun Jul Aug Sep Oct Nov Dec
2015: Jan Feb Mar Apr May Jun Jul Aug Sep Oct Nov Dec
2014: Jan Feb Mar Apr May Jun Jul Aug Sep Oct Nov Dec
2013: Jan Feb Mar Apr May Jun Jul Aug Sep Oct Nov Dec

Report for 2014 May
                   Monthly Climatological Summary for May 2014

Name: bhmsweather   City: Broomfield   State: Colorado
Elevation: 5420 ft  Lat: N 39° 59' 02"   Lon: W 105° 59' 04"

                  Temperature (°F), Rain (in), Wind Speed (mph)

                                      Heat  Cool        Avg
    Mean                              Deg   Deg         Wind                 Dom
Day Temp  High   Time   Low    Time   Days  Days  Rain  Speed High   Time    Dir
----------------------------------------------------------------------------------
 1  49.3  64.5   15:11  31.4   06:21  15.7   0.0  0.00   2.8  22.0   17:14   NNE
 2  58.9  78.3   14:33  35.7   05:59   6.1   0.0  0.00   0.9  13.0   16:13   NNW
 3  63.5  81.1   16:10  43.6   06:18   1.5   0.0  0.00   1.6  19.0   11:33   WSW
 4  69.5  86.7   15:45  54.8   02:20   0.0   4.5  0.00   2.4  22.0   12:01   WNW
 5  65.2  81.4   16:52  47.9   05:31   0.0   0.2  0.00   0.9  10.0   13:48     S
 6  63.5  77.9   13:47  51.2   04:54   1.5   0.0  0.00   1.0  11.0   16:49    NE
 7  55.2  66.4   12:53  42.9   23:59   9.8   0.0  0.19   1.9  16.0   17:09    NE
 8  44.7  55.1   13:33  38.9   04:41  20.3   0.0  0.23   0.8  13.0   17:21    NE
 9  50.4  65.6   17:32  35.9   05:41  14.6   0.0  0.00   1.4  29.0   19:52   WSW
10  54.1  68.1   12:30  40.3   05:46  10.9   0.0  0.01   1.2  14.0   16:08   NNW
11  37.3  49.2   00:23  33.7   23:34  27.7   0.0  0.89   2.5  19.0   05:37     N
12  36.4  43.9   15:29  32.5   08:13  28.6   0.0  0.66   1.9  18.0   15:04   NNE
13  42.0  53.4   15:26  31.4   06:03  23.0   0.0  0.08   0.9  12.0   12:56     N
14  48.5  60.3   13:18  33.5   03:10  16.5   0.0  0.00   0.1   9.0   20:49    NW
15  51.9  64.2   15:15  38.4   05:47  13.1   0.0  0.01   0.8  10.0   15:20     N
16  53.1  64.3   11:39  41.6   04:34  11.9   0.0  0.08   1.7  15.0   07:42   NNE
17  55.6  68.9   16:36  45.1   04:10   9.4   0.0  0.00   1.2  10.0   15:33     N
18  64.3  83.6   14:13  44.6   05:49   0.7   0.0  0.00   0.6  16.0   18:40    SW
19  65.3  79.6   16:15  49.1   06:17   0.0   0.3  0.00   1.0  14.0   22:00   ENE
20  63.2  76.7   15:15  54.5   23:13   1.8   0.0  0.00   0.8  10.0   00:07     E
21  59.7  73.1   14:51  50.9   02:29   5.3   0.0  0.23   0.6  13.0   17:52     E
22  59.4  72.4   11:50  51.5   06:09   5.6   0.0  0.01   0.6  10.0   21:43    SE
23  59.2  71.9   15:56  48.9   03:03   5.8   0.0  0.03   1.0  14.0   20:42     N
24  59.7  71.6   15:43  52.4   05:52   5.3   0.0  0.01   0.9  17.0   19:45    NW
25  58.1  72.2   13:30  48.5   05:03   6.9   0.0  0.01   1.1  18.0   15:29   WNW
26  61.3  74.8   13:31  46.5   05:53   3.7   0.0  0.00   0.8  14.0   15:33    NW
27  68.1  85.2   14:30  49.8   05:49   0.0   3.1  0.00   0.5   9.0   13:42   NNE
28  71.6  88.3   14:59  52.1   05:47   0.0   6.6  0.00   0.4  10.0   14:47   NNE
29  70.1  85.0   14:06  54.2   05:51   0.0   5.1  0.00   0.8  17.0   17:26     W
30  63.9  75.7   14:02  54.2   23:52   1.1   0.0  0.07   0.8  13.0   17:01     N
31  63.9  80.9   15:15  50.0   04:49   1.1   0.0  0.00   0.5  12.0   15:49   NNW
----------------------------------------------------------------------------------
    57.6  88.3    28    31.4     1   247.9  19.8  2.51   1.1  29.0     9       N

Max >=  80.0:  8
Max <=  32.0:  0
Min <=  32.0:  2
Min <=   0.0:  0
Max Rain: 0.89 on day 11
Days of Rain: 14 (>= 0.01 in)  5 (>= 0.10 in)  0 (>= 1.00 in)
Heat Base: 65.0  Cool Base: 65.0  Method: Integration