NOAA-Style Climate Reports

Select a Year or Month report
2018: Jan Feb Mar Apr May Jun Jul Aug Sep Oct Nov Dec
2017: Jan Feb Mar Apr May Jun Jul Aug Sep Oct Nov Dec
2016: Jan Feb Mar Apr May Jun Jul Aug Sep Oct Nov Dec
2015: Jan Feb Mar Apr May Jun Jul Aug Sep Oct Nov Dec
2014: Jan Feb Mar Apr May Jun Jul Aug Sep Oct Nov Dec
2013: Jan Feb Mar Apr May Jun Jul Aug Sep Oct Nov Dec

Report for 2014 June
                   Monthly Climatological Summary for Jun 2014

Name: bhmsweather   City: Broomfield   State: Colorado
Elevation: 5420 ft  Lat: N 39° 59' 02"   Lon: W 105° 59' 04"

                  Temperature (°F), Rain (in), Wind Speed (mph)

                                      Heat  Cool        Avg
    Mean                              Deg   Deg         Wind                 Dom
Day Temp  High   Time   Low    Time   Days  Days  Rain  Speed High   Time    Dir
----------------------------------------------------------------------------------
 1  68.7  85.4   13:53  54.9   06:12   0.0   3.7  0.00   1.3  22.0   13:59     N
 2  67.9  84.0   15:51  51.4   05:44   0.0   2.9  0.00   0.6  10.0   18:48     N
 3  73.0  91.8   15:06  53.3   06:05   0.0   8.0  0.00   1.7  25.0   14:09     W
 4  68.7  85.4   14:34  53.6   05:28   0.0   3.7  0.00   0.5  51.0   07:56   ESE
 5  64.8  80.5   14:42  51.0   05:48   0.2   0.0  0.00   0.6  10.0   15:39    NE
 6  66.8  80.9   14:41  57.1   23:52   0.0   1.8  0.00   1.7  19.0   17:45    NW
 7  58.4  67.4   13:37  52.0   03:20   6.6   0.0  0.00   0.6  10.0   17:16   NNE
 8  55.2  67.3   13:55  46.7   21:56   9.8   0.0  0.21   1.3  17.0   17:17     N
 9  55.8  71.3   14:53  39.3   05:57   9.2   0.0  0.00   0.6  13.0   13:28     N
10  67.4  86.0   13:55  47.7   05:45   0.0   2.4  0.00   0.8  19.0   12:29    NW
11  67.2  83.7   11:25  58.2   21:02   0.0   2.2  0.01   0.7  20.0   13:43     N
12  63.3  74.2   15:02  55.7   09:00   1.7   0.0  0.00   1.0  13.0   16:28   NNW
13  71.9  90.7   15:06  51.2   05:27   0.0   6.9  0.00   0.5  12.0   21:03   NNW
14  63.9  78.6   12:41  51.1   23:21   1.1   0.0  0.08   0.6  10.0   12:21   NNE
15  62.6  78.4   16:38  46.2   05:11   2.4   0.0  0.00   0.3   8.0   14:09    SE
16  68.7  86.5   15:27  49.6   04:14   0.0   3.7  0.00   0.3   8.0   13:55   NNW
17  70.9  89.4   15:56  54.1   04:40   0.0   5.9  0.00   0.6  11.0   18:07   NNW
18  63.8  81.4   15:40  52.3   05:43   1.2   0.0  0.10   1.0  18.0   17:39     N
19  64.7  81.1   16:33  48.9   05:43   0.3   0.0  0.00   0.3   6.0   09:39     S
20  70.5  86.3   16:06  51.8   05:47   0.0   5.5  0.00   0.3   6.0   21:02    NE
21  70.2  85.9   16:10  56.6   05:55   0.0   5.2  0.00   0.5  17.0   16:19    NW
22  65.6  80.0   11:19  56.3   05:18   0.0   0.6  0.00   0.8  18.0   18:28     N
23  63.3  78.9   14:51  49.9   05:28   1.7   0.0  0.00   1.0  12.0   15:36     N
24  66.4  78.3   16:19  57.2   01:46   0.0   1.4  0.00   0.6  10.0   15:16     N
25  71.0  87.6   15:27  57.5   05:11   0.0   6.0  0.00   0.6  11.0   13:34   WSW
26  71.8  91.0   16:07  55.5   06:16   0.0   6.8  0.00   0.4  17.0   17:23   WNW
27  66.4  79.1   15:42  59.0   05:36   0.0   1.4  0.05   0.8  16.0   16:13     N
28  71.5  85.0   17:18  58.4   00:18   0.0   6.5  0.00   2.7  22.0   15:20     W
29  75.1  93.0   17:43  55.9   05:58   0.0  10.1  0.00   0.7  13.0   18:19    NW
30  75.0  92.9   13:45  59.5   04:15   0.0  10.0  0.00   2.0  24.0   12:06   NNW
----------------------------------------------------------------------------------
    67.0  93.0    29    39.3     9    34.2  94.7  0.45   0.8  51.0     4     NNW

Max >=  80.0: 21
Max <=  32.0:  0
Min <=  32.0:  0
Min <=   0.0:  0
Max Rain: 0.21 on day 8
Days of Rain: 5 (>= 0.01 in)  2 (>= 0.10 in)  0 (>= 1.00 in)
Heat Base: 65.0  Cool Base: 65.0  Method: Integration