NOAA-Style Climate Reports

Select a Year or Month report
2018: Jan Feb Mar Apr May Jun Jul Aug Sep Oct Nov Dec
2017: Jan Feb Mar Apr May Jun Jul Aug Sep Oct Nov Dec
2016: Jan Feb Mar Apr May Jun Jul Aug Sep Oct Nov Dec
2015: Jan Feb Mar Apr May Jun Jul Aug Sep Oct Nov Dec
2014: Jan Feb Mar Apr May Jun Jul Aug Sep Oct Nov Dec
2013: Jan Feb Mar Apr May Jun Jul Aug Sep Oct Nov Dec

Report for 2014 July
                   Monthly Climatological Summary for Jul 2014

Name: bhmsweather   City: Broomfield   State: Colorado
Elevation: 5420 ft  Lat: N 39° 59' 02"   Lon: W 105° 59' 04"

                  Temperature (°F), Rain (in), Wind Speed (mph)

                                      Heat  Cool        Avg
    Mean                              Deg   Deg         Wind                 Dom
Day Temp  High   Time   Low    Time   Days  Days  Rain  Speed High   Time    Dir
----------------------------------------------------------------------------------
 1  66.7  76.5   15:50  55.7   05:59   0.0   1.7  0.00   0.3  10.0   23:08   ESE
 2  70.0  83.2   16:04  60.7   05:28   0.0   5.0  0.00   0.4  10.0   15:47   NNE
 3  73.6  91.3   15:47  58.2   05:18   0.0   8.6  0.00   0.7  14.0   19:11   NNW
 4  73.2  90.6   12:51  60.1   06:00   0.0   8.2  0.03   0.6  14.0   21:14   WSW
 5  74.7  93.4   16:20  58.7   05:37   0.0   9.7  0.00   0.8  21.0   17:35   WNW
 6  77.0  96.8   13:28  59.4   04:16   0.0  12.0  0.00   0.8  22.0   15:08    NW
 7  77.1  97.6   14:43  58.9   05:41   0.0  12.1  0.07   0.9  19.0   17:37   NNE
 8  69.2  79.2   16:22  61.8   03:48   0.0   4.2  0.00   0.3  11.0   00:04    NW
 9  74.8  92.2   12:21  58.8   05:47   0.0   9.8  0.00   1.0  17.0   16:48   WNW
10  77.2  93.7   13:33  60.0   05:21   0.0  12.2  0.00   0.6  15.0   22:57   WNW
11  72.8  88.7   13:18  62.7   04:55   0.0   7.8  0.01   0.5  14.0   17:01    NW
12  69.6  80.1   15:29  62.3   04:11   0.0   4.6  0.00   0.8  20.0   17:37     N
13  70.8  84.8   14:58  58.9   06:10   0.0   5.8  0.07   0.4  17.0   19:13   ENE
14  70.8  83.7   13:13  60.1   03:50   0.0   5.8  0.10   0.7  15.0   21:56   NNE
15  65.8  78.9   13:23  57.9   04:57   0.0   0.8  0.06   0.5  10.0   10:24   NNW
16  63.9  74.2   12:02  57.7   19:26   1.1   0.0  0.15   0.9  51.0   21:45   NNE
17  65.7  77.4   14:54  57.0   04:25   0.0   0.7  0.00   0.3  51.0   00:00     N
18  71.7  90.2   14:56  54.9   05:49   0.0   6.7  0.00   0.7  14.0   15:46   NNW
19  76.0  92.2   16:01  57.3   05:57   0.0  11.0  0.00   0.3  10.0   18:06     S
20  77.7  95.6   14:06  60.9   06:09   0.0  12.7  0.04   0.7  24.0   17:37     W
21  78.2  94.2   13:07  59.8   04:57   0.0  13.2  0.00   0.5  19.0   13:29     W
22  77.9  91.8   15:21  62.2   05:13   0.0  12.9  0.00   0.5   8.0   01:21   NNW
23  74.6  88.8   16:15  64.5   06:17   0.0   9.6  0.00   1.0  16.0   15:35   WNW
24  78.0  95.6   11:15  61.6   05:50   0.0  13.0  0.00   0.5  18.0   13:20   ESE
25  76.0  90.8   11:42  64.2   06:12   0.0  11.0  0.06   0.5  16.0   13:56    SW
26  74.8  88.5   14:59  64.2   05:21   0.0   9.8  0.00   0.6  11.0   02:30   WSW
27  70.8  79.8   16:44  62.2   04:54   0.0   5.8  0.00   0.9  12.0   08:15   NNW
28  71.0  83.4   14:18  61.2   03:26   0.0   6.0  0.00   0.5   9.0   16:01   NNW
29  67.6  81.9   12:28  60.5   23:35   0.0   2.6  0.44   0.8  10.0   15:06     N
30  59.3  63.0   14:54  57.9   20:14   5.7   0.0  1.20   0.5   8.0   00:17   NNE
31  64.4  75.3   16:47  56.3   02:01   0.6   0.0  0.01   0.0   1.0   04:47   WSW
----------------------------------------------------------------------------------
    72.0  97.6     7    54.9    18     7.4 223.3  2.24   0.6  51.0    16     NNW

Max >=  80.0: 23
Max <=  32.0:  0
Min <=  32.0:  0
Min <=   0.0:  0
Max Rain: 1.20 on day 30
Days of Rain: 12 (>= 0.01 in)  4 (>= 0.10 in)  1 (>= 1.00 in)
Heat Base: 65.0  Cool Base: 65.0  Method: Integration