NOAA-Style Climate Reports

Select a Year or Month report
2018: Jan Feb Mar Apr May Jun Jul Aug Sep Oct Nov Dec
2017: Jan Feb Mar Apr May Jun Jul Aug Sep Oct Nov Dec
2016: Jan Feb Mar Apr May Jun Jul Aug Sep Oct Nov Dec
2015: Jan Feb Mar Apr May Jun Jul Aug Sep Oct Nov Dec
2014: Jan Feb Mar Apr May Jun Jul Aug Sep Oct Nov Dec
2013: Jan Feb Mar Apr May Jun Jul Aug Sep Oct Nov Dec

Report for 2014 August
                   Monthly Climatological Summary for Aug 2014

Name: bhmsweather   City: Broomfield   State: Colorado
Elevation: 5420 ft  Lat: N 39° 59' 02"   Lon: W 105° 59' 04"

                  Temperature (°F), Rain (in), Wind Speed (mph)

                                      Heat  Cool        Avg
    Mean                              Deg   Deg         Wind                 Dom
Day Temp  High   Time   Low    Time   Days  Days  Rain  Speed High   Time    Dir
----------------------------------------------------------------------------------
 1  67.0  80.3   15:22  54.3   06:16   0.0   2.0  0.01   0.0   0.0   00:00     E
 2  69.0  83.9   15:13  51.9   05:55   0.0   4.0  0.00   0.1   8.0   16:23    NE
 3  71.6  86.0   14:53  57.0   05:13   0.0   6.6  0.00   0.1   5.0   14:51    NE
 4  71.7  83.0   12:57  59.8   05:21   0.0   6.7  0.00   0.5  10.0   14:32    NW
 5  70.2  81.0   11:51  62.6   23:31   0.0   5.2  0.02   0.4   9.0   14:58    NW
 6  72.4  86.7   14:56  59.5   03:22   0.0   7.4  0.00   0.5  12.0   16:43   NNW
 7  67.6  77.8   14:46  59.4   06:20   0.0   2.6  0.05   0.5  13.0   12:40   WNW
 8  69.4  86.2   14:47  54.7   06:09   0.0   4.4  0.00   0.6  12.0   18:10   NNE
 9  69.6  87.3   12:44  58.1   06:32   0.0   4.6  0.00   0.5  13.0   15:20     W
10  68.2  79.4   13:13  59.1   06:40   0.0   3.2  0.00   0.4  10.0   16:58   NNW
11  69.3  84.7   15:07  54.8   06:12   0.0   4.3  0.00   0.2   8.0   12:00   ESE
12  72.1  90.0   14:45  55.3   06:26   0.0   7.1  0.00   0.2   7.0   12:21    SE
13  74.9  90.7   15:28  61.8   04:20   0.0   9.9  0.00   0.7  18.0   20:43    SW
14  72.1  84.1   12:31  64.8   16:26   0.0   7.1  0.04   0.6  14.0   15:41   NNW
15  71.5  89.9   14:03  58.7   05:16   0.0   6.5  0.02   0.7  18.0   15:01     N
16  74.9  91.0   14:22  58.0   06:36   0.0   9.9  0.00   0.3   8.0   01:12    NW
17  73.6  92.2   13:01  56.8   06:16   0.0   8.6  0.00   0.4  13.0   17:10   SSW
18  71.9  89.6   14:21  56.9   06:44   0.0   6.9  0.00   0.5  18.0   15:52     S
19  70.6  88.6   14:48  57.5   06:37   0.0   5.6  0.00   0.7  27.0   15:44   WSW
20  73.0  88.3   15:05  60.6   06:48   0.0   8.0  0.03   0.7  15.0   13:28     W
21  71.2  86.0   15:37  59.7   04:44   0.0   6.2  0.00   0.4  21.0   18:23    NW
22  65.7  71.8   13:23  60.9   22:29   0.0   0.7  0.09   0.1   9.0   13:46     S
23  66.4  79.6   13:43  57.2   05:39   0.0   1.4  0.00   1.8  25.0   17:31   WNW
24  68.1  83.8   14:14  50.0   06:29   0.0   3.1  0.00   0.7  20.0   09:47     W
25  63.9  78.3   15:07  56.1   06:09   1.1   0.0  0.26   0.3  11.0   16:34   WNW
26  65.4  76.2   13:03  56.4   00:44   0.0   0.4  0.05   0.5  13.0   19:25     W
27  65.1  77.9   13:50  55.9   23:10   0.0   0.1  0.07   0.9  15.0   15:51   NNW
28  59.0  68.9   11:04  52.3   07:02   6.0   0.0  0.15   0.4  17.0   14:33   NNW
29  63.6  79.7   12:55  51.0   02:06   1.4   0.0  0.00   0.6  19.0   13:52   NNW
30  66.9  87.1   14:46  49.4   06:27   0.0   1.9  0.01   0.3  17.0   20:05   WSW
31  62.7  78.9   13:59  54.6   05:18   2.3   0.0  0.01   0.5  14.0   15:12    SE
----------------------------------------------------------------------------------
    69.0  92.2    17    49.4    30    10.8 134.4  0.81   0.5  27.0    19     WNW

Max >=  80.0: 21
Max <=  32.0:  0
Min <=  32.0:  0
Min <=   0.0:  0
Max Rain: 0.26 on day 25
Days of Rain: 13 (>= 0.01 in)  2 (>= 0.10 in)  0 (>= 1.00 in)
Heat Base: 65.0  Cool Base: 65.0  Method: Integration