NOAA-Style Climate Reports

Select a Year or Month report
2018: Jan Feb Mar Apr May Jun Jul Aug Sep Oct Nov Dec
2017: Jan Feb Mar Apr May Jun Jul Aug Sep Oct Nov Dec
2016: Jan Feb Mar Apr May Jun Jul Aug Sep Oct Nov Dec
2015: Jan Feb Mar Apr May Jun Jul Aug Sep Oct Nov Dec
2014: Jan Feb Mar Apr May Jun Jul Aug Sep Oct Nov Dec
2013: Jan Feb Mar Apr May Jun Jul Aug Sep Oct Nov Dec

Report for 2014 September
                   Monthly Climatological Summary for Sep 2014

Name: bhmsweather   City: Broomfield   State: Colorado
Elevation: 5420 ft  Lat: N 39° 59' 02"   Lon: W 105° 59' 04"

                  Temperature (°F), Rain (in), Wind Speed (mph)

                                      Heat  Cool        Avg
    Mean                              Deg   Deg         Wind                 Dom
Day Temp  High   Time   Low    Time   Days  Days  Rain  Speed High   Time    Dir
----------------------------------------------------------------------------------
 1  63.9  79.7   13:55  49.6   06:46   1.1   0.0  0.00   0.2  10.0   13:32     N
 2  66.6  86.1   15:46  48.0   06:46   0.0   1.6  0.00   0.2   8.0   15:33     N
 3  74.2  92.3   14:22  54.0   06:02   0.0   9.2  0.00   0.3   9.0   10:45   SSW
 4  64.2  73.8   00:00  54.7   06:52   0.8   0.0  0.12   0.3   9.0   04:33   NNE
 5  55.6  60.7   16:40  51.2   06:20   9.4   0.0  0.42   0.6  10.0   14:11    NW
 6  58.7  70.8   17:33  50.7   05:44   6.3   0.0  0.01   0.2  10.0   16:09   WNW
 7  65.0  83.7   14:31  49.7   06:39   0.0   0.0  0.00   0.5  19.0   14:44    NW
 8  68.0  83.2   13:19  56.9   06:15   0.0   3.0  0.00   0.4  13.0   18:24    NW
 9  64.2  75.4   12:25  58.2   23:41   0.8   0.0  0.06   0.3  18.0   13:05     N
10  60.0  71.6   16:55  51.8   07:05   5.0   0.0  0.31   0.2   9.0   02:10   NNE
11  48.5  56.1   00:00  38.5   23:59  16.5   0.0  0.10   0.7  11.0   03:29   NNE
12  39.6  47.4   18:01  34.5   06:08  25.4   0.0  0.11   0.2   9.0   00:46   NNE
13  54.9  79.0   13:59  33.9   05:02  10.1   0.0  0.00   0.6  13.0   15:19   NNW
14  64.3  80.9   16:50  46.3   04:19   0.7   0.0  0.00   0.5  19.0   16:31    NW
15  59.4  70.9   16:51  47.4   07:04   5.6   0.0  0.00   0.2   9.0   00:13   NNW
16  66.4  84.8   14:43  49.0   05:40   0.0   1.4  0.00   0.1  10.0   06:57   SSE
17  68.7  87.1   14:13  50.9   06:33   0.0   3.7  0.00   0.3  15.0   18:23   NNE
18  70.2  88.0   14:00  52.0   06:58   0.0   5.2  0.00   0.1   9.0   14:52     S
19  71.4  85.3   16:02  56.9   06:38   0.0   6.4  0.00   0.4  12.0   13:56    SE
20  68.3  78.4   13:53  58.5   06:48   0.0   3.3  0.00   0.5  10.0   08:41     N
21  63.3  69.7   17:45  57.4   07:14   1.7   0.0  0.01   0.5   8.0   04:43   NNW
22  65.2  78.3   16:37  57.3   07:57   0.0   0.2  0.00   0.7  13.0   14:40    NW
23  67.5  80.3   14:27  59.4   05:27   0.0   2.5  0.00   0.8  18.0   14:07   WNW
24  67.5  83.4   14:27  52.3   06:35   0.0   2.5  0.00   0.1   5.0   10:37   SSE
25  68.5  86.3   14:25  51.0   06:44   0.0   3.5  0.00   0.1   9.0   21:48   SSE
26  68.8  85.3   15:55  52.6   07:06   0.0   3.8  0.00   0.2   7.0   16:57   NNE
27  67.4  84.3   14:12  53.1   06:46   0.0   2.4  0.00   0.3   7.0   15:17     N
28  61.6  73.0   13:52  54.4   06:55   3.4   0.0  0.02   1.0  11.0   10:16   NNW
29  55.6  64.6   12:45  47.9   23:59   9.4   0.0  0.86   0.5  17.0   14:27   NNW
30  56.8  65.3   13:39  46.2   03:43   8.2   0.0  0.00   1.6  17.0   05:37     W
----------------------------------------------------------------------------------
    63.1  92.3     3    33.9    13   104.4  48.7  2.02   0.4  19.0     7     NNW

Max >=  80.0: 14
Max <=  32.0:  0
Min <=  32.0:  0
Min <=   0.0:  0
Max Rain: 0.86 on day 29
Days of Rain: 10 (>= 0.01 in)  6 (>= 0.10 in)  0 (>= 1.00 in)
Heat Base: 65.0  Cool Base: 65.0  Method: Integration