NOAA-Style Climate Reports

Select a Year or Month report
2018: Jan Feb Mar Apr May Jun Jul Aug Sep Oct Nov Dec
2017: Jan Feb Mar Apr May Jun Jul Aug Sep Oct Nov Dec
2016: Jan Feb Mar Apr May Jun Jul Aug Sep Oct Nov Dec
2015: Jan Feb Mar Apr May Jun Jul Aug Sep Oct Nov Dec
2014: Jan Feb Mar Apr May Jun Jul Aug Sep Oct Nov Dec
2013: Jan Feb Mar Apr May Jun Jul Aug Sep Oct Nov Dec

Report for 2014 October
                   Monthly Climatological Summary for Oct 2014

Name: bhmsweather   City: Broomfield   State: Colorado
Elevation: 5420 ft  Lat: N 39° 59' 02"   Lon: W 105° 59' 04"

                  Temperature (°F), Rain (in), Wind Speed (mph)

                                      Heat  Cool        Avg
    Mean                              Deg   Deg         Wind                 Dom
Day Temp  High   Time   Low    Time   Days  Days  Rain  Speed High   Time    Dir
----------------------------------------------------------------------------------
 1  50.7  66.2   13:59  43.1   23:16  14.3   0.0  0.32   0.8  18.0   14:47     N
 2  51.3  63.6   14:09  38.1   06:27  13.7   0.0  0.02   1.5  20.0   12:52     W
 3  45.4  58.2   15:55  38.0   04:16  19.6   0.0  0.00   0.4  18.0   00:44    NE
 4  53.2  71.7   14:10  37.6   07:15  11.8   0.0  0.00   0.2   6.0   00:40   NNE
 5  58.6  73.6   13:48  43.9   07:17   6.4   0.0  0.00   1.1  19.0   12:41   WNW
 6  61.9  77.7   14:02  43.6   07:27   3.1   0.0  0.00   1.9  17.0   09:47     W
 7  64.7  77.5   13:54  49.7   07:42   0.3   0.0  0.00   0.6  16.0   00:04   WNW
 8  58.0  75.2   13:51  47.1   06:29   7.0   0.0  0.00   0.1   6.0   14:45    NE
 9  54.3  59.1   14:16  50.2   22:48  10.7   0.0  1.00   0.6  13.0   16:53   NNW
10  52.5  60.5   14:16  46.6   23:56  12.5   0.0  0.01   0.1   6.0   20:14    SE
11  55.0  70.5   13:11  40.5   07:16  10.0   0.0  0.01   0.3  15.0   16:04   WSW
12  52.3  61.2   01:36  43.2   23:57  12.7   0.0  0.02   1.8  19.0   14:56   NNE
13  45.8  57.1   16:32  35.1   07:41  19.2   0.0  0.00   0.2   8.0   11:16     N
14  51.6  71.9   13:41  34.6   07:38  13.4   0.0  0.00   0.1   5.0   11:09   ESE
15  55.4  72.0   13:28  37.8   07:30   9.6   0.0  0.00   0.2   9.0   14:06    NW
16  61.6  71.0   13:59  46.3   23:49   3.4   0.0  0.00   0.9  14.0   00:24    SW
17  50.0  61.5   16:04  38.7   07:45  15.0   0.0  0.00   0.4   9.0   22:07    NW
18  51.2  67.1   16:40  38.2   07:54  13.8   0.0  0.00   0.2   8.0   00:14   NNW
19  54.9  72.8   13:50  41.8   07:36  10.1   0.0  0.00   0.2   7.0   12:51   ENE
20  56.8  74.9   13:37  40.7   07:44   8.2   0.0  0.00   0.3  10.0   23:06     N
21  59.2  74.8   14:00  44.0   07:34   5.8   0.0  0.01   0.9  24.0   20:59   WNW
22  57.9  68.0   15:17  46.5   05:28   7.1   0.0  0.00   0.8  14.0   19:53   WNW
23  57.3  72.0   15:45  40.5   07:55   7.7   0.0  0.00   0.8  21.0   12:32   WNW
24  66.8  79.7   14:31  53.0   21:54   0.0   1.8  0.00   1.1  15.0   07:18   WSW
25  60.1  78.0   13:57  43.4   07:59   4.9   0.0  0.00   0.3   7.0   11:16   SSE
26  63.5  77.8   13:52  46.5   02:09   1.5   0.0  0.00   1.4  22.0   08:13   WSW
27  46.4  55.0   00:07  37.5   23:47  18.6   0.0  0.03   1.4  23.0   15:39     W
28  43.2  57.1   15:57  32.5   06:48  21.8   0.0  0.00   0.3   9.0   10:20   NNW
29  50.3  68.9   13:34  31.0   05:44  14.7   0.0  0.00   1.8  23.0   14:08     W
30  48.6  60.7   15:49  36.9   07:09  16.4   0.0  0.00   0.3   8.0   12:10   ESE
31  42.4  54.1   16:31  34.3   05:42  22.6   0.0  0.00   0.5   9.0   06:31    NW
----------------------------------------------------------------------------------
    54.2  79.7    24    31.0    29   335.9   1.8  1.42   0.7  24.0    21     WNW

Max >=  80.0:  0
Max <=  32.0:  0
Min <=  32.0:  1
Min <=   0.0:  0
Max Rain: 1.00 on day 9
Days of Rain: 8 (>= 0.01 in)  2 (>= 0.10 in)  1 (>= 1.00 in)
Heat Base: 65.0  Cool Base: 65.0  Method: Integration