NOAA-Style Climate Reports

Select a Year or Month report
2018: Jan Feb Mar Apr May Jun Jul Aug Sep Oct Nov Dec
2017: Jan Feb Mar Apr May Jun Jul Aug Sep Oct Nov Dec
2016: Jan Feb Mar Apr May Jun Jul Aug Sep Oct Nov Dec
2015: Jan Feb Mar Apr May Jun Jul Aug Sep Oct Nov Dec
2014: Jan Feb Mar Apr May Jun Jul Aug Sep Oct Nov Dec
2013: Jan Feb Mar Apr May Jun Jul Aug Sep Oct Nov Dec

Report for 2014 November
                   Monthly Climatological Summary for Nov 2014

Name: bhmsweather   City: Broomfield   State: Colorado
Elevation: 5420 ft  Lat: N 39° 59' 02"   Lon: W 105° 59' 04"

                  Temperature (°F), Rain (in), Wind Speed (mph)

                                      Heat  Cool        Avg
    Mean                              Deg   Deg         Wind                 Dom
Day Temp  High   Time   Low    Time   Days  Days  Rain  Speed High   Time    Dir
----------------------------------------------------------------------------------
 1  46.5  61.4   16:25  34.7   06:22  18.5   0.0  0.00   0.4   9.0   07:24   NNW
 2  54.2  71.2   11:15  42.2   05:41  10.8   0.0  0.00   0.8  15.0   11:29     S
 3  40.1  45.5   03:10  31.0   23:58  24.9   0.0  0.05   1.1  16.0   12:26   NNE
 4  41.2  58.7   14:57  26.1   07:05  23.8   0.0  0.00   0.3   9.0   11:52   SSE
 5  48.0  63.5   12:28  34.2   05:12  17.0   0.0  0.00   0.5  10.0   14:55   ESE
 6  48.2  67.2   14:15  32.5   06:33  16.8   0.0  0.00   0.2   7.0   04:14   SSE
 7  55.4  70.1   12:27  42.1   00:00   9.6   0.0  0.16   2.6  30.0   09:05     W
 8  51.0  68.9   15:38  34.3   07:07  14.0   0.0  0.01   1.5  21.0   20:51   WSW
 9  57.6  72.9   14:52  44.6   05:21   7.4   0.0  0.00   2.3  26.0   09:50     W
10  36.6  65.1   09:50  16.8   23:51  28.4   0.0  0.00   2.4  35.0   08:27     N
11  15.1  21.0   11:24   8.9   23:55  49.9   0.0  0.01   1.2  11.0   14:09    NE
12   3.0   8.8   00:00  -1.6   23:57  62.0   0.0  0.01   0.8  11.0   04:10    NE
13   5.3  13.6   15:44  -3.9   04:08  59.7   0.0  0.00   0.3   6.0   11:52    NW
14  17.4  32.6   14:06   5.6   06:57  47.6   0.0  0.05   0.7  12.0   11:46   NNE
15  16.4  21.3   03:55   9.9   19:24  48.6   0.0  0.01   0.9  10.0   11:51   ENE
16  19.3  32.1   14:39   6.0   06:07  45.7   0.0  0.03   0.8  15.0   21:54     W
17  31.7  40.2   12:20  25.6   20:05  33.3   0.0  0.00   4.4  28.0   05:45     W
18  39.7  49.3   12:34  24.9   01:06  25.3   0.0  0.00   4.0  30.0   16:32     W
19  36.5  46.4   12:13  24.8   23:31  28.5   0.0  0.00   0.8  14.0   00:06   WNW
20  35.8  52.1   14:38  21.9   05:06  29.2   0.0  0.00   0.3   7.0   09:41   NNW
21  41.3  58.6   12:38  26.9   06:00  23.7   0.0  0.00   0.4  11.0   14:57     W
22  50.0  65.4   14:03  28.1   01:57  15.0   0.0  0.00   4.8  28.0   16:59     W
23  37.8  51.5   00:09  25.9   23:55  27.2   0.0  0.00   1.8  17.0   03:10     N
24  34.9  46.2   13:05  26.6   23:46  30.1   0.0  0.00   4.1  24.0   09:46   WNW
25  40.1  51.2   14:57  27.2   00:00  24.9   0.0  0.00   5.2  27.0   11:07     W
26  32.6  45.9   14:48  25.5   23:38  32.4   0.0  0.01   0.7  11.0   15:39     E
27  53.1  65.4   15:24  25.4   00:07  11.9   0.0  0.00   4.2  25.0   08:07     W
28  58.5  68.4   15:41  44.9   23:59   6.5   0.0  0.00   2.5  30.0   00:03   WSW
29  52.8  72.0   12:12  40.3   04:51  12.2   0.0  0.00   2.1  23.0   14:01   WNW
30  30.0  53.6   08:42  19.1   18:15  35.0   0.0  0.00   0.8  13.0   09:37   NNE
----------------------------------------------------------------------------------
    37.7  72.9     9    -3.9    13   819.9   0.0  0.34   1.8  35.0    10     WNW

Max >=  80.0:  0
Max <=  32.0:  4
Min <=  32.0: 21
Min <=   0.0:  2
Max Rain: 0.16 on day 7
Days of Rain: 9 (>= 0.01 in)  1 (>= 0.10 in)  0 (>= 1.00 in)
Heat Base: 65.0  Cool Base: 65.0  Method: Integration