NOAA-Style Climate Reports

Select a Year or Month report
2018: Jan Feb Mar Apr May Jun Jul Aug Sep Oct Nov Dec
2017: Jan Feb Mar Apr May Jun Jul Aug Sep Oct Nov Dec
2016: Jan Feb Mar Apr May Jun Jul Aug Sep Oct Nov Dec
2015: Jan Feb Mar Apr May Jun Jul Aug Sep Oct Nov Dec
2014: Jan Feb Mar Apr May Jun Jul Aug Sep Oct Nov Dec
2013: Jan Feb Mar Apr May Jun Jul Aug Sep Oct Nov Dec

Report for 2014 December
                   Monthly Climatological Summary for Dec 2014

Name: bhmsweather   City: Broomfield   State: Colorado
Elevation: 5420 ft  Lat: N 39° 59' 02"   Lon: W 105° 59' 04"

                  Temperature (°F), Rain (in), Wind Speed (mph)

                                      Heat  Cool        Avg
    Mean                              Deg   Deg         Wind                 Dom
Day Temp  High   Time   Low    Time   Days  Days  Rain  Speed High   Time    Dir
----------------------------------------------------------------------------------
 1  27.9  37.7   14:13  21.5   00:02  37.1   0.0  0.00   0.7  12.0   22:23   NNW
 2  50.5  65.9   12:27  27.8   00:57  14.5   0.0  0.00   2.6  21.0   03:08    NW
 3  34.6  42.8   12:55  29.5   05:11  30.4   0.0  0.00   1.0  11.0   12:10   NNW
 4  39.3  51.4   13:32  28.6   05:30  25.7   0.0  0.00   0.4   9.0   02:25    NW
 5  42.6  61.5   12:53  31.4   07:22  22.4   0.0  0.00   0.4   8.0   12:37    NE
 6  37.2  49.5   13:28  31.2   01:29  27.8   0.0  0.00   0.1   5.0   13:35   NNW
 7  42.6  60.8   12:24  27.7   05:06  22.4   0.0  0.00   2.1  24.0   12:34   WNW
 8  35.4  52.7   13:32  27.0   06:06  29.6   0.0  0.00   0.2   5.0   12:39   NNW
 9  33.4  47.6   14:33  24.5   03:34  31.6   0.0  0.00   0.2   8.0   13:08    NW
10  40.2  64.1   12:44  24.8   04:45  24.8   0.0  0.00   0.1   5.0   13:18    SE
11  41.5  64.7   13:15  26.2   07:25  23.5   0.0  0.00   0.1   5.0   12:34   SSE
12  42.0  67.5   13:01  26.9   07:19  23.0   0.0  0.00   0.1   5.0   15:21   NNW
13  43.9  60.0   11:40  32.9   22:04  21.1   0.0  0.00   0.1   4.0   03:34   NNW
14  34.0  36.9   09:07  29.8   03:07  31.0   0.0  0.10   0.3   8.0   12:26    NW
15  34.7  46.2   12:51  25.7   23:35  30.3   0.0  0.00   0.4   7.0   17:30   ESE
16  27.0  35.6   13:27  18.9   04:50  38.0   0.0  0.00   0.3   7.0   14:13   NNW
17  31.4  48.3   12:40  21.8   01:16  33.6   0.0  0.00   0.2   5.0   13:37   NNE
18  32.2  47.1   13:01  22.8   07:54  32.8   0.0  0.00   0.2   8.0   15:20   NNW
19  33.8  50.4   13:05  20.3   07:46  31.2   0.0  0.00   0.9  16.0   16:21    SW
20  36.6  51.8   13:39  25.7   01:54  28.4   0.0  0.00   0.7  20.0   19:14   NNW
21  42.2  54.8   12:39  29.0   02:11  22.8   0.0  0.04   3.5  28.0   08:05   WNW
22  32.6  40.5   13:55  26.0   22:41  32.4   0.0  0.01   0.9  21.0   15:18     N
23  29.6  41.1   12:38  18.8   23:21  35.4   0.0  0.00   2.5  23.0   12:22     N
24  36.2  54.9   12:14  16.1   06:17  28.8   0.0  0.00   2.7  27.0   22:29     W
25  35.0  49.2   00:07  22.0   23:59  30.0   0.0  0.17   3.0  19.0   00:01     N
26  20.5  33.7   12:35   9.2   23:59  44.5   0.0  0.03   0.5   5.0   00:28   NNE
27  16.7  35.2   12:45   3.4   06:19  48.3   0.0  0.00   0.5  11.0   13:12     S
28  22.9  45.9   12:57   9.5   00:20  42.1   0.0  0.00   1.6  23.0   14:37    NW
29  14.9  22.0   00:19   2.2   23:51  50.1   0.0  0.05   1.7  12.0   06:11   NNE
30   0.6  14.5   13:02  -9.2   23:58  64.4   0.0  0.00   0.5   8.0   13:27     N
31   8.8  28.7   12:36  -9.7   00:37  56.2   0.0  0.05   0.2   8.0   13:38   WSW
----------------------------------------------------------------------------------
    32.3  67.5    12    -9.7    31  1014.2   0.0  0.45   0.9  28.0    21      NW

Max >=  80.0:  0
Max <=  32.0:  3
Min <=  32.0: 30
Min <=   0.0:  2
Max Rain: 0.17 on day 25
Days of Rain: 7 (>= 0.01 in)  2 (>= 0.10 in)  0 (>= 1.00 in)
Heat Base: 65.0  Cool Base: 65.0  Method: Integration