NOAA-Style Climate Reports

Select a Year or Month report
2018: Jan Feb Mar Apr May Jun Jul Aug Sep Oct Nov Dec
2017: Jan Feb Mar Apr May Jun Jul Aug Sep Oct Nov Dec
2016: Jan Feb Mar Apr May Jun Jul Aug Sep Oct Nov Dec
2015: Jan Feb Mar Apr May Jun Jul Aug Sep Oct Nov Dec
2014: Jan Feb Mar Apr May Jun Jul Aug Sep Oct Nov Dec
2013: Jan Feb Mar Apr May Jun Jul Aug Sep Oct Nov Dec

Report for 2015
                   Annual Climatological Summary for 2015

Name: bhmsweather   City: Broomfield   State: Colorado
Elevation: 5420 ft  Lat: N 39° 59' 02"   Lon: W 105° 59' 04"

                  Temperature (°F), Heat Base: 65.0  Cool Base: 65.0
                          Dep.  Heat  Cool                       Max  Max  Min  Min
        Mean  Mean        From  Deg   Deg                        >=   <=   <=   <=
 YR MO  Max   Min   Mean  Norm  Days  Days  Hi  Date  Low  Date 80.0 32.0 32.0   0.0
------------------------------------------------------------------------------------
 15  1  43.0   9.6  25.7   0.0   236     0  57.7   5   2.4    1    0    1    6    0
 15  2  60.0  29.3  43.3   0.0   412     0  80.5   7  13.2   17    1    0   12    0
 15  3  66.5  33.3  49.2   0.0   425     0  82.9  16  18.3    6    4    0   12    0
 15  4  65.6  36.3  50.0   0.0   449     0  80.1  30  25.0    4    1    0    5    0
 15  5  65.7  42.9  53.0   0.0   375     4  90.6  31  29.4   10    2    0    3    0
 15  6  84.0  56.6  69.0   0.0    10   131  92.7  19  49.7    8   21    0    0    0
 15  7  84.5  58.1  70.2   0.0    13   174  92.9  27  53.7   11   26    0    0    0
 15  8  87.0  57.5  71.3   0.0    15   208  97.0  15  48.2   19   27    0    0    0
 15  9  82.5  52.9  66.7   0.0    23    74  90.4   2  42.9   19   21    0    0    0
 15 10  67.6  43.8  54.6   0.0   329     5  84.9  11  32.8   24    5    0    0    0
 15 11  51.8  26.9  38.1   0.0   807     0  74.8   3  13.4   27    0    4   23    0
 15 12  43.7  20.9  31.1   0.0  1049     0  68.8   9   3.1   27    0    9   27    0
------------------------------------------------------------------------------------
        66.8  39.0  51.9   0.0  4146   598  97.0 Aug   2.4  Jan  108   14   88    0

                                Precipitation (in)

              Dep.   Max        Days of Rain
              From   Obs.           >=
 YR MO Total  Norm   Day Date 0.01 0.10 1.00
---------------------------------------------
 15  1  0.00   0.0  0.00   5     0    0    0
 15  2  0.76   0.0  0.34  16     4    4    0
 15  3  0.37   0.0  0.18  25     4    2    0
 15  4  2.41   0.0  0.94  16     8    4    0
 15  5  5.07   0.0  1.53   8    20   10    1
 15  6  3.60   0.0  1.19   5    14    6    1
 15  7  1.70   0.0  0.64   8    13    4    0
 15  8  0.63   0.0  0.18  16     8    3    0
 15  9  0.05   0.0  0.02  29     4    0    0
 15 10  1.38   0.0  0.57  21     7    4    0
 15 11  1.76   0.0  0.54   4    10    5    0
 15 12  0.75   0.0  0.47  15     4    3    0
---------------------------------------------
       18.48   0.0  1.53  May   96   45    2

                                Wind Speed (mph)
                          Dom
 YR MO   Avg.  Hi   Date  Dir
------------------------------
 15  1   1.6  39.0    5   WSW
 15  2   2.1  33.0    8     W
 15  3   1.5  30.0   23    NW
 15  4   1.4  31.0    1     N
 15  5   0.9  20.0    9   NNE
 15  6   0.9  18.0    1   NNE
 15  7   0.7  22.0   14     N
 15  8   0.7  18.0    4     N
 15  9   0.8  51.0   23     N
 15 10   0.7  18.0    2     N
 15 11   1.4  31.0   18   NNW
 15 12   1.4  26.4    7    NW
------------------------------
         1.2  51.0  Sep    NW