NOAA-Style Climate Reports

Select a Year or Month report
2018: Jan Feb Mar Apr May Jun Jul Aug Sep Oct Nov Dec
2017: Jan Feb Mar Apr May Jun Jul Aug Sep Oct Nov Dec
2016: Jan Feb Mar Apr May Jun Jul Aug Sep Oct Nov Dec
2015: Jan Feb Mar Apr May Jun Jul Aug Sep Oct Nov Dec
2014: Jan Feb Mar Apr May Jun Jul Aug Sep Oct Nov Dec
2013: Jan Feb Mar Apr May Jun Jul Aug Sep Oct Nov Dec

Report for 2015 January
                   Monthly Climatological Summary for Jan 2015

Name: bhmsweather   City: Broomfield   State: Colorado
Elevation: 5420 ft  Lat: N 39° 59' 02"   Lon: W 105° 59' 04"

                  Temperature (°F), Rain (in), Wind Speed (mph)

                                      Heat  Cool        Avg
    Mean                              Deg   Deg         Wind                 Dom
Day Temp  High   Time   Low    Time   Days  Days  Rain  Speed High   Time    Dir
----------------------------------------------------------------------------------
 1  18.6  34.9   12:38   2.4   07:31  46.4   0.0  0.00   0.3  10.0   11:52    NW
 2  26.3  46.4   12:57  13.3   07:43  38.7   0.0  0.00   0.3   7.0   11:55     S
 3  19.0  35.0   11:48   5.9   23:27  46.0   0.0  0.00   0.9  15.0   14:13    NE
 4  15.5  30.9   16:23   3.2   05:27  49.5   0.0  0.00   0.8  29.0   16:02   NNW
 5  39.4  57.7   16:06   4.4   02:33  25.6   0.0  0.00   6.2  39.0   15:57   WSW
 6  35.2  53.3   13:11  28.3   05:43  29.8   0.0  0.00   1.8   9.0   09:48   NNW
 7  22.4  30.0   22:32  17.6   07:11  42.6   0.0  0.00   0.6   9.0   22:29    SE
 8  43.4  57.9   03:26  20.3   23:44  21.6   0.0  0.00   4.5  31.0   01:00   ESE
 9  23.8  27.2   15:14  17.2   01:16  41.2   0.0  0.00   0.1   8.0   00:40   ENE
10  36.8  58.9   13:17  23.5   00:29  28.2   0.0  0.00   0.4   7.0   00:22     N
11  35.4  50.2   13:19  26.9   04:13  29.6   0.0  0.00   0.4   9.0   13:04   ENE
12  26.3  31.7   00:00  24.7   20:19  38.7   0.0  0.00   0.5   8.0   12:46     N
13  30.6  38.0   12:39  25.2   00:00  34.4   0.0  0.00   0.2   6.0   11:30     N
14  33.0  45.4   13:20  22.5   07:59  32.0   0.0  0.00   0.2   6.0   10:08     S
15  36.1  57.1   13:58  21.1   07:32  28.9   0.0  0.00   0.6   9.0   01:14     S
16  50.5  65.5   13:45  27.7   01:32  14.5   0.0  0.00   5.0  31.0   12:00     W
17  45.6  56.4   12:58  36.9   23:22  19.4   0.0  0.00   4.7  28.0   11:38   WNW
18  53.8  70.6   13:19  38.4   02:13  11.2   0.0  0.00   3.7  32.0   14:16     W
19  50.5  62.3   13:17  33.7   23:58  14.5   0.0  0.00   2.2  27.0   06:12   WSW
20  36.2  48.6   13:07  29.4   07:33  28.8   0.0  0.00   0.4   7.0   13:14   ESE
21  28.5  36.2   13:31  18.0   23:57  36.5   0.0  0.11   0.4  15.0   14:37   NNE
22  23.2  45.1   13:10   6.0   07:44  41.8   0.0  0.00   0.3   7.0   11:15     S
23  33.3  51.1   12:49  17.1   01:55  31.7   0.0  0.00   0.4  10.0   16:30   SSE
24  41.6  54.7   13:29  23.9   05:04  23.4   0.0  0.00   3.1  23.0   14:15     W
25  46.8  65.4   13:10  28.9   06:30  18.2   0.0  0.00   2.3  21.0   14:53     W
26  50.2  77.0   13:24  31.5   07:41  14.8   0.0  0.00   0.3   8.0   15:21    SE
27  52.4  77.6   14:03  34.9   06:54  12.6   0.0  0.00   1.0  20.0   23:12    NW
28  53.1  65.0   13:40  37.7   22:47  11.9   0.0  0.00   5.1  31.0   03:12     W
29  41.2  51.3   13:58  33.8   23:06  23.8   0.0  0.00   0.5   9.0   12:40     S
30  40.2  51.1   14:23  32.8   03:10  24.8   0.0  0.00   0.3   6.0   21:47   NNW
31  36.6  41.8   13:09  30.4   23:52  28.4   0.0  0.15   0.5  13.0   22:15     N
----------------------------------------------------------------------------------
    36.3  77.6    27     2.4     1   889.5   0.0  0.26   1.5  39.0     5       W

Max >=  80.0:  0
Max <=  32.0:  4
Min <=  32.0: 24
Min <=   0.0:  0
Max Rain: 0.15 on day 31
Days of Rain: 2 (>= 0.01 in)  2 (>= 0.10 in)  0 (>= 1.00 in)
Heat Base: 65.0  Cool Base: 65.0  Method: Integration