NOAA-Style Climate Reports

Select a Year or Month report
2018: Jan Feb Mar Apr May Jun Jul Aug Sep Oct Nov Dec
2017: Jan Feb Mar Apr May Jun Jul Aug Sep Oct Nov Dec
2016: Jan Feb Mar Apr May Jun Jul Aug Sep Oct Nov Dec
2015: Jan Feb Mar Apr May Jun Jul Aug Sep Oct Nov Dec
2014: Jan Feb Mar Apr May Jun Jul Aug Sep Oct Nov Dec
2013: Jan Feb Mar Apr May Jun Jul Aug Sep Oct Nov Dec

Report for 2015 February
                   Monthly Climatological Summary for Feb 2015

Name: bhmsweather   City: Broomfield   State: Colorado
Elevation: 5420 ft  Lat: N 39° 59' 02"   Lon: W 105° 59' 04"

                  Temperature (°F), Rain (in), Wind Speed (mph)

                                      Heat  Cool        Avg
    Mean                              Deg   Deg         Wind                 Dom
Day Temp  High   Time   Low    Time   Days  Days  Rain  Speed High   Time    Dir
----------------------------------------------------------------------------------
 1  25.4  37.4   12:51  15.3   21:07  39.6   0.0  0.12   0.2   7.0   01:25    SE
 2  37.7  61.3   13:24  16.8   00:25  27.3   0.0  0.00   2.5  21.0   22:10     W
 3  52.4  63.4   14:11  41.9   08:20  12.6   0.0  0.00   4.6  28.0   03:02   WSW
 4  33.4  51.9   00:35  22.0   23:53  31.6   0.0  0.16   2.0  25.0   06:06     N
 5  46.8  63.2   14:16  21.7   00:19  18.2   0.0  0.00   3.0  20.0   14:06   WSW
 6  62.1  72.6   16:22  45.0   08:05   2.9   0.0  0.00   3.6  24.0   21:38   WSW
 7  63.2  80.5   13:59  49.5   00:40   1.8   0.0  0.00   5.5  31.0   21:15     W
 8  57.3  72.7   13:59  43.5   23:57   7.7   0.0  0.00   4.4  33.0   10:39   WNW
 9  52.4  74.0   13:54  30.3   07:01  12.6   0.0  0.00   2.0  32.0   17:46     W
10  49.4  63.2   13:06  37.1   06:33  15.6   0.0  0.00   2.0  23.0   13:40     W
11  41.7  54.0   13:53  32.5   23:58  23.3   0.0  0.00   0.7  11.0   00:13    SW
12  44.0  64.9   13:52  28.1   03:43  21.0   0.0  0.00   0.9  14.0   12:05    SW
13  48.9  69.5   14:02  33.9   06:25  16.1   0.0  0.00   0.8   9.0   14:57   SSW
14  47.6  66.7   16:39  29.7   05:42  17.4   0.0  0.00   1.0  13.0   21:03     E
15  35.0  43.7   10:48  30.2   23:24  30.0   0.0  0.14   1.8  14.0   11:23     E
16  30.6  39.3   13:50  22.3   23:58  34.4   0.0  0.34   0.6  10.0   13:53   NNE
17  28.7  50.3   13:50  13.2   07:01  36.3   0.0  0.00   1.0   8.0   20:31   NNE
18  36.0  65.4   13:28  17.6   07:04  29.0   0.0  0.00   0.7   8.0   11:14   NNE
19  29.8  45.4   09:10  26.9   03:54  35.2   0.0  0.00   1.0   8.0   04:22   NNE
----------------------------------------------------------------------------------
    43.3  80.5     7    13.2    17   412.6   0.0  0.76   2.1  33.0     8       W

Max >=  80.0:  1
Max <=  32.0:  0
Min <=  32.0: 12
Min <=   0.0:  0
Max Rain: 0.34 on day 16
Days of Rain: 4 (>= 0.01 in)  4 (>= 0.10 in)  0 (>= 1.00 in)
Heat Base: 65.0  Cool Base: 65.0  Method: Integration