NOAA-Style Climate Reports

Select a Year or Month report
2018: Jan Feb Mar Apr May Jun Jul Aug Sep Oct Nov Dec
2017: Jan Feb Mar Apr May Jun Jul Aug Sep Oct Nov Dec
2016: Jan Feb Mar Apr May Jun Jul Aug Sep Oct Nov Dec
2015: Jan Feb Mar Apr May Jun Jul Aug Sep Oct Nov Dec
2014: Jan Feb Mar Apr May Jun Jul Aug Sep Oct Nov Dec
2013: Jan Feb Mar Apr May Jun Jul Aug Sep Oct Nov Dec

Report for 2015 March
                   Monthly Climatological Summary for Mar 2015

Name: bhmsweather   City: Broomfield   State: Colorado
Elevation: 5420 ft  Lat: N 39° 59' 02"   Lon: W 105° 59' 04"

                  Temperature (°F), Rain (in), Wind Speed (mph)

                                      Heat  Cool        Avg
    Mean                              Deg   Deg         Wind                 Dom
Day Temp  High   Time   Low    Time   Days  Days  Rain  Speed High   Time    Dir
----------------------------------------------------------------------------------
 5  25.7  45.4   08:55  20.2   08:57  39.3   0.0  0.00   1.0   9.0   13:06     E
 6  35.1  52.2   13:57  18.3   06:37  29.9   0.0  0.00   0.9   8.0   14:47     N
 7  38.7  54.1   12:26  23.4   05:58  26.3   0.0  0.00   1.0   9.0   13:30     N
 8  39.2  50.9   16:26  30.8   07:30  25.8   0.0  0.00   0.9   8.0   13:52   NNW
 9  42.3  60.8   17:01  25.7   07:31  22.7   0.0  0.00   0.9   8.0   13:15    SE
10  45.0  66.5   14:42  27.6   06:55  20.0   0.0  0.00   0.6  10.0   12:39    NE
11  48.9  68.8   14:56  27.5   07:14  16.1   0.0  0.00   0.6   9.0   19:04    SW
12  52.3  66.6   13:55  40.4   06:38  12.7   0.0  0.00   1.0  17.0   19:14   ENE
13  52.9  61.8   13:40  41.9   23:58  12.1   0.0  0.02   1.9  12.0   12:42     N
14  50.1  71.1   14:59  29.6   07:25  14.9   0.0  0.00   0.8  12.0   19:39     S
15  58.9  81.6   14:49  38.0   07:38   6.1   0.0  0.00   0.6  10.0   13:55   SSE
16  60.7  82.9   14:46  39.8   07:27   4.3   0.0  0.00   1.9  18.0   17:50    NE
17  47.1  58.8   14:55  39.4   23:57  17.9   0.0  0.00   1.7  14.0   13:01     N
18  49.6  65.2   17:17  37.7   05:16  15.4   0.0  0.13   1.2  16.0   19:01   SSW
19  43.9  53.1   17:28  35.3   23:57  21.1   0.0  0.04   1.1  11.0   01:50   NNW
20  47.0  69.6   14:31  27.7   07:21  18.0   0.0  0.00   0.4   8.0   14:46     E
21  52.0  73.7   14:51  30.3   07:17  13.0   0.0  0.00   0.8  11.0   13:28   SSE
22  56.6  77.5   14:44  38.9   04:28   8.4   0.0  0.00   1.8  18.0   12:22   WNW
23  52.7  71.5   15:00  37.7   07:24  12.3   0.0  0.00   2.8  30.0   23:08   WNW
24  52.2  64.0   14:51  38.8   06:24  12.8   0.0  0.00   3.7  24.0   03:28     W
25  40.2  50.1   00:00  32.0   23:41  24.8   0.0  0.18   1.1  17.0   12:03   NNE
26  47.5  65.7   14:21  27.8   07:19  17.5   0.0  0.00   2.0  22.0   18:18   WNW
27  56.2  75.5   14:46  35.6   05:38   8.8   0.0  0.00   1.4  21.0   21:55   WNW
28  63.8  79.7   14:49  43.0   07:33   1.2   0.0  0.00   3.7  29.0   22:20     W
29  54.9  65.2   17:31  40.9   07:00  10.1   0.0  0.00   2.2  23.0   01:00     S
30  56.5  80.0   14:44  35.6   07:07   8.5   0.0  0.00   2.0  26.0   17:18    NW
31  59.7  82.4   14:56  36.5   07:03   5.3   0.0  0.00   0.9  15.0   15:02   WNW
----------------------------------------------------------------------------------
    49.2  82.9    16    18.3     6   425.3   0.0  0.37   1.5  30.0    23      NW

Max >=  80.0:  4
Max <=  32.0:  0
Min <=  32.0: 12
Min <=   0.0:  0
Max Rain: 0.18 on day 25
Days of Rain: 4 (>= 0.01 in)  2 (>= 0.10 in)  0 (>= 1.00 in)
Heat Base: 65.0  Cool Base: 65.0  Method: Integration