NOAA-Style Climate Reports

Select a Year or Month report
2018: Jan Feb Mar Apr May Jun Jul Aug Sep Oct Nov Dec
2017: Jan Feb Mar Apr May Jun Jul Aug Sep Oct Nov Dec
2016: Jan Feb Mar Apr May Jun Jul Aug Sep Oct Nov Dec
2015: Jan Feb Mar Apr May Jun Jul Aug Sep Oct Nov Dec
2014: Jan Feb Mar Apr May Jun Jul Aug Sep Oct Nov Dec
2013: Jan Feb Mar Apr May Jun Jul Aug Sep Oct Nov Dec

Report for 2015 April
                   Monthly Climatological Summary for Apr 2015

Name: bhmsweather   City: Broomfield   State: Colorado
Elevation: 5420 ft  Lat: N 39° 59' 02"   Lon: W 105° 59' 04"

                  Temperature (°F), Rain (in), Wind Speed (mph)

                                      Heat  Cool        Avg
    Mean                              Deg   Deg         Wind                 Dom
Day Temp  High   Time   Low    Time   Days  Days  Rain  Speed High   Time    Dir
----------------------------------------------------------------------------------
 1  57.9  72.7   14:45  45.1   23:59   7.1   0.0  0.00   2.3  31.0   16:36   WNW
 2  37.4  45.0   00:00  29.7   23:58  27.6   0.0  0.14   1.9  16.0   14:37     N
 3  38.3  51.1   14:03  27.5   07:25  26.7   0.0  0.00   0.7   8.0   14:23   NNE
 4  45.3  67.9   14:53  25.0   06:38  19.7   0.0  0.00   0.6  10.0   13:09     E
 5  53.9  78.4   14:39  30.9   06:45  11.1   0.0  0.00   1.0  19.0   23:38   ENE
 6  58.6  79.2   14:34  39.6   04:22   6.4   0.0  0.00   1.2  14.0   15:14   ENE
 7  52.1  66.3   14:56  41.4   03:01  12.9   0.0  0.00   1.3  10.0   21:22   NNE
 8  50.7  64.6   13:20  44.4   06:33  14.3   0.0  0.02   2.1  22.0   20:15     N
 9  44.7  58.6   14:43  36.1   07:37  20.3   0.0  0.00   1.2  20.0   00:10     E
10  48.3  67.4   15:11  30.8   06:59  16.7   0.0  0.00   0.8  12.0   17:12   SSE
11  53.5  74.5   16:01  32.1   06:33  11.5   0.0  0.00   0.7  12.0   14:06   SSE
12  57.5  70.6   14:24  43.7   23:58   7.5   0.0  0.00   4.1  29.0   09:51     W
13  53.3  73.0   16:20  33.1   05:36  11.7   0.0  0.00   1.1  12.0   20:13   NNW
14  59.1  79.1   14:53  35.8   06:40   5.9   0.0  0.00   2.0  21.0   20:12    SE
15  50.9  65.0   13:07  38.1   23:58  14.1   0.0  0.00   3.3  26.0   16:18     N
16  36.2  39.8   13:17  33.1   21:47  28.8   0.0  0.94   0.9  14.0   17:18   NNW
17  39.4  51.2   16:18  33.2   00:56  25.6   0.0  0.68   2.5  14.0   08:34   NNW
18  44.2  60.5   14:51  36.8   23:38  20.8   0.0  0.05   1.4  19.0   18:47   NNW
19  43.8  54.2   17:27  36.3   06:51  21.2   0.0  0.00   1.9  16.0   03:00   NNE
20  45.4  61.8   15:32  33.3   06:50  19.6   0.0  0.00   0.9  10.0   03:19    NE
21  52.7  71.9   14:21  33.7   06:42  12.3   0.0  0.00   1.1  18.0   14:44     N
22  53.9  73.7   15:11  37.8   06:40  11.1   0.0  0.00   2.0  21.0   16:08    SW
23  57.2  71.5   11:35  40.1   06:36   7.8   0.0  0.00   1.4  22.0   18:20    SW
24  52.5  71.5   12:29  38.0   06:51  12.5   0.0  0.00   1.0  19.0   15:49     W
25  53.6  73.8   14:45  36.6   05:43  11.4   0.0  0.00   1.1  18.0   15:14     N
26  44.6  48.2   00:00  40.4   23:54  20.4   0.0  0.48   0.7   9.0   06:16   NNE
27  43.6  52.3   15:20  39.3   04:59  21.4   0.0  0.08   0.8   6.0   13:37     N
28  51.0  65.4   15:55  37.6   06:52  14.0   0.0  0.00   0.5   8.0   11:24     E
29  58.3  78.5   15:07  36.5   06:24   6.7   0.0  0.00   0.5  13.0   14:46   ESE
30  62.5  80.1   14:52  44.0   05:05   2.5   0.0  0.02   1.3  19.0   18:32   NNE
----------------------------------------------------------------------------------
    50.0  80.1    30    25.0     4   449.6   0.0  2.41   1.4  31.0     1       N

Max >=  80.0:  1
Max <=  32.0:  0
Min <=  32.0:  5
Min <=   0.0:  0
Max Rain: 0.94 on day 16
Days of Rain: 8 (>= 0.01 in)  4 (>= 0.10 in)  0 (>= 1.00 in)
Heat Base: 65.0  Cool Base: 65.0  Method: Integration