NOAA-Style Climate Reports

Select a Year or Month report
2018: Jan Feb Mar Apr May Jun Jul Aug Sep Oct Nov Dec
2017: Jan Feb Mar Apr May Jun Jul Aug Sep Oct Nov Dec
2016: Jan Feb Mar Apr May Jun Jul Aug Sep Oct Nov Dec
2015: Jan Feb Mar Apr May Jun Jul Aug Sep Oct Nov Dec
2014: Jan Feb Mar Apr May Jun Jul Aug Sep Oct Nov Dec
2013: Jan Feb Mar Apr May Jun Jul Aug Sep Oct Nov Dec

Report for 2015 May
                   Monthly Climatological Summary for May 2015

Name: bhmsweather   City: Broomfield   State: Colorado
Elevation: 5420 ft  Lat: N 39° 59' 02"   Lon: W 105° 59' 04"

                  Temperature (°F), Rain (in), Wind Speed (mph)

                                      Heat  Cool        Avg
    Mean                              Deg   Deg         Wind                 Dom
Day Temp  High   Time   Low    Time   Days  Days  Rain  Speed High   Time    Dir
----------------------------------------------------------------------------------
 1  55.4  66.2   13:09  45.3   06:20   9.6   0.0  0.04   0.6  12.0   14:36   NNE
 2  59.5  78.5   14:03  45.0   06:22   5.5   0.0  0.00   0.7  17.0   15:35   WSW
 3  59.9  80.9   12:04  47.2   05:42   5.1   0.0  0.00   0.9  18.0   16:29     N
 4  52.4  60.3   15:02  48.6   01:33  12.6   0.0  0.54   0.4   9.0   18:46   NNE
 5  51.3  55.8   12:29  48.5   06:05  13.7   0.0  0.36   0.6  10.0   14:45     N
 6  54.6  66.6   14:14  47.9   02:59  10.4   0.0  0.01   0.4  17.0   16:51   NNE
 7  50.3  59.0   16:04  45.1   07:14  14.7   0.0  0.00   0.9  15.0   21:01     N
 8  47.1  51.0   12:22  45.1   04:55  17.9   0.0  1.53   1.3  14.0   20:06   NNW
 9  41.9  48.2   12:42  29.6   23:58  23.1   0.0  0.59   3.2  20.0   19:05     N
10  38.0  48.5   16:44  29.4   00:27  27.0   0.0  0.12   0.1  10.0   00:10     N
11  45.9  61.6   15:51  31.3   06:24  19.1   0.0  0.00   0.5   8.0   16:38   ESE
12  53.1  75.4   15:43  36.5   06:06  11.9   0.0  0.00   0.7  10.0   16:49    NE
13  54.5  69.0   15:16  47.5   23:18  10.5   0.0  0.00   1.4  12.0   11:44   NNE
14  58.6  78.0   15:10  40.5   06:15   6.4   0.0  0.00   1.2  15.0   16:30   SSE
15  56.3  69.4   14:45  45.1   05:55   8.7   0.0  0.01   1.2  12.0   16:04     N
16  52.8  67.9   12:13  42.2   06:30  12.2   0.0  0.00   1.3  15.0   18:15     S
17  56.8  74.5   13:50  44.7   00:17   8.2   0.0  0.02   1.3  12.0   03:23   NNE
18  47.5  51.4   00:00  42.5   06:56  17.5   0.0  0.04   1.0   8.0   17:11   NNE
19  44.9  47.1   00:00  40.2   23:55  20.1   0.0  0.80   1.1   8.0   09:19     E
20  41.2  46.6   15:03  37.1   05:59  23.8   0.0  0.02   0.8   6.0   11:38    NE
21  47.1  54.1   16:16  41.1   00:00  17.9   0.0  0.01   0.6   8.0   13:39     N
22  51.4  58.5   13:17  46.9   07:13  13.6   0.0  0.40   0.9  11.0   14:24   NNE
23  51.4  60.5   13:08  44.4   23:59  13.6   0.0  0.07   0.8  12.0   13:14   NNE
24  50.2  63.0   13:25  37.9   06:13  14.8   0.0  0.08   0.8  11.0   13:14   NNE
25  53.3  71.8   15:05  39.4   05:58  11.7   0.0  0.13   0.9  13.0   18:03   NNE
26  57.0  76.4   14:10  41.7   06:19   8.0   0.0  0.04   0.7  10.0   15:15     S
27  62.4  79.9   15:28  45.3   06:21   2.6   0.0  0.00   0.8   7.0   15:14     E
28  62.4  75.7   12:45  52.8   06:32   2.6   0.0  0.11   1.1  11.0   19:41     N
29  56.6  71.8   14:38  47.2   06:31   8.4   0.0  0.15   1.2  11.0   17:12   NNE
30  60.7  77.1   15:54  44.8   06:25   4.3   0.0  0.00   0.9   7.0   16:14     E
31  69.0  90.6   14:21  49.8   04:51   0.0   4.0  0.00   0.9  15.0   13:19   NNE
----------------------------------------------------------------------------------
    53.0  90.6    31    29.4    10   375.5   4.0  5.07   0.9  20.0     9     NNE

Max >=  80.0:  2
Max <=  32.0:  0
Min <=  32.0:  3
Min <=   0.0:  0
Max Rain: 1.53 on day 8
Days of Rain: 20 (>= 0.01 in)  10 (>= 0.10 in)  1 (>= 1.00 in)
Heat Base: 65.0  Cool Base: 65.0  Method: Integration