NOAA-Style Climate Reports

Select a Year or Month report
2018: Jan Feb Mar Apr May Jun Jul Aug Sep Oct Nov Dec
2017: Jan Feb Mar Apr May Jun Jul Aug Sep Oct Nov Dec
2016: Jan Feb Mar Apr May Jun Jul Aug Sep Oct Nov Dec
2015: Jan Feb Mar Apr May Jun Jul Aug Sep Oct Nov Dec
2014: Jan Feb Mar Apr May Jun Jul Aug Sep Oct Nov Dec
2013: Jan Feb Mar Apr May Jun Jul Aug Sep Oct Nov Dec

Report for 2015 June
                   Monthly Climatological Summary for Jun 2015

Name: bhmsweather   City: Broomfield   State: Colorado
Elevation: 5420 ft  Lat: N 39° 59' 02"   Lon: W 105° 59' 04"

                  Temperature (°F), Rain (in), Wind Speed (mph)

                                      Heat  Cool        Avg
    Mean                              Deg   Deg         Wind                 Dom
Day Temp  High   Time   Low    Time   Days  Days  Rain  Speed High   Time    Dir
----------------------------------------------------------------------------------
 1  67.5  83.8   16:04  52.0   06:08   0.0   2.5  0.00   1.1  18.0   13:48   SSE
 2  72.0  92.1   15:23  52.5   06:05   0.0   7.0  0.00   0.9   9.0   16:03    NE
 3  64.8  77.5   13:53  53.4   04:52   0.2   0.0  0.04   1.0  12.0   16:50   ENE
 4  67.9  84.9   15:21  55.9   05:49   0.0   2.9  0.63   1.3  13.0   18:18    NE
 5  61.0  73.9   15:45  53.3   06:04   4.0   0.0  1.19   0.7   8.0   13:02   NNE
 6  62.9  76.3   12:58  50.6   06:17   2.1   0.0  0.02   0.8  11.0   14:02     N
 7  64.9  81.4   15:25  52.4   06:24   0.1   0.0  0.01   1.0  10.0   17:42   ENE
 8  67.7  85.3   15:51  49.7   06:08   0.0   2.7  0.00   0.7   7.0   14:36   NNE
 9  71.1  90.4   14:20  54.8   05:23   0.0   6.1  0.14   0.8  11.0   19:00   ESE
10  67.6  76.7   14:09  62.5   05:56   0.0   2.6  0.02   0.7   9.0   15:47    NE
11  63.3  78.4   14:50  55.7   21:49   1.7   0.0  0.64   1.3  15.0   15:52     N
12  63.4  77.4   15:50  56.4   00:00   1.6   0.0  0.46   0.6   6.0   00:10    NE
13  69.0  89.9   15:08  52.3   06:02   0.0   4.0  0.00   1.1  16.0   18:17   NNE
14  71.4  87.2   15:40  57.3   06:17   0.0   6.4  0.00   1.1  12.0   23:11   NNE
15  64.4  71.6   15:10  57.7   06:32   0.6   0.0  0.00   0.6   6.0   00:38   NNE
16  66.4  81.1   16:29  57.4   05:35   0.0   1.4  0.02   1.4  18.0   22:19   NNE
17  69.6  87.4   15:05  54.6   06:14   0.0   4.6  0.01   0.7   6.0   19:47   NNE
18  69.3  82.9   15:17  56.6   06:12   0.0   4.3  0.07   0.9  10.0   06:47   NNE
19  75.2  92.7   14:53  57.1   06:02   0.0  10.2  0.00   0.6   6.0   15:37    SE
20  74.0  85.3   16:35  61.2   05:52   0.0   9.0  0.00   0.7  10.0   04:51     E
21  74.9  91.3   17:31  60.0   05:04   0.0   9.9  0.00   0.6   8.0   18:18     N
22  68.6  77.8   16:00  59.4   08:11   0.0   3.6  0.00   0.8  11.0   07:12    NE
23  72.0  87.8   16:57  58.2   05:51   0.0   7.0  0.00   1.1  12.0   18:13     N
24  71.9  88.9   11:17  62.7   20:56   0.0   6.9  0.34   1.2  13.0   15:51   NNE
25  69.8  85.4   15:50  56.8   04:38   0.0   4.8  0.00   1.1  13.0   22:01     N
26  69.7  79.1   14:36  59.8   05:51   0.0   4.7  0.00   0.7   8.0   12:37   NNE
27  71.5  87.6   15:22  56.5   05:44   0.0   6.5  0.00   0.6  10.0   16:37   NNE
28  72.2  88.2   14:28  58.6   05:24   0.0   7.2  0.00   0.7  10.0   18:06     N
29  73.6  86.5   14:23  62.7   05:29   0.0   8.6  0.00   0.9   8.0   11:44     N
30  73.6  92.5   15:14  59.0   06:15   0.0   8.6  0.01   0.8  17.0   16:49     N
----------------------------------------------------------------------------------
    69.0  92.7    19    49.7     8    10.3 131.5  3.60   0.9  18.0     1     NNE

Max >=  80.0: 21
Max <=  32.0:  0
Min <=  32.0:  0
Min <=   0.0:  0
Max Rain: 1.19 on day 5
Days of Rain: 14 (>= 0.01 in)  6 (>= 0.10 in)  1 (>= 1.00 in)
Heat Base: 65.0  Cool Base: 65.0  Method: Integration