NOAA-Style Climate Reports

Select a Year or Month report
2018: Jan Feb Mar Apr May Jun Jul Aug Sep Oct Nov Dec
2017: Jan Feb Mar Apr May Jun Jul Aug Sep Oct Nov Dec
2016: Jan Feb Mar Apr May Jun Jul Aug Sep Oct Nov Dec
2015: Jan Feb Mar Apr May Jun Jul Aug Sep Oct Nov Dec
2014: Jan Feb Mar Apr May Jun Jul Aug Sep Oct Nov Dec
2013: Jan Feb Mar Apr May Jun Jul Aug Sep Oct Nov Dec

Report for 2015 July
                   Monthly Climatological Summary for Jul 2015

Name: bhmsweather   City: Broomfield   State: Colorado
Elevation: 5420 ft  Lat: N 39° 59' 02"   Lon: W 105° 59' 04"

                  Temperature (°F), Rain (in), Wind Speed (mph)

                                      Heat  Cool        Avg
    Mean                              Deg   Deg         Wind                 Dom
Day Temp  High   Time   Low    Time   Days  Days  Rain  Speed High   Time    Dir
----------------------------------------------------------------------------------
 1  73.4  86.7   13:34  62.9   05:42   0.0   8.4  0.00   0.7  11.0   17:22   NNE
 2  68.0  82.7   15:20  58.5   07:10   0.0   3.0  0.22   1.1  16.0   05:37    NE
 3  69.9  83.5   15:53  57.4   05:16   0.0   4.9  0.00   0.6   6.0   16:17     N
 4  73.9  91.8   15:44  59.1   05:55   0.0   8.9  0.00   0.7  13.0   16:06    NW
 5  71.5  87.2   12:35  60.6   05:56   0.0   6.5  0.02   0.7  14.0   16:29     N
 6  61.1  64.8   12:54  58.9   22:58   3.9   0.0  0.27   0.7   6.0   07:14   NNE
 7  61.7  69.9   13:43  57.7   01:38   3.3   0.0  0.06   0.6   9.0   14:03   NNW
 8  60.2  69.2   12:15  56.8   22:25   4.8   0.0  0.64   1.1  10.0   12:06     N
 9  64.0  79.4   15:41  55.8   02:29   1.0   0.0  0.02   0.7   9.0   16:42     N
10  69.5  83.4   14:05  57.2   05:53   0.0   4.5  0.02   0.5  10.0   13:23   NNW
11  69.4  87.0   14:48  53.7   05:56   0.0   4.4  0.00   0.8  15.0   18:00    NE
12  73.1  89.4   16:03  55.6   06:14   0.0   8.1  0.00   0.6   6.0   09:24     S
13  70.0  82.4   15:17  61.8   19:56   0.0   5.0  0.07   0.6  10.0   14:07     W
14  69.3  87.9   14:27  59.7   05:48   0.0   4.3  0.05   1.1  22.0   16:25     N
15  67.9  84.7   15:20  57.1   05:31   0.0   2.9  0.24   0.5  14.0   16:28   NNE
16  70.6  86.5   13:32  53.8   05:53   0.0   5.6  0.00   0.7  14.0   18:19   NNW
17  73.5  89.6   13:20  58.2   04:39   0.0   8.5  0.00   0.8  15.0   15:19    SW
18  68.7  87.1   14:16  57.3   04:21   0.0   3.7  0.00   0.7  13.0   14:53   NNE
19  67.0  77.5   16:56  56.2   05:36   0.0   2.0  0.00   0.4   5.0   00:09     N
20  69.4  83.2   13:54  55.5   06:13   0.0   4.4  0.00   0.7  10.0   19:37   SSW
21  68.4  80.4   17:14  61.0   06:01   0.0   3.4  0.01   1.2  14.0   17:16     N
22  72.4  89.2   15:46  55.7   04:36   0.0   7.4  0.00   0.7  15.0   13:23   NNW
23  75.2  91.7   15:47  57.3   06:03   0.0  10.2  0.00   0.4   7.0   12:14     S
24  72.9  84.1   13:03  63.2   03:22   0.0   7.9  0.02   0.7  11.0   19:39   SSW
25  76.3  90.7   14:03  60.0   06:21   0.0  11.3  0.00   0.6   6.0   12:34   ENE
26  74.6  89.4   12:57  59.2   06:13   0.0   9.6  0.00   0.7  12.0   15:01   SSE
27  76.4  92.9   15:49  59.0   06:07   0.0  11.4  0.00   0.6  11.0   21:27    NW
28  72.3  85.0   16:00  60.2   05:48   0.0   7.3  0.00   1.3  10.0   09:37   SSE
29  69.2  85.6   15:53  55.3   06:06   0.0   4.2  0.06   0.6   8.0   14:46    SE
30  73.1  89.2   15:13  57.0   06:19   0.0   8.1  0.00   0.9   8.0   03:35     N
31  73.4  87.8   15:01  60.4   06:26   0.0   8.4  0.00   0.7   8.0   19:38     S
----------------------------------------------------------------------------------
    70.2  92.9    27    53.7    11    13.0 174.3  1.70   0.7  22.0    14       N

Max >=  80.0: 26
Max <=  32.0:  0
Min <=  32.0:  0
Min <=   0.0:  0
Max Rain: 0.64 on day 8
Days of Rain: 13 (>= 0.01 in)  4 (>= 0.10 in)  0 (>= 1.00 in)
Heat Base: 65.0  Cool Base: 65.0  Method: Integration