NOAA-Style Climate Reports

Select a Year or Month report
2018: Jan Feb Mar Apr May Jun Jul Aug Sep Oct Nov Dec
2017: Jan Feb Mar Apr May Jun Jul Aug Sep Oct Nov Dec
2016: Jan Feb Mar Apr May Jun Jul Aug Sep Oct Nov Dec
2015: Jan Feb Mar Apr May Jun Jul Aug Sep Oct Nov Dec
2014: Jan Feb Mar Apr May Jun Jul Aug Sep Oct Nov Dec
2013: Jan Feb Mar Apr May Jun Jul Aug Sep Oct Nov Dec

Report for 2015 August
                   Monthly Climatological Summary for Aug 2015

Name: bhmsweather   City: Broomfield   State: Colorado
Elevation: 5420 ft  Lat: N 39° 59' 02"   Lon: W 105° 59' 04"

                  Temperature (°F), Rain (in), Wind Speed (mph)

                                      Heat  Cool        Avg
    Mean                              Deg   Deg         Wind                 Dom
Day Temp  High   Time   Low    Time   Days  Days  Rain  Speed High   Time    Dir
----------------------------------------------------------------------------------
 1  75.2  92.8   15:21  60.0   06:17   0.0  10.2  0.00   0.6   9.0   15:07     N
 2  73.6  89.7   13:30  61.9   06:09   0.0   8.6  0.15   0.9  12.0   18:51     S
 3  71.2  80.1   14:05  63.5   05:37   0.0   6.2  0.00   0.6   9.0   16:38     S
 4  74.1  90.5   14:22  59.0   03:36   0.0   9.1  0.00   1.4  18.0   18:49   NNW
 5  75.0  92.1   15:05  55.3   06:21   0.0  10.0  0.00   0.7   9.0   15:39     S
 6  74.4  91.4   16:12  60.6   06:18   0.0   9.4  0.00   0.9  18.0   12:35    NW
 7  71.9  87.8   17:06  54.8   06:20   0.0   6.9  0.00   0.9  10.0   18:26     N
 8  72.6  86.1   15:23  61.4   04:45   0.0   7.6  0.00   0.5   8.0   17:23   ENE
 9  72.7  87.2   13:41  58.4   06:13   0.0   7.7  0.01   0.5   7.0   13:07    SE
10  68.9  82.1   12:44  57.1   05:39   0.0   3.9  0.00   0.8  14.0   15:10     S
11  71.2  83.4   13:52  61.7   02:46   0.0   6.2  0.00   0.7  10.0   17:54     N
12  74.3  89.8   13:45  61.1   03:10   0.0   9.3  0.00   0.7  13.0   20:23   NNE
13  74.6  92.9   14:10  61.1   06:14   0.0   9.6  0.00   0.6  10.0   17:17   NNE
14  75.8  91.8   14:27  60.9   05:55   0.0  10.8  0.00   0.6  11.0   17:51     S
15  77.0  97.0   14:06  61.2   06:24   0.0  12.0  0.00   0.6  14.0   17:49    NE
16  71.8  86.0   14:15  61.7   06:30   0.0   6.8  0.18   0.9  17.0   16:26   NNE
17  67.2  76.5   13:28  59.3   06:41   0.0   2.2  0.02   0.9  14.0   12:17   NNE
18  61.6  74.4   14:49  51.7   05:57   3.4   0.0  0.03   1.2  13.0   01:59    NE
19  57.4  68.0   15:03  48.2   06:31   7.6   0.0  0.14   0.6   8.0   01:21   ESE
20  67.0  85.0   13:21  49.4   06:17   0.0   2.0  0.00   0.6  16.0   12:08   NNE
21  72.2  91.2   14:58  51.8   06:09   0.0   7.2  0.00   0.7  12.0   15:43   NNW
22  71.4  90.7   12:46  59.6   23:59   0.0   6.4  0.00   1.2  14.0   10:53     N
23  61.0  75.1   14:51  48.5   06:41   4.0   0.0  0.00   0.7   9.0   11:07     N
24  68.6  88.8   15:01  51.8   06:01   0.0   3.6  0.00   0.3   6.0   15:28   NNE
25  73.0  93.1   14:11  55.4   06:23   0.0   8.0  0.00   0.4   7.0   15:52   NNE
26  73.5  92.0   13:09  58.4   06:19   0.0   8.5  0.00   0.6  10.0   14:35     N
27  70.8  87.9   14:33  61.5   02:25   0.0   5.8  0.01   0.7  14.0   16:11     N
28  70.7  85.3   15:00  56.4   06:31   0.0   5.7  0.00   0.7  10.0   16:20     N
29  71.8  88.4   14:51  54.4   06:30   0.0   6.8  0.00   0.6   7.0   20:53     S
30  76.3  93.8   13:44  56.5   06:37   0.0  11.3  0.00   0.6   7.0   16:52   SSE
31  72.0  86.6   14:24  59.6   23:59   0.0   7.0  0.09   0.8  14.0   05:20   NNW
----------------------------------------------------------------------------------
    71.3  97.0    15    48.2    19    15.0 208.8  0.63   0.7  18.0     4     NNE

Max >=  80.0: 27
Max <=  32.0:  0
Min <=  32.0:  0
Min <=   0.0:  0
Max Rain: 0.18 on day 16
Days of Rain: 8 (>= 0.01 in)  3 (>= 0.10 in)  0 (>= 1.00 in)
Heat Base: 65.0  Cool Base: 65.0  Method: Integration