NOAA-Style Climate Reports

Select a Year or Month report
2018: Jan Feb Mar Apr May Jun Jul Aug Sep Oct Nov Dec
2017: Jan Feb Mar Apr May Jun Jul Aug Sep Oct Nov Dec
2016: Jan Feb Mar Apr May Jun Jul Aug Sep Oct Nov Dec
2015: Jan Feb Mar Apr May Jun Jul Aug Sep Oct Nov Dec
2014: Jan Feb Mar Apr May Jun Jul Aug Sep Oct Nov Dec
2013: Jan Feb Mar Apr May Jun Jul Aug Sep Oct Nov Dec

Report for 2015 September
                   Monthly Climatological Summary for Sep 2015

Name: bhmsweather   City: Broomfield   State: Colorado
Elevation: 5420 ft  Lat: N 39° 59' 02"   Lon: W 105° 59' 04"

                  Temperature (°F), Rain (in), Wind Speed (mph)

                                      Heat  Cool        Avg
    Mean                              Deg   Deg         Wind                 Dom
Day Temp  High   Time   Low    Time   Days  Days  Rain  Speed High   Time    Dir
----------------------------------------------------------------------------------
 1  70.8  89.3   14:21  53.9   06:41   0.0   5.8  0.00   0.6  12.0   12:20     N
 2  73.7  90.4   13:56  58.5   06:45   0.0   8.7  0.00   0.4  12.0   00:25    SW
 3  67.9  84.3   14:21  57.1   23:54   0.0   2.9  0.01   0.6  13.0   15:47     N
 4  67.1  84.9   13:49  51.1   06:40   0.0   2.1  0.00   0.5  11.0   16:53     S
 5  71.7  84.7   14:48  59.7   06:58   0.0   6.7  0.01   0.8  13.0   18:15   NNW
 6  73.3  85.1   15:12  62.8   00:20   0.0   8.3  0.00   0.8  13.0   11:40   NNW
 7  66.4  81.6   13:07  56.2   06:36   0.0   1.4  0.01   1.2  16.0   18:15   NNW
 8  67.4  80.0   16:34  53.5   06:17   0.0   2.4  0.00   0.6   8.0   01:39   ENE
 9  68.0  88.2   14:17  47.8   06:34   0.0   3.0  0.00   0.5   8.0   14:08     E
10  67.9  87.2   14:50  48.8   06:29   0.0   2.9  0.00   0.8  13.0   17:14    NE
11  63.1  74.4   16:51  53.4   05:06   1.9   0.0  0.00   0.8   8.0   12:29     N
12  65.7  83.4   14:27  49.3   06:02   0.0   0.7  0.00   0.4   5.0   11:51   NNE
13  68.9  89.4   14:10  51.2   05:26   0.0   3.9  0.00   0.8  15.0   12:37   NNW
14  69.9  88.3   14:28  53.5   05:02   0.0   4.9  0.00   0.5  12.0   22:53   NNW
15  72.1  84.8   14:50  62.6   23:24   0.0   7.1  0.00   1.0  16.0   10:27    NW
16  70.2  86.6   14:28  54.9   06:39   0.0   5.2  0.00   0.8  10.0   20:36   NNE
17  62.6  75.3   14:30  51.0   06:52   2.4   0.0  0.00   0.8  10.0   13:40   NNE
18  59.3  70.7   14:34  50.1   06:21   5.7   0.0  0.00   1.0  11.0   03:55     E
19  58.2  74.7   16:55  42.9   06:41   6.8   0.0  0.00   0.5   7.0   18:02   NNE
20  63.2  80.7   14:17  47.3   05:11   1.8   0.0  0.00   0.4   6.0   10:18     E
21  66.6  86.8   14:30  46.4   06:46   0.0   1.6  0.00   0.5   7.0   13:01    SE
22  66.5  76.8   16:12  54.4   07:04   0.0   1.5  0.00   0.9  10.0   16:13     N
23  62.9  78.8   17:22  55.3   05:53   2.1   0.0  0.00   4.6  51.0   10:39     N
24  66.6  83.4   14:11  51.4   06:54   0.0   1.6  0.00   0.5   9.0   14:14   NNE
25  64.8  80.9   14:05  49.9   06:42   0.2   0.0  0.00   0.4   5.0   12:58    NE
26  64.3  82.9   16:22  48.4   06:51   0.7   0.0  0.00   0.3   4.0   02:19   ENE
27  68.7  86.6   14:09  51.3   04:52   0.0   3.7  0.00   0.4   5.0   05:38   ENE
28  64.8  78.0   14:03  54.3   06:14   0.2   0.0  0.00   0.9  17.0   16:13   NNE
29  63.7  78.2   14:26  54.3   04:00   1.3   0.0  0.02   0.9  10.0   02:23   ESE
30  64.8  79.8   13:47  54.4   06:17   0.2   0.0  0.00   0.4   8.0   17:21   NNW
----------------------------------------------------------------------------------
    66.7  90.4     2    42.9    19    23.3  74.4  0.05   0.8  51.0    23     NNE

Max >=  80.0: 21
Max <=  32.0:  0
Min <=  32.0:  0
Min <=   0.0:  0
Max Rain: 0.02 on day 29
Days of Rain: 4 (>= 0.01 in)  0 (>= 0.10 in)  0 (>= 1.00 in)
Heat Base: 65.0  Cool Base: 65.0  Method: Integration