NOAA-Style Climate Reports

Select a Year or Month report
2018: Jan Feb Mar Apr May Jun Jul Aug Sep Oct Nov Dec
2017: Jan Feb Mar Apr May Jun Jul Aug Sep Oct Nov Dec
2016: Jan Feb Mar Apr May Jun Jul Aug Sep Oct Nov Dec
2015: Jan Feb Mar Apr May Jun Jul Aug Sep Oct Nov Dec
2014: Jan Feb Mar Apr May Jun Jul Aug Sep Oct Nov Dec
2013: Jan Feb Mar Apr May Jun Jul Aug Sep Oct Nov Dec

Report for 2015 October
                   Monthly Climatological Summary for Oct 2015

Name: bhmsweather   City: Broomfield   State: Colorado
Elevation: 5420 ft  Lat: N 39° 59' 02"   Lon: W 105° 59' 04"

                  Temperature (°F), Rain (in), Wind Speed (mph)

                                      Heat  Cool        Avg
    Mean                              Deg   Deg         Wind                 Dom
Day Temp  High   Time   Low    Time   Days  Days  Rain  Speed High   Time    Dir
----------------------------------------------------------------------------------
 1  66.2  82.6   14:23  55.4   05:54   0.0   1.2  0.00   0.4   5.0   13:42   NNE
 2  59.9  71.0   13:40  52.4   23:58   5.1   0.0  0.00   1.9  18.0   16:27     N
 3  53.0  60.2   13:55  48.3   07:17  12.0   0.0  0.11   1.8  12.0   01:30     N
 4  51.8  57.5   14:53  48.4   07:00  13.2   0.0  0.00   0.8   8.0   03:50   NNE
 5  57.0  69.2   14:15  49.9   06:19   8.0   0.0  0.00   0.6   8.0   16:19   NNE
 6  54.7  60.6   12:22  50.4   06:19  10.3   0.0  0.06   0.5   8.0   13:54   NNE
 7  57.7  72.9   14:22  46.1   07:20   7.3   0.0  0.01   0.3   5.0   14:00   ENE
 8  59.1  76.8   14:00  45.0   06:45   5.9   0.0  0.00   0.9  12.0   17:24   NNE
 9  57.1  70.1   14:07  46.1   07:27   7.9   0.0  0.00   0.3   5.0   12:27   NNE
10  61.9  82.1   14:31  45.0   07:10   3.1   0.0  0.00   0.4   4.0   12:13     S
11  69.3  84.9   14:18  48.8   04:29   0.0   4.3  0.00   1.4  14.0   10:08   NNW
12  59.7  75.7   14:04  48.1   06:39   5.3   0.0  0.00   0.9   6.0   06:15   SSE
13  62.2  80.7   14:08  46.4   07:04   2.8   0.0  0.00   0.5   5.0   09:32   ESE
14  61.2  81.2   14:06  43.2   07:01   3.8   0.0  0.00   0.4   5.0   11:56     N
15  53.8  65.1   14:20  44.3   06:06  11.2   0.0  0.00   0.7   7.0   09:01   NNE
16  50.1  64.9   14:10  38.5   07:08  14.9   0.0  0.00   0.6   6.0   03:17     N
17  57.2  76.6   16:10  41.2   06:32   7.8   0.0  0.00   0.6  10.0   19:41   NNE
18  60.0  76.1   13:55  46.0   03:50   5.0   0.0  0.00   0.5   8.0   17:41   SSE
19  57.2  69.9   14:03  47.9   04:16   7.8   0.0  0.00   0.5  11.0   13:24     N
20  56.5  71.2   14:25  46.7   04:38   8.5   0.0  0.16   0.6  16.0   17:16   NNW
21  47.5  50.4   00:00  46.0   08:58  17.5   0.0  0.57   1.0   8.0   01:18   NNE
22  45.4  46.6   11:07  44.0   23:26  19.6   0.0  0.46   0.3   6.0   14:11     N
23  47.8  58.5   15:24  39.2   23:57  17.2   0.0  0.01   0.5   9.0   12:36     N
24  46.4  64.3   14:20  32.8   07:18  18.6   0.0  0.00   0.3   6.0   13:55    SE
25  50.8  69.4   14:02  36.1   05:36  14.2   0.0  0.00   0.4   5.0   10:16   ENE
26  52.5  62.0   15:16  44.6   23:26  12.5   0.0  0.00   0.6   6.0   13:55   ENE
27  49.4  61.0   13:27  36.2   23:40  15.6   0.0  0.00   1.3  17.0   15:39    NW
28  46.0  62.7   14:07  32.8   07:06  19.0   0.0  0.00   0.9  10.0   13:39    NW
29  43.6  54.2   13:27  36.6   04:52  21.4   0.0  0.00   0.6   7.0   11:28     N
30  43.4  50.5   14:07  36.2   22:59  21.6   0.0  0.00   0.5   6.0   15:01     N
31  53.1  66.2   13:28  36.5   01:11  11.9   0.0  0.00   2.0  16.0   07:08   WNW
----------------------------------------------------------------------------------
    54.6  84.9    11    32.8    24   329.0   5.5  1.38   0.7  18.0     2       N

Max >=  80.0:  5
Max <=  32.0:  0
Min <=  32.0:  0
Min <=   0.0:  0
Max Rain: 0.57 on day 21
Days of Rain: 7 (>= 0.01 in)  4 (>= 0.10 in)  0 (>= 1.00 in)
Heat Base: 65.0  Cool Base: 65.0  Method: Integration