NOAA-Style Climate Reports

Select a Year or Month report
2018: Jan Feb Mar Apr May Jun Jul Aug Sep Oct Nov Dec
2017: Jan Feb Mar Apr May Jun Jul Aug Sep Oct Nov Dec
2016: Jan Feb Mar Apr May Jun Jul Aug Sep Oct Nov Dec
2015: Jan Feb Mar Apr May Jun Jul Aug Sep Oct Nov Dec
2014: Jan Feb Mar Apr May Jun Jul Aug Sep Oct Nov Dec
2013: Jan Feb Mar Apr May Jun Jul Aug Sep Oct Nov Dec

Report for 2015 November
                   Monthly Climatological Summary for Nov 2015

Name: bhmsweather   City: Broomfield   State: Colorado
Elevation: 5420 ft  Lat: N 39° 59' 02"   Lon: W 105° 59' 04"

                  Temperature (°F), Rain (in), Wind Speed (mph)

                                      Heat  Cool        Avg
    Mean                              Deg   Deg         Wind                 Dom
Day Temp  High   Time   Low    Time   Days  Days  Rain  Speed High   Time    Dir
----------------------------------------------------------------------------------
 1  58.5  72.0   13:18  43.3   23:59   6.5   0.0  0.00   1.3  15.0   02:50     W
 2  51.8  69.2   13:26  39.3   04:46  13.2   0.0  0.00   0.6   7.0   00:54   NNE
 3  54.8  74.8   13:25  35.3   05:38  10.2   0.0  0.00   1.2  14.0   14:37     S
 4  49.1  59.3   13:20  37.3   23:20  15.9   0.0  0.54   1.9  16.0   14:29     N
 5  40.3  49.6   14:39  33.8   02:08  24.7   0.0  0.15   1.8  19.0   16:30    SW
 6  37.4  48.1   13:31  30.3   05:00  27.6   0.0  0.00   1.5  14.0   01:00     W
 7  35.9  52.2   14:45  22.6   06:44  29.1   0.0  0.00   0.4   5.0   11:01    SE
 8  42.5  64.8   13:08  25.0   05:00  22.5   0.0  0.00   0.4   6.0   19:57   ESE
 9  41.9  59.3   13:02  28.4   05:34  23.1   0.0  0.00   0.6   8.0   09:57   SSE
10  45.5  62.8   12:43  29.6   04:48  19.5   0.0  0.00   2.3  22.0   20:22   NNE
11  37.7  45.2   12:40  32.6   05:07  27.3   0.0  0.31   3.0  23.0   17:19   WNW
12  38.5  46.4   15:00  28.1   23:41  26.5   0.0  0.23   1.8  20.0   04:57    SW
13  37.8  57.9   14:48  23.6   03:53  27.2   0.0  0.00   0.6   9.0   13:33   SSE
14  43.1  63.9   13:39  26.9   06:39  21.9   0.0  0.00   0.4   6.0   13:02    SE
15  42.7  63.0   13:01  27.6   07:06  22.3   0.0  0.00   0.5   4.0   09:17     S
16  37.9  47.2   12:28  31.5   01:54  27.1   0.0  0.27   1.9  15.0   21:29     N
17  37.7  48.4   14:47  32.2   07:00  27.3   0.0  0.04   1.8  18.0   21:13   WNW
18  41.4  54.5   13:06  28.9   23:36  23.6   0.0  0.00   4.8  31.0   08:13   WNW
19  35.5  50.6   13:31  25.1   04:35  29.5   0.0  0.00   1.0  11.0   00:29    SE
20  37.1  56.4   09:33  18.8   23:58  27.9   0.0  0.06   2.5  21.0   09:38     N
21  29.7  45.1   15:25  13.9   04:02  35.3   0.0  0.00   0.8  11.0   13:30     W
22  42.3  58.8   11:40  28.9   05:14  22.7   0.0  0.00   1.7  18.0   10:01    NW
23  40.1  59.0   14:05  26.0   06:12  24.9   0.0  0.00   0.5   6.0   11:40   ENE
24  44.0  64.4   13:08  27.7   03:14  21.0   0.0  0.00   1.0  14.0   13:33    NW
25  33.1  44.6   09:07  26.5   23:59  31.9   0.0  0.00   1.7  14.0   09:29    NE
26  21.9  26.5   00:00  15.8   23:23  43.1   0.0  0.04   1.7   8.0   14:47    NE
27  16.6  20.5   13:34  13.4   08:04  48.4   0.0  0.07   0.6   4.0   14:48    NE
28  19.9  27.1   12:26  16.0   06:23  45.1   0.0  0.00   0.7   5.0   09:00     N
29  23.0  27.4   13:59  20.4   07:03  42.0   0.0  0.00   0.5   4.6   12:24     N
30  25.2  33.9   12:43  17.5   19:25  39.8   0.0  0.05   1.2  26.4   23:53   WNW
----------------------------------------------------------------------------------
    38.1  74.8     3    13.4    27   807.1   0.0  1.76   1.4  31.0    18      NW

Max >=  80.0:  0
Max <=  32.0:  4
Min <=  32.0: 23
Min <=   0.0:  0
Max Rain: 0.54 on day 4
Days of Rain: 10 (>= 0.01 in)  5 (>= 0.10 in)  0 (>= 1.00 in)
Heat Base: 65.0  Cool Base: 65.0  Method: Integration