NOAA-Style Climate Reports

Select a Year or Month report
2018: Jan Feb Mar Apr May Jun Jul Aug Sep Oct Nov Dec
2017: Jan Feb Mar Apr May Jun Jul Aug Sep Oct Nov Dec
2016: Jan Feb Mar Apr May Jun Jul Aug Sep Oct Nov Dec
2015: Jan Feb Mar Apr May Jun Jul Aug Sep Oct Nov Dec
2014: Jan Feb Mar Apr May Jun Jul Aug Sep Oct Nov Dec
2013: Jan Feb Mar Apr May Jun Jul Aug Sep Oct Nov Dec

Report for 2015 December
                   Monthly Climatological Summary for Dec 2015

Name: bhmsweather   City: Broomfield   State: Colorado
Elevation: 5420 ft  Lat: N 39° 59' 02"   Lon: W 105° 59' 04"

                  Temperature (°F), Rain (in), Wind Speed (mph)

                                      Heat  Cool        Avg
    Mean                              Deg   Deg         Wind                 Dom
Day Temp  High   Time   Low    Time   Days  Days  Rain  Speed High   Time    Dir
----------------------------------------------------------------------------------
 1  34.4  41.8   13:28  27.1   00:07  30.6   0.0  0.00   2.9  21.9   00:31     W
 2  30.6  48.5   15:07  20.3   07:23  34.4   0.0  0.00   0.4   5.8   15:49     N
 3  36.1  51.1   13:06  23.9   07:13  28.9   0.0  0.00   0.8   8.1   10:56   SSE
 4  35.5  54.7   12:15  22.8   02:36  29.5   0.0  0.00   0.5   8.1   13:04   NNW
 5  34.7  45.1   13:55  25.2   22:49  30.3   0.0  0.00   0.6   9.2   17:28   NNE
 6  35.4  51.5   22:11  22.0   04:18  29.6   0.0  0.00   0.8  11.5   22:21    NW
 7  54.3  61.8   10:48  44.3   00:07  10.7   0.0  0.00   4.1  26.4   23:39   WSW
 8  52.0  60.6   13:11  39.5   23:43  13.0   0.0  0.00   3.8  20.7   01:34     W
 9  58.1  68.8   13:14  32.0   10:12   6.9   0.0  0.00   3.2  25.0   22:21     W
10  51.8  61.3   13:02  42.3   23:36  13.2   0.0  0.00   2.1  18.0   01:10     W
11  43.4  55.8   01:40  35.0   07:09  21.6   0.0  0.00   1.3  11.0   01:17   ESE
12  30.9  36.2   00:00  25.4   23:54  34.1   0.0  0.14   1.1   9.0   07:39     N
13  30.2  45.4   15:24  20.8   07:02  34.8   0.0  0.00   0.3   4.0   09:35     N
14  30.9  41.3   13:39  23.2   07:15  34.1   0.0  0.00   1.5  10.0   20:27     N
15  22.3  28.5   00:22  14.4   22:18  42.7   0.0  0.47   2.9  17.0   06:50   NNE
16  25.6  33.9   10:25  16.8   07:55  39.4   0.0  0.00   1.5  13.0   09:58     W
17  15.3  24.5   00:51   7.3   22:11  49.7   0.0  0.00   1.0  10.0   00:45    NE
18  27.8  51.4   14:27   8.0   02:22  37.2   0.0  0.00   1.6  19.0   14:36   WNW
19  36.0  55.6   14:20  21.5   06:59  29.0   0.0  0.00   0.8   7.0   07:41   SSW
20  38.6  49.6   08:46  29.7   22:49  26.4   0.0  0.00   1.3  11.0   07:04    NW
21  35.9  47.8   12:29  25.9   06:27  29.1   0.0  0.00   1.5  18.0   11:53     W
22  35.6  50.4   13:03  26.2   00:10  29.4   0.0  0.00   1.2  12.0   08:18    NE
23  30.2  43.1   13:21  21.7   06:24  34.8   0.0  0.00   1.8  14.0   11:05    NW
24  27.3  57.0   11:24  20.9   23:21  37.7   0.0  0.00   1.8  19.0   05:33     W
25  22.5  27.6   12:09  16.1   06:51  42.5   0.0  0.13   0.9   8.1   16:54   NNE
26  16.1  25.2   13:36   6.9   23:30  48.9   0.0  0.01   0.4   6.9   11:39   NNE
27  13.1  27.6   13:09   3.1   07:28  51.9   0.0  0.00   0.5   5.8   13:35   NNE
28  14.4  30.7   13:14   3.7   04:38  50.6   0.0  0.00   0.4   4.6   12:05    NE
29  15.0  24.1   12:47   8.4   06:36  50.0   0.0  0.00   0.5   5.8   13:24    NE
30  15.4  27.8   13:37   6.0   04:19  49.6   0.0  0.00   0.4   5.8   14:15   ENE
31  15.7  27.3   13:22   6.9   05:41  49.3   0.0  0.00   0.4   4.6   09:57    NE
----------------------------------------------------------------------------------
    31.1  68.8     9     3.1    27  1049.9   0.0  0.75   1.4  26.4     7     WNW

Max >=  80.0:  0
Max <=  32.0:  9
Min <=  32.0: 27
Min <=   0.0:  0
Max Rain: 0.47 on day 15
Days of Rain: 4 (>= 0.01 in)  3 (>= 0.10 in)  0 (>= 1.00 in)
Heat Base: 65.0  Cool Base: 65.0  Method: Integration