NOAA-Style Climate Reports

Select a Year or Month report
2018: Jan Feb Mar Apr May Jun Jul Aug Sep Oct Nov Dec
2017: Jan Feb Mar Apr May Jun Jul Aug Sep Oct Nov Dec
2016: Jan Feb Mar Apr May Jun Jul Aug Sep Oct Nov Dec
2015: Jan Feb Mar Apr May Jun Jul Aug Sep Oct Nov Dec
2014: Jan Feb Mar Apr May Jun Jul Aug Sep Oct Nov Dec
2013: Jan Feb Mar Apr May Jun Jul Aug Sep Oct Nov Dec

Report for 2016
                   Annual Climatological Summary for 2016

Name: bhmsweather   City: Broomfield   State: Colorado
Elevation: 5420 ft  Lat: N 39° 59' 02"   Lon: W 105° 59' 04"

                  Temperature (°F), Heat Base: 65.0  Cool Base: 65.0
                          Dep.  Heat  Cool                       Max  Max  Min  Min
        Mean  Mean        From  Deg   Deg                        >=   <=   <=   <=
 YR MO  Max   Min   Mean  Norm  Days  Days  Hi  Date  Low  Date 80.0 32.0 32.0   0.0
------------------------------------------------------------------------------------
 16  1  46.3  21.3  32.6   0.0  1004     0  66.2  30   4.4    1    0    1   31    0
 16  2  53.7  26.1  39.7   0.0   734     0  74.1  18   3.2    3    0    3   22    0
 16  3  55.1  29.7  41.9   0.0   716     0  72.8  21  15.4   20    0    1   21    0
 16  4  60.6  36.8  48.6   0.0   493     0  78.5  22  23.0    1    0    0    4    0
 16  5  67.3  42.0  54.3   0.0   331     0  81.6  21  27.0    2    3    0    1    0
 16  6  85.6  56.7  70.9   0.0     5   183  97.9  21  32.0   17   23    0    1    0
 16  7  90.5  60.5  74.1   0.0     0   282 103.9  23  56.0    9   29    0    0    0
 16  8  84.2  56.4  69.1   0.0    21   149  96.0   1  48.4   25   23    0    0    0
 16  9  79.3  50.7  63.8   0.0    89    53  94.0   5  41.2   26   13    0    0    0
 16 10  72.6  42.1  56.1   0.0   277     2  83.9  16  30.5   20    6    0    1    0
 16 11  59.5  31.7  44.9   0.0   601     0  81.0  16  17.6   18    1    0   14    0
 16 12  44.3  17.6  30.6   0.0  1067     0  68.2  30  -7.0   17    0    5   29    3
------------------------------------------------------------------------------------
        66.6  39.3  52.2   0.0  5343   671 103.9 Jul  -7.0  Dec   98   10  124    3

                                Precipitation (in)

              Dep.   Max        Days of Rain
              From   Obs.           >=
 YR MO Total  Norm   Day Date 0.01 0.10 1.00
---------------------------------------------
 16  1  0.26   0.0  0.13  31     3    2    0
 16  2  0.83   0.0  0.50   1     4    3    0
 16  3  1.97   0.0  0.76  23     7    4    0
 16  4  2.40   0.0  1.38  16     8    5    1
 16  5  1.34   0.0  0.70   7     6    4    0
 16  6  0.89   0.0  0.53   1    10    2    0
 16  7  0.32   0.0  0.10  18     8    1    0
 16  8  0.70   0.0  0.36  16     8    3    0
 16  9  0.27   0.0  0.07   4     4    0    0
 16 10  0.41   0.0  0.28   6     4    1    0
 16 11  0.29   0.0  0.23  17     2    1    0
 16 12  0.60   0.0  0.23  16     6    3    0
---------------------------------------------
       10.28   0.0  1.38  Apr   70   29    1

                                Wind Speed (mph)
                          Dom
 YR MO   Avg.  Hi   Date  Dir
------------------------------
 16  1   1.1  26.4   30    NW
 16  2   1.9  42.0   18   WNW
 16  3   1.6  27.0   14    NW
 16  4   1.7  28.0    5     N
 16  5   1.3  20.0    7   NNE
 16  6   0.8  20.0    6   NNE
 16  7   0.7  16.0   17   NNE
 16  8   0.7  23.0   19   NNE
 16  9   0.7  16.0    9   NNE
 16 10   0.9  26.0    3    NW
 16 11   1.0  32.0   24   NNW
 16 12   1.7  39.0   25    NW
------------------------------
         1.2  42.0  Feb   NNW