NOAA-Style Climate Reports

Select a Year or Month report
2018: Jan Feb Mar Apr May Jun Jul Aug Sep Oct Nov Dec
2017: Jan Feb Mar Apr May Jun Jul Aug Sep Oct Nov Dec
2016: Jan Feb Mar Apr May Jun Jul Aug Sep Oct Nov Dec
2015: Jan Feb Mar Apr May Jun Jul Aug Sep Oct Nov Dec
2014: Jan Feb Mar Apr May Jun Jul Aug Sep Oct Nov Dec
2013: Jan Feb Mar Apr May Jun Jul Aug Sep Oct Nov Dec

Report for 2016 January
                   Monthly Climatological Summary for Jan 2016

Name: bhmsweather   City: Broomfield   State: Colorado
Elevation: 5420 ft  Lat: N 39° 59' 02"   Lon: W 105° 59' 04"

                  Temperature (°F), Rain (in), Wind Speed (mph)

                                      Heat  Cool        Avg
    Mean                              Deg   Deg         Wind                 Dom
Day Temp  High   Time   Low    Time   Days  Days  Rain  Speed High   Time    Dir
----------------------------------------------------------------------------------
 1  18.4  37.8   13:23   4.4   07:32  46.6   0.0  0.00   0.4   6.9   13:09     S
 2  24.4  44.0   13:11   8.9   07:05  40.6   0.0  0.00   0.3   4.6   13:30    SE
 3  28.9  47.3   13:12  15.7   07:32  36.1   0.0  0.00   0.3   4.6   13:27    NE
 4  29.2  44.6   13:07  20.1   04:44  35.8   0.0  0.00   0.4   4.6   13:27     N
 5  32.1  46.9   12:50  21.6   04:59  32.9   0.0  0.00   0.5   6.9   10:02     N
 6  31.8  46.6   13:30  21.1   07:09  33.2   0.0  0.00   0.6   6.9   14:26     N
 7  33.3  39.1   13:02  29.7   02:24  31.7   0.0  0.00   0.5   4.6   13:24    NE
 8  25.3  31.5   00:00  20.8   23:00  39.7   0.0  0.10   0.9   9.2   04:53    NE
 9  22.0  32.5   13:07  13.8   07:17  43.0   0.0  0.00   0.7   6.9   14:40   NNE
10  18.8  35.3   13:08   9.2   07:08  46.2   0.0  0.00   0.4   9.2   13:35     N
11  25.2  40.0   12:31  12.4   00:19  39.8   0.0  0.00   1.1  14.9   22:00   WNW
12  34.8  52.3   13:42  21.6   04:33  30.2   0.0  0.00   1.6  17.3   07:33   WNW
13  41.3  53.3   14:39  25.0   07:20  23.7   0.0  0.00   1.1  16.1   20:31     W
14  41.1  46.9   13:33  30.8   23:58  23.9   0.0  0.00   3.6  26.4   12:08    NW
15  30.0  38.5   12:43  22.4   20:16  35.0   0.0  0.00   1.6  18.4   02:05   NNW
16  26.9  39.8   14:52  15.3   07:36  38.1   0.0  0.00   1.2  14.9   12:34   WNW
17  26.6  40.9   14:15  18.9   05:44  38.4   0.0  0.00   0.8  10.3   22:15   NNE
18  36.9  54.2   13:38  23.6   06:54  28.1   0.0  0.00   1.6  18.4   21:43    NW
19  36.5  44.2   13:38  25.1   23:44  28.5   0.0  0.03   1.0  12.7   03:04    SE
20  38.8  51.2   12:52  25.3   00:29  26.2   0.0  0.00   1.7  16.1   15:20    NW
21  33.8  44.9   13:04  25.7   07:16  31.2   0.0  0.00   1.3  11.5   13:45   NNE
22  36.2  52.8   11:29  21.6   06:10  28.8   0.0  0.00   0.9   6.9   11:59   WNW
23  42.5  61.6   13:56  29.7   07:42  22.5   0.0  0.00   1.0  11.5   21:30   NNE
24  36.0  47.0   13:29  26.0   05:18  29.0   0.0  0.00   1.1  12.7   13:06    NE
25  31.9  42.3   12:35  24.1   23:58  33.1   0.0  0.00   1.1  11.5   12:42    NE
26  28.5  45.1   13:48  14.9   07:05  36.5   0.0  0.00   0.6   8.1   12:48   SSE
27  35.3  53.3   13:49  22.0   03:52  29.7   0.0  0.00   0.7   9.2   16:00    NW
28  39.6  60.6   15:00  24.1   07:16  25.4   0.0  0.00   0.8  10.3   11:50   SSW
29  50.5  58.6   13:28  31.4   00:00  14.5   0.0  0.00   3.8  26.4   06:10     W
30  43.9  66.2   13:36  30.7   22:58  21.1   0.0  0.00   2.2  26.4   00:48   NNW
31  29.7  35.1   13:51  24.9   06:57  35.3   0.0  0.13   0.8   6.9   14:03   ESE
----------------------------------------------------------------------------------
    32.6  66.2    30     4.4     1  1004.8   0.0  0.26   1.1  26.4    14      NW

Max >=  80.0:  0
Max <=  32.0:  1
Min <=  32.0: 31
Min <=   0.0:  0
Max Rain: 0.13 on day 31
Days of Rain: 3 (>= 0.01 in)  2 (>= 0.10 in)  0 (>= 1.00 in)
Heat Base: 65.0  Cool Base: 65.0  Method: Integration