NOAA-Style Climate Reports

Select a Year or Month report
2018: Jan Feb Mar Apr May Jun Jul Aug Sep Oct Nov Dec
2017: Jan Feb Mar Apr May Jun Jul Aug Sep Oct Nov Dec
2016: Jan Feb Mar Apr May Jun Jul Aug Sep Oct Nov Dec
2015: Jan Feb Mar Apr May Jun Jul Aug Sep Oct Nov Dec
2014: Jan Feb Mar Apr May Jun Jul Aug Sep Oct Nov Dec
2013: Jan Feb Mar Apr May Jun Jul Aug Sep Oct Nov Dec

Report for 2016 February
                   Monthly Climatological Summary for Feb 2016

Name: bhmsweather   City: Broomfield   State: Colorado
Elevation: 5420 ft  Lat: N 39° 59' 02"   Lon: W 105° 59' 04"

                  Temperature (°F), Rain (in), Wind Speed (mph)

                                      Heat  Cool        Avg
    Mean                              Deg   Deg         Wind                 Dom
Day Temp  High   Time   Low    Time   Days  Days  Rain  Speed High   Time    Dir
----------------------------------------------------------------------------------
 1  26.7  30.8   12:21  22.8   23:59  38.3   0.0  0.50   1.2  11.5   19:29   NNE
 2  21.3  26.4   14:19  13.6   23:58  43.7   0.0  0.13   1.8  11.5   08:51     N
 3  18.3  30.8   13:28   3.2   05:04  46.7   0.0  0.00   2.1  12.7   10:39   WNW
 4  22.0  35.1   09:27   8.9   06:06  43.0   0.0  0.00   1.2  11.5   00:12    NW
 5  27.2  37.6   11:20  17.9   23:13  37.8   0.0  0.00   0.7   6.9   08:16     E
 6  34.0  51.7   14:24  13.7   04:33  31.0   0.0  0.00   1.6  14.9   12:04     W
 7  33.7  47.2   00:12  24.0   21:49  31.3   0.0  0.00   2.4  17.3   02:06    SE
 8  33.7  47.9   15:33  19.7   06:50  31.3   0.0  0.00   1.2   9.2   00:44   SSE
 9  41.0  55.9   14:46  24.5   05:32  24.0   0.0  0.00   0.8  10.3   23:25   SSE
10  54.5  69.9   13:15  37.1   02:30  10.5   0.0  0.00   2.3  18.4   07:08     W
11  50.0  65.5   12:46  35.4   04:23  15.0   0.0  0.00   1.5  14.9   12:25     W
12  40.5  54.0   13:21  31.1   07:10  24.5   0.0  0.00   1.0   9.2   11:57     N
13  44.3  68.0   13:36  28.2   08:12  20.7   0.0  0.00   2.9  25.3   19:20    NW
14  43.5  54.5   09:47  33.8   23:56  21.5   0.0  0.00   3.2  21.9   13:44     W
15  48.9  58.1   13:17  31.0   01:00  16.1   0.0  0.00   4.3  26.4   15:04   WNW
16  44.8  60.5   15:22  28.6   05:41  20.2   0.0  0.00   2.2  17.3   14:48     W
17  44.8  62.2   13:46  31.5   05:11  20.2   0.0  0.00   1.0   6.9   10:19     N
18  54.4  74.1   13:00  36.0   04:28  10.6   0.0  0.00   4.3  42.0   23:26     W
19  51.3  67.5   13:30  41.4   22:11  13.7   0.0  0.00   4.1  25.0   05:19    NW
20  49.6  65.2   15:26  33.5   06:31  15.4   0.0  0.00   2.0  16.0   17:05    NW
21  37.0  47.2   14:12  27.4   23:56  28.0   0.0  0.00   1.8  10.0   10:07    SE
22  35.3  50.9   12:35  25.1   05:35  29.7   0.0  0.16   1.4  16.0   17:58   NNE
23  32.2  40.2   15:38  24.7   22:58  32.8   0.0  0.04   1.1   9.0   15:08   NNW
24  36.5  51.2   14:08  21.4   03:27  28.5   0.0  0.00   1.4  13.0   05:34   ESE
25  33.0  48.7   15:49  19.2   06:19  32.0   0.0  0.00   0.7   9.0   13:13   SSE
26  42.4  61.6   13:50  25.7   05:25  22.6   0.0  0.00   0.9  10.0   10:32   SSE
27  50.6  69.1   11:12  28.7   06:33  14.4   0.0  0.00   2.4  28.0   21:13     W
28  49.9  61.6   14:18  38.6   22:01  15.1   0.0  0.00   2.0  24.0   05:21   WSW
29  48.8  64.1   13:48  30.2   23:47  16.2   0.0  0.00   2.7  22.0   14:02   WNW
----------------------------------------------------------------------------------
    39.7  74.1    18     3.2     3   734.8   0.0  0.83   1.9  42.0    18     WNW

Max >=  80.0:  0
Max <=  32.0:  3
Min <=  32.0: 22
Min <=   0.0:  0
Max Rain: 0.50 on day 1
Days of Rain: 4 (>= 0.01 in)  3 (>= 0.10 in)  0 (>= 1.00 in)
Heat Base: 65.0  Cool Base: 65.0  Method: Integration