NOAA-Style Climate Reports

Select a Year or Month report
2018: Jan Feb Mar Apr May Jun Jul Aug Sep Oct Nov Dec
2017: Jan Feb Mar Apr May Jun Jul Aug Sep Oct Nov Dec
2016: Jan Feb Mar Apr May Jun Jul Aug Sep Oct Nov Dec
2015: Jan Feb Mar Apr May Jun Jul Aug Sep Oct Nov Dec
2014: Jan Feb Mar Apr May Jun Jul Aug Sep Oct Nov Dec
2013: Jan Feb Mar Apr May Jun Jul Aug Sep Oct Nov Dec

Report for 2016 March
                   Monthly Climatological Summary for Mar 2016

Name: bhmsweather   City: Broomfield   State: Colorado
Elevation: 5420 ft  Lat: N 39° 59' 02"   Lon: W 105° 59' 04"

                  Temperature (°F), Rain (in), Wind Speed (mph)

                                      Heat  Cool        Avg
    Mean                              Deg   Deg         Wind                 Dom
Day Temp  High   Time   Low    Time   Days  Days  Rain  Speed High   Time    Dir
----------------------------------------------------------------------------------
 1  41.8  57.3   13:58  25.6   05:27  23.2   0.0  0.00   1.3  12.0   14:04    SE
 2  51.0  61.1   13:33  39.5   22:42  14.0   0.0  0.00   3.8  26.0   12:20    NW
 3  45.2  61.8   15:23  31.1   05:43  19.8   0.0  0.00   1.0   8.0   09:35    SE
 4  46.0  61.0   11:42  33.6   06:40  19.0   0.0  0.00   1.1  13.0   11:46    NE
 5  44.3  63.0   16:02  29.7   06:04  20.7   0.0  0.00   0.7   7.0   16:01     N
 6  55.5  68.6   12:39  42.8   23:59   9.5   0.0  0.00   1.5  15.0   14:18     W
 7  41.8  56.4   10:06  32.6   06:14  23.2   0.0  0.01   1.7  21.0   10:07    NW
 8  39.6  48.9   15:23  28.9   04:03  25.4   0.0  0.00   1.1  10.0   10:20    SE
 9  41.4  56.2   12:50  25.7   06:33  23.6   0.0  0.00   1.2  11.0   18:09   WNW
10  47.0  66.5   15:57  30.6   02:47  18.0   0.0  0.00   1.0   9.0   13:20    SE
11  51.3  72.5   13:38  31.7   06:23  13.7   0.0  0.00   0.9   8.0   15:41    NE
12  52.2  66.7   14:16  37.3   05:56  12.8   0.0  0.00   1.7  16.0   17:52   NNW
13  54.7  65.5   16:26  47.2   01:50  10.3   0.0  0.00   2.0  14.0   13:05    NW
14  49.8  63.5   14:23  39.3   05:46  15.2   0.0  0.00   3.3  27.0   13:14     W
15  39.4  47.8   14:00  31.5   06:23  25.6   0.0  0.00   3.6  23.0   12:29   WNW
16  38.9  47.8   14:00  31.4   06:25  26.1   0.0  0.00   3.0  22.0   15:07     W
17  32.1  37.5   00:00  27.3   06:28  32.9   0.0  0.25   1.6  11.0   05:53   NNE
18  26.2  31.7   14:10  21.0   21:36  38.8   0.0  0.42   0.7   7.0   12:49   NNE
19  26.7  35.4   16:44  18.5   01:31  38.3   0.0  0.00   1.0   9.0   12:55    NW
20  35.5  56.9   17:10  15.4   07:13  29.5   0.0  0.00   0.9   8.0   11:20     S
21  54.6  72.8   16:41  32.4   00:12  10.4   0.0  0.00   1.4  12.0   16:35   WSW
22  54.6  69.7   12:37  38.4   07:21  10.4   0.0  0.00   1.5  18.0   23:24   NNE
23  31.5  46.9   00:00  22.0   23:01  33.5   0.0  0.76   1.2  17.0   00:23   NNE
24  32.8  48.2   16:02  16.3   07:12  32.2   0.0  0.51   1.0  13.0   13:01    SW
25  38.8  46.7   14:21  29.8   06:36  26.2   0.0  0.00   1.9  16.0   09:38     S
26  29.5  36.1   16:18  22.6   23:52  35.5   0.0  0.01   1.1   9.0   02:06   ENE
27  36.4  53.0   16:56  17.6   05:49  28.6   0.0  0.00   1.0  10.0   15:57     S
28  44.1  57.0   14:51  27.2   06:54  20.9   0.0  0.00   1.0   9.0   13:16   NNW
29  44.1  56.8   14:25  37.3   22:41  20.9   0.0  0.01   1.8  15.0   18:38     N
30  37.9  50.8   11:52  30.7   23:57  27.1   0.0  0.00   2.5  19.0   12:02   NNE
31  34.2  42.7   15:19  27.0   23:36  30.8   0.0  0.00   1.1  10.0   12:54     S
----------------------------------------------------------------------------------
    41.9  72.8    21    15.4    20   716.1   0.0  1.97   1.6  27.0    14      NW

Max >=  80.0:  0
Max <=  32.0:  1
Min <=  32.0: 21
Min <=   0.0:  0
Max Rain: 0.76 on day 23
Days of Rain: 7 (>= 0.01 in)  4 (>= 0.10 in)  0 (>= 1.00 in)
Heat Base: 65.0  Cool Base: 65.0  Method: Integration