NOAA-Style Climate Reports

Select a Year or Month report
2018: Jan Feb Mar Apr May Jun Jul Aug Sep Oct Nov Dec
2017: Jan Feb Mar Apr May Jun Jul Aug Sep Oct Nov Dec
2016: Jan Feb Mar Apr May Jun Jul Aug Sep Oct Nov Dec
2015: Jan Feb Mar Apr May Jun Jul Aug Sep Oct Nov Dec
2014: Jan Feb Mar Apr May Jun Jul Aug Sep Oct Nov Dec
2013: Jan Feb Mar Apr May Jun Jul Aug Sep Oct Nov Dec

Report for 2016 April
                   Monthly Climatological Summary for Apr 2016

Name: bhmsweather   City: Broomfield   State: Colorado
Elevation: 5420 ft  Lat: N 39° 59' 02"   Lon: W 105° 59' 04"

                  Temperature (°F), Rain (in), Wind Speed (mph)

                                      Heat  Cool        Avg
    Mean                              Deg   Deg         Wind                 Dom
Day Temp  High   Time   Low    Time   Days  Days  Rain  Speed High   Time    Dir
----------------------------------------------------------------------------------
 1  37.7  52.9   16:33  23.0   07:08  27.3   0.0  0.00   1.0  14.0   14:50   NNE
 2  51.6  64.0   17:10  36.2   00:00  13.4   0.0  0.00   1.5  13.0   20:28    SW
 3  55.0  70.7   14:27  34.9   05:55  10.0   0.0  0.00   1.6  13.0   09:02   NNW
 4  56.9  72.1   14:17  41.3   05:36   8.1   0.0  0.00   0.8   7.0   10:42     S
 5  53.0  67.6   12:06  42.9   23:59  12.0   0.0  0.00   3.6  28.0   16:11   WNW
 6  56.7  71.9   16:03  37.6   05:29   8.3   0.0  0.00   3.7  21.0   09:58   WNW
 7  52.8  64.4   16:29  37.7   06:42  12.2   0.0  0.00   1.4  14.0   19:24   ENE
 8  51.9  66.8   15:23  36.4   06:51  13.1   0.0  0.00   1.0  11.0   12:47    NE
 9  55.6  75.9   14:15  39.9   04:23   9.4   0.0  0.00   2.1  17.0   14:05    NW
10  55.8  69.5   13:11  39.9   23:44   9.2   0.0  0.15   3.0  19.0   13:27     N
11  45.9  58.7   16:18  39.5   02:42  19.1   0.0  0.00   0.7   7.0   16:13     E
12  52.8  72.1   14:39  35.9   06:46  12.2   0.0  0.00   1.4  18.0   17:26   ENE
13  57.1  72.7   14:44  39.0   06:42   7.9   0.0  0.00   1.1  12.0   16:36     S
14  60.2  76.7   14:21  43.0   06:31   4.8   0.0  0.00   1.6  16.0   17:56     S
15  45.7  54.2   10:44  36.6   23:55  19.3   0.0  0.11   2.1  13.0   16:20    NE
16  33.5  36.6   00:00  32.7   23:58  31.5   0.0  1.38   2.3  19.0   10:22     N
17  34.2  38.3   14:50  31.4   05:28  30.8   0.0  0.27   1.1   9.0   13:41     N
18  36.7  44.0   16:22  32.3   05:52  28.3   0.0  0.00   0.9   9.0   18:34   SSW
19  41.2  50.0   14:34  31.8   02:03  23.8   0.0  0.00   1.1   8.0   14:38   SSE
20  45.9  57.5   14:40  34.1   05:06  19.1   0.0  0.00   0.9   7.0   12:00   SSW
21  52.2  65.9   15:55  36.1   06:08  12.8   0.0  0.00   1.0   9.0   13:12     E
22  58.4  78.5   15:20  37.1   06:17   6.6   0.0  0.00   1.0   9.0   16:03    SE
23  60.8  77.0   14:13  48.5   05:32   4.2   0.0  0.00   2.6  20.0   19:05   SSW
24  56.0  66.1   14:56  46.9   03:12   9.0   0.0  0.00   3.6  22.0   15:08     W
25  55.2  69.7   15:09  40.0   06:30   9.8   0.0  0.00   1.6  13.0   23:57     N
26  44.0  51.0   00:00  35.4   23:56  21.0   0.0  0.02   2.7  14.0   08:55   NNE
27  42.4  55.2   17:08  30.9   06:16  22.6   0.0  0.01   1.6  10.0   17:02   ENE
28  37.6  39.8   00:00  36.4   06:11  27.4   0.0  0.00   1.3   7.0   00:03   ENE
29  34.6  37.3   00:16  33.0   23:40  30.4   0.0  0.41   0.7   5.0   14:53   NNE
30  35.2  39.6   15:26  32.5   05:56  29.8   0.0  0.05   3.2  18.0   14:13   NNE
----------------------------------------------------------------------------------
    48.6  78.5    22    23.0     1   493.4   0.0  2.40   1.7  28.0     5       N

Max >=  80.0:  0
Max <=  32.0:  0
Min <=  32.0:  4
Min <=   0.0:  0
Max Rain: 1.38 on day 16
Days of Rain: 8 (>= 0.01 in)  5 (>= 0.10 in)  1 (>= 1.00 in)
Heat Base: 65.0  Cool Base: 65.0  Method: Integration