NOAA-Style Climate Reports

Select a Year or Month report
2018: Jan Feb Mar Apr May Jun Jul Aug Sep Oct Nov Dec
2017: Jan Feb Mar Apr May Jun Jul Aug Sep Oct Nov Dec
2016: Jan Feb Mar Apr May Jun Jul Aug Sep Oct Nov Dec
2015: Jan Feb Mar Apr May Jun Jul Aug Sep Oct Nov Dec
2014: Jan Feb Mar Apr May Jun Jul Aug Sep Oct Nov Dec
2013: Jan Feb Mar Apr May Jun Jul Aug Sep Oct Nov Dec

Report for 2016 May
                   Monthly Climatological Summary for May 2016

Name: bhmsweather   City: Broomfield   State: Colorado
Elevation: 5420 ft  Lat: N 39° 59' 02"   Lon: W 105° 59' 04"

                  Temperature (°F), Rain (in), Wind Speed (mph)

                                      Heat  Cool        Avg
    Mean                              Deg   Deg         Wind                 Dom
Day Temp  High   Time   Low    Time   Days  Days  Rain  Speed High   Time    Dir
----------------------------------------------------------------------------------
 1  36.5  45.0   17:17  33.1   07:17  28.5   0.0  0.09   1.0  10.0   04:02     N
 2  44.5  60.9   14:50  27.0   05:48  20.5   0.0  0.00   0.7   7.0   11:49   ESE
 3  53.9  68.4   15:05  36.5   06:10  11.1   0.0  0.00   1.8  14.0   10:21   NNE
 4  57.9  75.0   14:20  37.4   06:12   7.1   0.0  0.00   0.9  12.0   17:20    NE
 5  64.2  80.8   15:18  43.9   05:49   0.8   0.0  0.00   1.1  11.0   13:49   ESE
 6  63.1  81.1   14:06  48.7   06:07   1.9   0.0  0.00   1.5  13.0   19:39     N
 7  49.2  58.0   00:00  38.6   23:35  15.8   0.0  0.70   3.3  20.0   00:05     N
 8  47.5  64.2   14:41  35.4   06:05  17.5   0.0  0.00   1.2  13.0   16:41   NNE
 9  55.1  69.0   14:19  40.2   06:19   9.9   0.0  0.00   1.4  16.0   15:33    NW
10  55.4  66.3   14:53  46.9   23:19   9.6   0.0  0.00   1.8  20.0   01:28   ESE
11  50.8  63.4   15:22  39.6   06:03  14.2   0.0  0.00   1.0  10.0   12:04     E
12  55.2  71.4   14:32  36.9   06:06   9.8   0.0  0.00   0.8   7.0   12:34     E
13  57.7  71.1   10:41  47.3   01:35   7.3   0.0  0.00   1.7  13.0   11:14    NE
14  45.7  51.3   14:04  41.0   06:15  19.3   0.0  0.00   1.9  13.0   20:29   NNE
15  46.3  53.7   16:11  39.7   05:24  18.7   0.0  0.11   1.3  13.0   14:25     N
16  43.3  47.0   00:00  39.0   23:43  21.7   0.0  0.23   1.7  11.0   16:00   NNE
17  42.9  47.8   16:28  38.4   05:30  22.1   0.0  0.01   0.7   4.0   00:00   NNE
18  52.5  66.5   15:16  39.3   04:35  12.5   0.0  0.00   0.9   9.0   16:39   NNE
19  59.0  74.9   15:40  40.4   05:45   6.0   0.0  0.00   0.9  13.0   14:51   SSE
20  64.2  79.9   15:05  46.0   05:30   0.8   0.0  0.00   1.0  11.0   20:50    SE
21  65.4  81.6   14:51  50.7   06:20   0.0   0.4  0.00   1.4  13.0   15:09     N
22  60.9  74.7   14:40  50.7   02:47   4.1   0.0  0.00   1.3  10.0   16:24   NNE
23  56.1  66.8   12:47  45.5   06:07   8.9   0.0  0.00   1.4  14.0   13:35   SSE
24  56.3  68.8   12:33  43.6   05:55   8.7   0.0  0.20   0.7   7.0   12:37   NNE
25  58.9  72.3   14:54  44.3   05:27   6.1   0.0  0.00   1.0   9.0   23:28   ENE
26  53.4  64.6   10:41  47.1   04:54  11.6   0.0  0.00   0.9  14.0   14:50   NNE
27  53.5  63.5   13:05  47.6   04:57  11.5   0.0  0.00   1.7  18.0   11:08   NNE
28  56.6  73.1   14:58  40.7   05:58   8.4   0.0  0.00   0.8  12.0   15:34    SE
29  59.3  77.5   15:21  43.5   05:31   5.7   0.0  0.00   0.7  17.0   17:01    NE
30  61.1  79.9   13:09  44.5   05:53   3.9   0.0  0.00   0.9  18.0   14:37   NNE
31  57.4  67.7   13:40  48.8   07:17   7.6   0.0  0.00   1.4  19.0   00:57   NNE
----------------------------------------------------------------------------------
    54.3  81.6    21    27.0     2   331.6   0.4  1.34   1.3  20.0     7      NE

Max >=  80.0:  3
Max <=  32.0:  0
Min <=  32.0:  1
Min <=   0.0:  0
Max Rain: 0.70 on day 7
Days of Rain: 6 (>= 0.01 in)  4 (>= 0.10 in)  0 (>= 1.00 in)
Heat Base: 65.0  Cool Base: 65.0  Method: Integration