NOAA-Style Climate Reports

Select a Year or Month report
2018: Jan Feb Mar Apr May Jun Jul Aug Sep Oct Nov Dec
2017: Jan Feb Mar Apr May Jun Jul Aug Sep Oct Nov Dec
2016: Jan Feb Mar Apr May Jun Jul Aug Sep Oct Nov Dec
2015: Jan Feb Mar Apr May Jun Jul Aug Sep Oct Nov Dec
2014: Jan Feb Mar Apr May Jun Jul Aug Sep Oct Nov Dec
2013: Jan Feb Mar Apr May Jun Jul Aug Sep Oct Nov Dec

Report for 2016 June
                   Monthly Climatological Summary for Jun 2016

Name: bhmsweather   City: Broomfield   State: Colorado
Elevation: 5420 ft  Lat: N 39° 59' 02"   Lon: W 105° 59' 04"

                  Temperature (°F), Rain (in), Wind Speed (mph)

                                      Heat  Cool        Avg
    Mean                              Deg   Deg         Wind                 Dom
Day Temp  High   Time   Low    Time   Days  Days  Rain  Speed High   Time    Dir
----------------------------------------------------------------------------------
 1  60.5  74.0   15:29  48.7   04:32   4.5   0.0  0.53   1.0  11.0   16:16   NNE
 2  66.2  81.0   14:48  49.5   05:53   0.0   1.2  0.00   0.6   6.0   19:32   ESE
 3  68.5  79.0   15:04  58.0   02:40   0.0   3.5  0.00   0.8   8.0   09:08    NE
 4  67.1  77.7   14:51  58.7   04:59   0.0   2.1  0.00   0.9   8.0   10:57   NNE
 5  68.0  83.7   14:54  52.6   05:51   0.0   3.0  0.00   0.8  10.0   14:03   NNE
 6  67.0  84.2   15:07  54.1   05:42   0.0   2.0  0.01   0.8  20.0   16:38   ENE
 7  65.4  79.8   14:46  53.6   05:52   0.0   0.4  0.00   0.8   9.0   14:34     N
 8  67.8  82.0   15:01  54.5   06:30   0.0   2.8  0.00   0.7  10.0   16:51     N
 9  72.5  89.3   15:18  56.7   04:05   0.0   7.5  0.05   0.6  19.0   20:12   NNE
10  75.1  92.1   14:11  57.7   06:27   0.0  10.1  0.00   0.8  10.0   16:26     S
11  75.2  92.3   15:07  59.7   06:23   0.0  10.2  0.02   1.2   9.0   18:21    SE
12  69.9  85.3   15:51  59.6   06:25   0.0   4.9  0.01   0.6  19.0   18:01     N
13  63.8  75.0   14:44  57.5   06:43   1.2   0.0  0.10   0.6   9.0   16:44   NNE
14  67.7  81.5   14:08  50.9   06:28   0.0   2.7  0.00   1.0  14.0   14:15   NNW
15  72.7  88.9   15:21  54.5   06:17   0.0   7.7  0.00   0.8   9.0   16:40    NE
16  74.8  91.9   14:28  54.9   06:17   0.0   9.8  0.00   0.7   9.0   16:42    NE
17  75.9  88.1   15:05  32.0   09:09   0.0  10.9  0.00   0.8   8.0   13:03   NNE
18  76.1  90.6   15:38  61.8   05:54   0.0  11.1  0.00   1.1   8.0   01:30   SSE
19  80.0  97.6   14:55  63.5   06:25   0.0  15.0  0.00   0.9  10.0   00:28    NE
20  69.1  74.0   13:25  62.0   06:13   0.0   4.1  0.00   0.8  11.0   09:27   NNE
21  78.0  97.9   14:35  59.1   06:23   0.0  13.0  0.00   0.6   9.0   19:17     S
22  72.5  80.2   14:11  65.7   09:40   0.0   7.5  0.01   0.8  13.0   21:47    NW
23  72.5  90.8   14:47  59.0   06:03   0.0   7.5  0.01   0.7  18.0   17:08     N
24  73.4  89.6   14:02  59.4   06:19   0.0   8.4  0.00   0.5  10.0   16:23     S
25  71.1  84.9   14:43  64.6   05:22   0.0   6.1  0.00   0.5  10.0   15:26    NE
26  73.6  91.2   15:55  56.0   06:16   0.0   8.6  0.00   0.7   9.0   16:20   NNE
27  74.6  90.1   15:05  59.7   06:35   0.0   9.6  0.00   1.0  10.0   18:49   NNE
28  72.2  91.0   16:29  61.0   06:10   0.0   7.2  0.07   0.8  17.0   17:58   NNE
29  69.3  85.8   15:34  55.5   05:55   0.0   4.3  0.08   0.9  13.0   16:10   NNE
30  66.8  79.9   13:29  59.5   05:33   0.0   1.8  0.00   1.0  11.0   15:47     N
----------------------------------------------------------------------------------
    70.9  97.9    21    32.0    17     5.7 183.0  0.89   0.8  20.0     6     NNE

Max >=  80.0: 23
Max <=  32.0:  0
Min <=  32.0:  1
Min <=   0.0:  0
Max Rain: 0.53 on day 1
Days of Rain: 10 (>= 0.01 in)  2 (>= 0.10 in)  0 (>= 1.00 in)
Heat Base: 65.0  Cool Base: 65.0  Method: Integration