NOAA-Style Climate Reports

Select a Year or Month report
2018: Jan Feb Mar Apr May Jun Jul Aug Sep Oct Nov Dec
2017: Jan Feb Mar Apr May Jun Jul Aug Sep Oct Nov Dec
2016: Jan Feb Mar Apr May Jun Jul Aug Sep Oct Nov Dec
2015: Jan Feb Mar Apr May Jun Jul Aug Sep Oct Nov Dec
2014: Jan Feb Mar Apr May Jun Jul Aug Sep Oct Nov Dec
2013: Jan Feb Mar Apr May Jun Jul Aug Sep Oct Nov Dec

Report for 2016 July
                   Monthly Climatological Summary for Jul 2016

Name: bhmsweather   City: Broomfield   State: Colorado
Elevation: 5420 ft  Lat: N 39° 59' 02"   Lon: W 105° 59' 04"

                  Temperature (°F), Rain (in), Wind Speed (mph)

                                      Heat  Cool        Avg
    Mean                              Deg   Deg         Wind                 Dom
Day Temp  High   Time   Low    Time   Days  Days  Rain  Speed High   Time    Dir
----------------------------------------------------------------------------------
 1  66.9  77.1   13:43  60.9   06:06   0.0   1.9  0.04   0.6  12.0   18:39   NNE
 2  67.3  75.8   12:28  61.8   04:18   0.0   2.3  0.04   0.4   7.0   14:54    NW
 3  71.0  87.6   15:00  58.7   05:30   0.0   6.0  0.00   0.5  15.0   15:58   NNE
 4  76.6  91.0   15:16  60.2   05:01   0.0  11.6  0.00   0.8  11.0   15:54     S
 5  74.4  88.7   13:30  61.7   05:42   0.0   9.4  0.00   0.7  13.0   14:29    NE
 6  75.5  93.2   15:02  57.5   06:25   0.0  10.5  0.00   0.5   9.0   13:15     N
 7  73.3  86.5   15:58  60.4   05:35   0.0   8.3  0.00   0.7  13.0   02:12   NNE
 8  72.5  91.6   14:03  60.0   06:30   0.0   7.5  0.03   0.6  11.0   15:39    SE
 9  76.1  96.7   14:40  56.0   06:14   0.0  11.1  0.00   0.4   6.0   12:29     E
10  80.5  99.1   15:17  62.4   06:13   0.0  15.5  0.00   0.6  11.0   18:24    NE
11  74.0  85.9   15:41  61.5   06:36   0.0   9.0  0.00   0.8   9.0   20:49   SSE
12  74.2  91.1   15:39  56.8   06:03   0.0   9.2  0.00   0.7   6.0   00:24     E
13  74.7  90.2   15:19  58.5   06:35   0.0   9.7  0.00   0.6   9.0   09:23     E
14  71.4  84.9   14:55  56.9   06:26   0.0   6.4  0.00   0.9  10.0   09:39   NNE
15  70.2  88.6   12:53  57.6   06:12   0.0   5.2  0.05   1.0  14.0   14:04   NNE
16  72.5  91.8   15:48  58.7   06:32   0.0   7.5  0.00   0.7   8.0   18:13   NNE
17  75.1  90.3   14:08  61.7   06:44   0.0  10.1  0.00   1.0  16.0   20:12    NE
18  72.3  92.4   14:06  61.1   06:22   0.0   7.3  0.10   0.7  10.0   17:24   NNE
19  74.0  91.6   15:57  62.9   05:52   0.0   9.0  0.02   1.0  10.0   18:28   NNE
20  75.7  93.2   14:07  61.4   06:07   0.0  10.7  0.01   0.4  10.0   18:33   ENE
21  77.6  99.6   15:06  63.6   06:47   0.0  12.6  0.00   0.6  12.0   18:03     N
22  80.0  98.2   12:43  65.7   06:47   0.0  15.0  0.00   0.6   8.0   19:04   SSE
23  79.9 103.9   15:09  63.3   06:40   0.0  14.9  0.03   0.8   9.0   18:41   SSE
24  74.8  98.8   13:21  63.6   05:21   0.0   9.8  0.00   0.9  15.0   15:58   NNE
25  73.1  89.1   13:58  57.3   06:16   0.0   8.1  0.00   0.8  10.0   13:59   NNE
26  76.1  88.6   14:53  61.2   06:22   0.0  11.1  0.00   0.5  15.0   16:12    SW
27  74.4  89.8   15:01  59.1   06:30   0.0   9.4  0.00   0.9  11.0   09:17   NNE
28  71.8  84.2   14:56  59.8   06:04   0.0   6.8  0.00   1.4  14.0   12:44   NNE
29  73.3  84.9   18:02  64.9   06:18   0.0   8.3  0.00   0.8   8.0   20:39   NNE
30  74.2  91.7   15:44  59.5   06:11   0.0   9.2  0.00   0.8   9.0   07:42   NNE
31  74.1  90.5   11:25  61.5   05:56   0.0   9.1  0.00   0.6  16.0   15:57   NNE
----------------------------------------------------------------------------------
    74.1 103.9    23    56.0     9     0.0 282.5  0.32   0.7  16.0    17      NE

Max >=  80.0: 29
Max <=  32.0:  0
Min <=  32.0:  0
Min <=   0.0:  0
Max Rain: 0.10 on day 18
Days of Rain: 8 (>= 0.01 in)  1 (>= 0.10 in)  0 (>= 1.00 in)
Heat Base: 65.0  Cool Base: 65.0  Method: Integration