NOAA-Style Climate Reports

Select a Year or Month report
2018: Jan Feb Mar Apr May Jun Jul Aug Sep Oct Nov Dec
2017: Jan Feb Mar Apr May Jun Jul Aug Sep Oct Nov Dec
2016: Jan Feb Mar Apr May Jun Jul Aug Sep Oct Nov Dec
2015: Jan Feb Mar Apr May Jun Jul Aug Sep Oct Nov Dec
2014: Jan Feb Mar Apr May Jun Jul Aug Sep Oct Nov Dec
2013: Jan Feb Mar Apr May Jun Jul Aug Sep Oct Nov Dec

Report for 2016 August
                   Monthly Climatological Summary for Aug 2016

Name: bhmsweather   City: Broomfield   State: Colorado
Elevation: 5420 ft  Lat: N 39° 59' 02"   Lon: W 105° 59' 04"

                  Temperature (°F), Rain (in), Wind Speed (mph)

                                      Heat  Cool        Avg
    Mean                              Deg   Deg         Wind                 Dom
Day Temp  High   Time   Low    Time   Days  Days  Rain  Speed High   Time    Dir
----------------------------------------------------------------------------------
 1  76.9  96.0   14:44  59.3   05:54   0.0  11.9  0.00   0.7  12.0   15:45   NNE
 2  74.8  91.3   14:39  62.2   06:47   0.0   9.8  0.00   0.8  12.0   16:15    NE
 3  75.9  95.5   15:42  61.4   06:54   0.0  10.9  0.00   0.7   9.0   20:08    NE
 4  66.7  72.1   13:47  59.4   10:21   0.0   1.7  0.00   1.0  12.0   08:57     N
 5  65.9  73.4   14:50  59.6   06:22   0.0   0.9  0.01   0.7   8.0   17:06     N
 6  67.9  78.4   17:31  61.1   06:50   0.0   2.9  0.01   0.8  12.0   19:38     N
 7  71.6  86.9   14:58  58.9   04:55   0.0   6.6  0.00   0.6   8.0   19:00     E
 8  75.1  88.1   15:18  64.1   07:01   0.0  10.1  0.00   0.9   8.0   15:24     S
 9  75.6  94.7   15:06  58.4   06:41   0.0  10.6  0.00   0.7  10.0   16:41   NNE
10  74.2  91.7   12:51  57.8   06:40   0.0   9.2  0.00   0.6  15.0   18:56     N
11  72.9  88.4   13:37  60.3   05:35   0.0   7.9  0.00   0.7  13.0   18:43   NNE
12  68.3  82.3   14:53  54.2   05:59   0.0   3.3  0.00   0.6   8.0   13:31   NNE
13  70.9  87.2   14:24  53.6   06:08   0.0   5.9  0.00   0.9  11.0   18:56   NNE
14  73.1  89.6   15:09  57.9   06:12   0.0   8.1  0.00   0.7   6.0   21:45   ESE
15  73.4  93.2   14:41  56.0   06:47   0.0   8.4  0.00   0.8  17.0   16:25   NNE
16  70.6  89.4   14:42  56.0   06:59   0.0   5.6  0.36   0.9  10.0   16:01   NNE
17  71.7  88.0   14:47  55.5   06:49   0.0   6.7  0.00   0.4   6.0   13:18    NE
18  68.3  86.1   13:09  57.1   06:34   0.0   3.3  0.00   1.0  17.0   14:32   NNE
19  61.0  81.0   14:37  51.1   22:15   4.0   0.0  0.11   1.2  23.0   16:18   NNE
20  61.3  75.2   14:45  49.4   07:10   3.7   0.0  0.00   0.4   6.0   14:27   ENE
21  68.7  87.2   15:00  49.8   06:48   0.0   3.7  0.00   0.5   7.0   19:21   SSE
22  71.7  88.9   15:02  56.0   06:59   0.0   6.7  0.00   0.5  13.0   17:05   NNE
23  71.3  81.3   12:59  59.6   06:47   0.0   6.3  0.00   0.7   9.0   15:33   WNW
24  62.9  67.2   00:12  54.3   23:57   2.1   0.0  0.07   0.7   8.0   12:17   SSW
25  57.3  70.5   13:37  48.4   06:11   7.7   0.0  0.03   0.8  20.0   15:33     N
26  62.1  77.1   14:49  53.9   07:20   2.9   0.0  0.10   0.6   7.0   07:51   NNE
27  65.6  81.7   15:00  49.6   07:02   0.0   0.6  0.00   0.4   8.0   15:20    SE
28  69.5  87.1   14:50  58.0   05:46   0.0   4.5  0.00   0.4   7.0   18:29   NNE
29  67.2  82.8   13:32  60.2   23:56   0.0   2.2  0.01   1.1  12.0   18:11   NNE
30  66.3  82.1   14:00  52.7   06:47   0.0   1.3  0.00   0.6   9.0   19:23   NNE
31  64.3  76.4   14:24  54.1   06:40   0.7   0.0  0.00   0.6   6.0   09:40   NNE
----------------------------------------------------------------------------------
    69.1  96.0     1    48.4    25    21.1 149.1  0.70   0.7  23.0    19     NNE

Max >=  80.0: 23
Max <=  32.0:  0
Min <=  32.0:  0
Min <=   0.0:  0
Max Rain: 0.36 on day 16
Days of Rain: 8 (>= 0.01 in)  3 (>= 0.10 in)  0 (>= 1.00 in)
Heat Base: 65.0  Cool Base: 65.0  Method: Integration