NOAA-Style Climate Reports

Select a Year or Month report
2018: Jan Feb Mar Apr May Jun Jul Aug Sep Oct Nov Dec
2017: Jan Feb Mar Apr May Jun Jul Aug Sep Oct Nov Dec
2016: Jan Feb Mar Apr May Jun Jul Aug Sep Oct Nov Dec
2015: Jan Feb Mar Apr May Jun Jul Aug Sep Oct Nov Dec
2014: Jan Feb Mar Apr May Jun Jul Aug Sep Oct Nov Dec
2013: Jan Feb Mar Apr May Jun Jul Aug Sep Oct Nov Dec

Report for 2016 September
                   Monthly Climatological Summary for Sep 2016

Name: bhmsweather   City: Broomfield   State: Colorado
Elevation: 5420 ft  Lat: N 39° 59' 02"   Lon: W 105° 59' 04"

                  Temperature (°F), Rain (in), Wind Speed (mph)

                                      Heat  Cool        Avg
    Mean                              Deg   Deg         Wind                 Dom
Day Temp  High   Time   Low    Time   Days  Days  Rain  Speed High   Time    Dir
----------------------------------------------------------------------------------
 1  67.2  82.9   17:15  55.7   06:21   0.0   2.2  0.00   0.6  11.0   20:52   ENE
 2  69.5  80.9   15:23  61.4   06:41   0.0   4.5  0.00   0.5  10.0   09:12    NE
 3  68.5  84.5   12:56  55.6   07:20   0.0   3.5  0.00   0.7  14.0   14:55     N
 4  67.5  86.7   14:22  54.2   06:59   0.0   2.5  0.07   0.8   9.0   16:51   NNE
 5  69.1  94.0   14:41  51.3   07:05   0.0   4.1  0.00   0.9  11.0   16:31   NNE
 6  67.2  78.0   14:13  59.6   03:22   0.0   2.2  0.00   1.2  10.0   20:58     N
 7  69.2  88.8   14:30  56.8   07:17   0.0   4.2  0.00   0.5   9.0   00:13    NE
 8  70.6  92.7   14:22  53.0   07:01   0.0   5.6  0.00   0.6   6.0   00:16    SE
 9  61.9  73.8   14:35  49.8   23:57   3.1   0.0  0.00   1.2  16.0   17:09   NNE
10  59.5  78.3   16:32  42.5   07:05   5.5   0.0  0.00   0.4   5.0   12:54     E
11  69.5  88.3   14:36  51.7   05:08   0.0   4.5  0.00   0.6  16.0   12:16     N
12  64.3  72.3   01:30  54.3   23:58   0.7   0.0  0.06   0.8  10.0   15:03    NE
13  53.2  59.6   14:18  49.8   08:46  11.8   0.0  0.07   1.1  12.0   17:15     N
14  57.6  74.4   14:39  48.2   06:51   7.4   0.0  0.07   0.8  12.0   18:17     N
15  59.2  73.8   14:16  46.8   06:41   5.8   0.0  0.00   0.8  13.0   17:26   NNE
16  57.2  70.3   14:15  43.4   06:22   7.8   0.0  0.00   0.5   8.0   12:41    NE
17  60.5  77.1   14:07  46.5   06:02   4.5   0.0  0.00   0.5   6.0   11:27   NNE
18  68.4  86.0   13:48  47.8   06:43   0.0   3.4  0.00   0.5   8.0   15:24     N
19  70.0  87.3   14:18  52.5   07:11   0.0   5.0  0.00   0.5   6.0   13:35   SSE
20  70.3  85.9   14:29  54.6   06:25   0.0   5.3  0.00   0.3   5.0   18:52   SSE
21  71.5  83.2   14:16  60.5   23:54   0.0   6.5  0.00   0.6   8.0   08:54     N
22  62.0  70.4   16:06  53.6   06:00   3.0   0.0  0.00   0.8   8.0   01:59     N
23  64.6  85.9   14:33  51.6   06:33   0.4   0.0  0.00   1.2  13.0   18:12    NE
24  55.9  70.3   13:53  42.2   07:07   9.1   0.0  0.00   1.0  13.0   17:30    NW
25  55.3  67.2   13:57  47.8   06:03   9.7   0.0  0.00   0.6   6.0   11:35    SE
26  57.5  75.2   14:17  41.2   05:43   7.5   0.0  0.00   0.4   5.0   13:43   ENE
27  61.1  79.3   13:59  43.7   07:04   3.9   0.0  0.00   0.3   5.0   13:54   NNE
28  63.0  79.5   14:31  46.6   06:45   2.0   0.0  0.00   0.6   6.0   09:36   NNE
29  61.7  79.1   14:00  46.7   06:49   3.3   0.0  0.00   0.6   9.0   15:02     N
30  60.7  71.9   16:00  52.4   02:33   4.3   0.0  0.00   0.2   5.0   16:50   NNE
----------------------------------------------------------------------------------
    63.8  94.0     5    41.2    26    89.8  53.5  0.27   0.7  16.0     9     NNE

Max >=  80.0: 13
Max <=  32.0:  0
Min <=  32.0:  0
Min <=   0.0:  0
Max Rain: 0.07 on day 4
Days of Rain: 4 (>= 0.01 in)  0 (>= 0.10 in)  0 (>= 1.00 in)
Heat Base: 65.0  Cool Base: 65.0  Method: Integration