NOAA-Style Climate Reports

Select a Year or Month report
2018: Jan Feb Mar Apr May Jun Jul Aug Sep Oct Nov Dec
2017: Jan Feb Mar Apr May Jun Jul Aug Sep Oct Nov Dec
2016: Jan Feb Mar Apr May Jun Jul Aug Sep Oct Nov Dec
2015: Jan Feb Mar Apr May Jun Jul Aug Sep Oct Nov Dec
2014: Jan Feb Mar Apr May Jun Jul Aug Sep Oct Nov Dec
2013: Jan Feb Mar Apr May Jun Jul Aug Sep Oct Nov Dec

Report for 2016 October
                   Monthly Climatological Summary for Oct 2016

Name: bhmsweather   City: Broomfield   State: Colorado
Elevation: 5420 ft  Lat: N 39° 59' 02"   Lon: W 105° 59' 04"

                  Temperature (°F), Rain (in), Wind Speed (mph)

                                      Heat  Cool        Avg
    Mean                              Deg   Deg         Wind                 Dom
Day Temp  High   Time   Low    Time   Days  Days  Rain  Speed High   Time    Dir
----------------------------------------------------------------------------------
 1  62.2  78.6   14:21  46.9   07:22   2.8   0.0  0.00   0.4   7.0   19:33   SSE
 2  63.7  79.6   13:49  47.3   07:03   1.3   0.0  0.00   0.5   6.0   12:16    SE
 3  62.0  81.2   13:49  50.8   07:36   3.0   0.0  0.00   2.2  26.0   18:08   WSW
 4  53.8  63.9   13:57  44.1   23:46  11.2   0.0  0.00   2.0  15.0   15:45     W
 5  52.6  67.7   14:03  35.3   06:32  12.4   0.0  0.00   0.6   6.0   07:41   NNE
 6  45.5  52.8   00:00  38.0   23:56  19.5   0.0  0.28   0.8  12.0   11:52   NNE
 7  47.5  64.2   14:22  32.8   07:25  17.5   0.0  0.00   0.4   7.0   12:57   ESE
 8  53.1  72.2   14:20  37.1   07:47  11.9   0.0  0.00   0.3   5.0   11:59     E
 9  54.7  73.2   14:16  38.6   07:24  10.3   0.0  0.00   0.2   4.0   12:42   ENE
10  61.6  79.1   13:50  44.1   07:32   3.4   0.0  0.00   1.0  15.0   15:06   NNW
11  62.6  73.8   13:51  50.3   23:57   2.4   0.0  0.03   1.1  17.0   02:34     W
12  40.3  50.2   00:00  36.1   07:34  24.7   0.0  0.09   0.5  11.0   00:54    NE
13  54.7  75.1   15:51  39.5   00:26  10.3   0.0  0.01   0.4   8.0   15:30   NNE
14  62.5  77.7   16:16  46.5   06:52   2.5   0.0  0.00   0.4  10.0   19:48   NNW
15  67.8  82.3   14:06  54.1   23:08   0.0   2.8  0.00   0.9  11.0   04:44   WSW
16  62.9  83.9   14:03  46.0   07:52   2.1   0.0  0.00   0.8  11.0   19:14   ENE
17  55.6  80.4   13:58  42.8   07:55   9.4   0.0  0.00   2.0  23.0   13:11     W
18  51.2  63.0   14:08  40.4   07:42  13.8   0.0  0.00   1.5  13.0   22:24   NNE
19  46.8  60.1   13:43  35.5   23:51  18.2   0.0  0.00   1.1  13.0   16:19     N
20  43.2  58.4   14:15  30.5   04:47  21.8   0.0  0.00   0.6   7.0   10:56    SE
21  53.7  76.9   13:47  34.6   06:38  11.3   0.0  0.00   1.2  17.0   13:48    NW
22  59.8  80.9   14:00  36.5   06:30   5.2   0.0  0.00   1.2  16.0   10:17   WNW
23  53.9  68.9   14:08  43.5   07:37  11.1   0.0  0.00   0.6   7.0   17:18     N
24  57.3  78.3   13:52  40.5   06:24   7.7   0.0  0.00   0.5   7.0   13:02   ESE
25  58.8  71.3   14:14  46.5   01:55   6.2   0.0  0.00   1.7  19.0   15:54   WNW
26  54.2  71.8   13:56  39.3   07:08  10.8   0.0  0.00   0.6   8.0   12:57    SE
27  57.8  80.3   16:24  39.2   07:00   7.2   0.0  0.00   0.5   7.0   13:46    SE
28  63.2  79.4   15:23  52.3   00:56   1.8   0.0  0.00   0.4   9.0   11:09    NW
29  61.4  74.7   13:52  47.2   23:58   3.6   0.0  0.00   2.1  23.0   13:14   WNW
30  54.6  72.9   13:43  43.9   01:30  10.4   0.0  0.00   0.5   9.0   14:12   NNE
31  61.6  78.8   13:40  44.8   05:58   3.4   0.0  0.00   1.8  17.0   12:39   WNW
----------------------------------------------------------------------------------
    56.1  83.9    16    30.5    20   277.2   2.8  0.41   0.9  26.0     3      NW

Max >=  80.0:  6
Max <=  32.0:  0
Min <=  32.0:  1
Min <=   0.0:  0
Max Rain: 0.28 on day 6
Days of Rain: 4 (>= 0.01 in)  1 (>= 0.10 in)  0 (>= 1.00 in)
Heat Base: 65.0  Cool Base: 65.0  Method: Integration