NOAA-Style Climate Reports

Select a Year or Month report
2018: Jan Feb Mar Apr May Jun Jul Aug Sep Oct Nov Dec
2017: Jan Feb Mar Apr May Jun Jul Aug Sep Oct Nov Dec
2016: Jan Feb Mar Apr May Jun Jul Aug Sep Oct Nov Dec
2015: Jan Feb Mar Apr May Jun Jul Aug Sep Oct Nov Dec
2014: Jan Feb Mar Apr May Jun Jul Aug Sep Oct Nov Dec
2013: Jan Feb Mar Apr May Jun Jul Aug Sep Oct Nov Dec

Report for 2016 November
                   Monthly Climatological Summary for Nov 2016

Name: bhmsweather   City: Broomfield   State: Colorado
Elevation: 5420 ft  Lat: N 39° 59' 02"   Lon: W 105° 59' 04"

                  Temperature (°F), Rain (in), Wind Speed (mph)

                                      Heat  Cool        Avg
    Mean                              Deg   Deg         Wind                 Dom
Day Temp  High   Time   Low    Time   Days  Days  Rain  Speed High   Time    Dir
----------------------------------------------------------------------------------
 1  52.8  64.1   14:54  43.0   07:26  12.2   0.0  0.00   1.7  15.0   22:18   NNW
 2  50.1  60.4   13:48  41.1   23:59  14.9   0.0  0.00   1.0  14.0   01:24   NNE
 3  48.6  67.7   13:42  33.9   07:15  16.4   0.0  0.00   0.5   5.0   09:25   ESE
 4  49.6  68.1   14:02  33.5   07:06  15.4   0.0  0.00   0.4   8.0   16:50   NNE
 5  51.0  65.9   13:15  37.6   07:27  14.0   0.0  0.00   0.4   5.0   10:55    SE
 6  52.9  68.3   13:02  37.6   06:50  12.1   0.0  0.00   0.7   8.0   19:32    SE
 7  48.8  62.2   12:32  37.0   23:59  16.2   0.0  0.00   0.5   8.0   09:55    NE
 8  46.3  63.5   13:05  31.9   06:39  18.7   0.0  0.00   0.3   8.0   13:07     E
 9  49.0  69.1   12:58  32.6   06:36  16.0   0.0  0.00   0.3   5.0   11:29     E
10  50.7  69.2   12:33  35.3   06:35  14.3   0.0  0.00   1.0  12.0   11:37   NNE
11  45.6  58.9   15:00  32.3   06:36  19.4   0.0  0.00   0.6   8.0   21:33     N
12  47.1  67.3   12:57  31.5   06:22  17.9   0.0  0.00   0.3   5.0   12:28   ENE
13  51.9  66.7   13:03  38.1   23:58  13.1   0.0  0.00   0.7  10.0   14:22    NW
14  53.5  71.7   12:34  33.7   04:48  11.5   0.0  0.00   1.0  15.0   13:03   WNW
15  62.3  78.2   12:50  48.6   00:12   2.7   0.0  0.00   1.3  19.0   05:39     W
16  62.0  81.0   12:55  42.8   23:51   3.0   0.0  0.00   2.4  20.0   13:07    SW
17  33.2  42.8   00:00  22.3   23:58  31.8   0.0  0.23   1.3  12.0   16:39   NNE
18  25.2  33.9   15:18  17.6   05:57  39.8   0.0  0.00   0.4   5.0   14:00    SE
19  30.2  46.2   15:02  18.9   06:55  34.8   0.0  0.00   0.4   5.0   10:32   NNE
20  54.2  69.4   13:06  36.7   00:00  10.8   0.0  0.00   1.0  14.0   02:42     W
21  49.0  64.7   13:00  36.6   05:07  16.0   0.0  0.00   0.7   9.0   18:29   NNE
22  39.8  46.3   02:21  31.8   20:52  25.2   0.0  0.06   2.3  14.0   12:11   NNE
23  35.2  47.5   13:02  24.4   07:06  29.8   0.0  0.00   0.7   7.0   09:45   NNW
24  38.1  50.4   13:07  28.1   23:36  26.9   0.0  0.00   2.0  32.0   06:25     W
25  41.7  59.8   13:25  21.0   05:48  23.3   0.0  0.00   0.7   6.0   12:36   SSE
26  40.6  59.5   13:15  26.7   01:58  24.4   0.0  0.00   0.7   6.0   04:30    SE
27  41.4  51.3   11:20  30.9   06:20  23.6   0.0  0.00   2.8  21.0   13:45     W
28  37.4  45.9   12:43  26.8   23:52  27.6   0.0  0.00   1.5  17.0   07:25   WNW
29  31.3  43.0   13:28  21.2   03:27  33.7   0.0  0.00   1.0  10.0   13:25   NNE
30  28.8  41.6   12:36  17.9   06:19  36.2   0.0  0.00   1.0  14.0   15:07    NW
----------------------------------------------------------------------------------
    44.9  81.0    16    17.6    18   601.7   0.0  0.29   1.0  32.0    24      NW

Max >=  80.0:  1
Max <=  32.0:  0
Min <=  32.0: 14
Min <=   0.0:  0
Max Rain: 0.23 on day 17
Days of Rain: 2 (>= 0.01 in)  1 (>= 0.10 in)  0 (>= 1.00 in)
Heat Base: 65.0  Cool Base: 65.0  Method: Integration