NOAA-Style Climate Reports

Select a Year or Month report
2018: Jan Feb Mar Apr May Jun Jul Aug Sep Oct Nov Dec
2017: Jan Feb Mar Apr May Jun Jul Aug Sep Oct Nov Dec
2016: Jan Feb Mar Apr May Jun Jul Aug Sep Oct Nov Dec
2015: Jan Feb Mar Apr May Jun Jul Aug Sep Oct Nov Dec
2014: Jan Feb Mar Apr May Jun Jul Aug Sep Oct Nov Dec
2013: Jan Feb Mar Apr May Jun Jul Aug Sep Oct Nov Dec

Report for 2016 December
                   Monthly Climatological Summary for Dec 2016

Name: bhmsweather   City: Broomfield   State: Colorado
Elevation: 5420 ft  Lat: N 39° 59' 02"   Lon: W 105° 59' 04"

                  Temperature (°F), Rain (in), Wind Speed (mph)

                                      Heat  Cool        Avg
    Mean                              Deg   Deg         Wind                 Dom
Day Temp  High   Time   Low    Time   Days  Days  Rain  Speed High   Time    Dir
----------------------------------------------------------------------------------
 1  29.6  41.2   12:57  20.0   00:16  35.4   0.0  0.00   0.5   5.0   10:03   ENE
 2  27.1  32.6   10:35  20.3   03:36  37.9   0.0  0.02   0.6   7.0   01:11    NE
 3  27.7  40.6   15:02  16.7   04:07  37.3   0.0  0.00   0.7  12.0   15:53   NNW
 4  38.3  56.4   12:48  19.9   06:51  26.7   0.0  0.00   1.6  20.0   12:42     W
 5  39.7  53.3   09:44  23.3   23:44  25.3   0.0  0.00   3.6  21.0   11:05     W
 6  22.1  32.5   12:12  15.3   06:21  42.9   0.0  0.03   1.6  15.0   00:45   ESE
 7  10.2  18.2   00:00  -0.1   21:49  54.8   0.0  0.02   1.0  11.0   06:14    NE
 8   8.7  15.9   12:18   1.9   07:43  56.3   0.0  0.00   0.6   7.0   12:06   NNE
 9  25.5  51.1   12:40   5.7   03:43  39.5   0.0  0.00   1.5  21.0   11:23   NNW
10  38.9  59.2   14:40  19.7   03:39  26.1   0.0  0.00   1.8  16.0   18:56   NNW
11  32.6  41.0   00:00  23.6   23:42  32.4   0.0  0.11   0.9  10.0   16:15   ENE
12  31.5  42.2   13:33  21.3   07:24  33.5   0.0  0.00   1.1  10.0   20:27   NNE
13  36.2  48.4   13:44  25.0   06:36  28.8   0.0  0.00   2.5  19.0   02:13    NW
14  20.5  27.9   00:42  14.3   07:53  44.5   0.0  0.00   1.3  12.0   04:58    NE
15  38.4  66.6   14:33  15.7   03:25  26.6   0.0  0.00   2.3  23.0   13:03   WNW
16  29.9  54.9   00:00   5.8   23:56  35.1   0.0  0.23   2.3  19.0   00:16   NNE
17   0.1   5.8   00:00  -7.0   21:46  64.9   0.0  0.19   1.0   9.0   02:14   ENE
18   6.3  21.8   11:07  -6.0   00:02  58.7   0.0  0.00   0.8   9.0   12:48     N
19  29.4  46.7   15:47   3.8   06:11  35.6   0.0  0.00   1.1  16.0   22:46     W
20  48.9  58.1   15:50  40.2   00:51  16.1   0.0  0.00   3.1  24.0   03:30     W
21  41.5  54.9   01:18  31.1   23:54  23.5   0.0  0.00   2.3  24.0   04:45    SW
22  30.9  39.9   13:51  24.5   07:00  34.1   0.0  0.00   0.6   5.0   02:25   NNE
23  38.6  55.3   12:31  25.9   02:29  26.4   0.0  0.00   1.1  16.0   08:20     N
24  34.6  52.6   13:07  23.1   07:34  30.4   0.0  0.00   0.6   9.0   13:07   NNE
25  34.6  40.4   15:00  20.6   23:58  30.4   0.0  0.00   4.5  39.0   13:56   WNW
26  28.1  44.9   12:42  12.2   07:21  36.9   0.0  0.00   1.3  14.0   12:49    NW
27  38.7  55.8   15:42  19.5   04:38  26.3   0.0  0.00   3.0  24.0   20:15   WNW
28  45.0  52.5   10:51  28.1   23:49  20.0   0.0  0.00   4.4  24.0   02:58   WNW
29  31.0  48.7   23:59  18.4   07:21  34.0   0.0  0.00   1.3  13.0   22:39     N
30  54.1  68.2   12:42  39.7   23:59  10.9   0.0  0.00   3.9  22.0   11:00     W
31  28.9  45.8   00:47  21.6   22:50  36.1   0.0  0.00   1.1  18.0   00:51   NNE
----------------------------------------------------------------------------------
    30.6  68.2    30    -7.0    17  1067.4   0.0  0.60   1.7  39.0    25      NW

Max >=  80.0:  0
Max <=  32.0:  5
Min <=  32.0: 29
Min <=   0.0:  3
Max Rain: 0.23 on day 16
Days of Rain: 6 (>= 0.01 in)  3 (>= 0.10 in)  0 (>= 1.00 in)
Heat Base: 65.0  Cool Base: 65.0  Method: Integration